-- Table structure for table `semaphore`
--

CREATE TABLE `semaphore` (
  `name` varchar(255) CHARACTER SET ascii COLLATE ascii_general_ci NOT NULL DEFAULT '' COMMENT 'Primary Key: Unique name.',
  `value` varchar(255) CHARACTER SET ascii COLLATE ascii_general_ci NOT NULL DEFAULT '' COMMENT 'A value for the semaphore.',
  `expire` double NOT NULL COMMENT 'A Unix timestamp with microseconds indicating when the semaphore should expire.',
  PRIMARY KEY (`name`),
  KEY `value` (`value`),
  KEY `expire` (`expire`)
) ENGINE=InnoDB DEFAULT CHARSET=utf8mb4 COLLATE=utf8mb4_general_ci COMMENT='Table for holding semaphores, locks, flags, etc. that…';

--
-- Dumping data for table `semaphore`
--

set autocommit=0;
commit;

--
-- Table structure for table `sequences`
--

CREATE TABLE `sequences` (
  `value` int(10) unsigned NOT NULL AUTO_INCREMENT COMMENT 'The value of the sequence.',
  PRIMARY KEY (`value`)
) ENGINE=InnoDB AUTO_INCREMENT=85 DEFAULT CHARSET=utf8mb4 COLLATE=utf8mb4_general_ci COMMENT='Stores IDs.';

--
-- Dumping data for table `sequences`
--

set autocommit=0;
INSERT INTO `sequences` VALUES
(84);
commit;

--
-- Table structure for table `sessions`
--

CREATE TABLE `sessions` (
  `uid` int(10) unsigned NOT NULL COMMENT 'The "users".uid corresponding to a session, or 0 for anonymous user.',
  `sid` varchar(128) CHARACTER SET ascii COLLATE ascii_general_ci NOT NULL COMMENT 'A session ID (hashed). The value is generated by Drupal''s session handlers.',
  `hostname` varchar(128) CHARACTER SET ascii COLLATE ascii_general_ci NOT NULL DEFAULT '' COMMENT 'The IP address that last used this session ID (sid).',
  `timestamp` bigint(20) NOT NULL DEFAULT 0 COMMENT 'The Unix timestamp when this session last requested a page. Old records are purged by PHP automatically.',
  `session` longblob DEFAULT NULL COMMENT 'The serialized contents of $_SESSION, an array of name/value pairs that persists across page requests by this session ID. Drupal loads $_SESSION from here at the start of each request and saves it at the end.',
  PRIMARY KEY (`sid`),
  KEY `timestamp` (`timestamp`),
  KEY `uid` (`uid`)
) ENGINE=InnoDB DEFAULT CHARSET=utf8mb4 COLLATE=utf8mb4_general_ci COMMENT='Drupal''s session handlers read and write into the sessions…';

--
-- Dumping data for table `sessions`
--

set autocommit=0;
INSERT INTO `sessions` VALUES
(1,'irB0LGBfPgmsW9Kycdm_X3xFt8upFdkJIKDC4iDi6yc','24.128.151.61',1756175639,'_sf2_attributes|a:1:{s:3:\"uid\";s:1:\"1\";}_sf2_meta|a:4:{s:1:\"u\";i:1756175639;s:1:\"c\";i:1756174894;s:1:\"l\";i:2000000;s:1:\"s\";s:43:\"J1okITa-MoQPVQ4iCckqf9u9B7f8CHa2vYndO50gxgQ\";}'),
(1,'KKNVwiEOSPsrv5Rh_-KeWJzPkV4f5coRyKxrahsY_t0','24.128.151.61',1756867764,'_sf2_attributes|a:1:{s:3:\"uid\";s:1:\"1\";}_sf2_meta|a:4:{s:1:\"u\";i:1756867746;s:1:\"c\";i:1756864321;s:1:\"l\";i:2000000;s:1:\"s\";s:43:\"gmPQd4_36Xdp2dGK9mryC3OlOBxlcqaf2je0pdAXBpM\";}'),
(1,'QQtP9RjuzeyxWoVe9NDk4TR_l-wLvQV1XzSz5lFNxMM','24.128.151.61',1756864317,'_sf2_attributes|a:1:{s:3:\"uid\";s:1:\"1\";}_sf2_meta|a:4:{s:1:\"u\";i:1756864320;s:1:\"c\";i:1756864320;s:1:\"l\";i:2000000;s:1:\"s\";s:43:\"BJApb4IQGsaUuXr-8yR68bkaOX0AVCECXUP9TQKjOng\";}'),
(726,'SYpXyh-4B5bT1SwyaXcGsGin6KUOzFFMNnP3eFGzWuk','50.4.5.21',1653105730,'_sf2_attributes|a:1:{s:3:\"uid\";s:3:\"726\";}_sf2_meta|a:4:{s:1:\"u\";i:1653105731;s:1:\"c\";i:1653105731;s:1:\"l\";i:2000000;s:1:\"s\";s:43:\"lHKRIfOP_39uPz4mzDsDxUS3JbtMWyiWeEKsL4mvabM\";}'),
(1,'TAiN38V0MIqADXqyX4c_75rm0oEJKX2pDV_fL0xwZ78','24.128.151.61',1756864300,'_sf2_attributes|a:1:{s:3:\"uid\";s:1:\"1\";}_sf2_meta|a:4:{s:1:\"u\";i:1756864304;s:1:\"c\";i:1756699070;s:1:\"l\";i:2000000;s:1:\"s\";s:43:\"5zB6X6lMput-QhzjVmhMYXjffBIQ4wyaKKaWwmbT9Eo\";}'),
(1,'vVKathPJHpl53alILKCV7tVdghcNB2G2LIbOPmp5iK8','24.128.151.61',1755135074,'_sf2_attributes|a:1:{s:3:\"uid\";s:1:\"1\";}_sf2_meta|a:4:{s:1:\"u\";i:1755135053;s:1:\"c\";i:1755134087;s:1:\"l\";i:2000000;s:1:\"s\";s:43:\"JSLZX20JiU2OsyDjEAl8BLTQvk4KZM7PwjZ1ur4ONME\";}');
commit;

--
-- Table structure for table `shortcut`
--

CREATE TABLE `shortcut` (
  `id` int(10) unsigned NOT NULL AUTO_INCREMENT,
  `shortcut_set` varchar(32) CHARACTER SET ascii COLLATE ascii_general_ci NOT NULL COMMENT 'The ID of the target entity.',
  `uuid` varchar(128) CHARACTER SET ascii COLLATE ascii_general_ci NOT NULL,
  `langcode` varchar(12) CHARACTER SET ascii COLLATE ascii_general_ci NOT NULL,
  PRIMARY KEY (`id`),
  UNIQUE KEY `shortcut_field__uuid__value` (`uuid`),
  KEY `shortcut_field__shortcut_set__target_id` (`shortcut_set`)
) ENGINE=InnoDB AUTO_INCREMENT=4 DEFAULT CHARSET=utf8mb4 COLLATE=utf8mb4_general_ci COMMENT='The base table for shortcut entities.';

--
-- Dumping data for table `shortcut`
--

set autocommit=0;
INSERT INTO `shortcut` VALUES
(1,'default','3d18d057-4749-402b-867a-9cfcc785446e','en'),
(2,'default','8a5cde51-de27-4e99-ae38-31db6d624681','en'),
(3,'default','dc124e57-a6f5-415f-8a30-8cd69d06e63e','en');
commit;

--
-- Table structure for table `shortcut_field_data`
--

CREATE TABLE `shortcut_field_data` (
  `id` int(10) unsigned NOT NULL,
  `shortcut_set` varchar(32) CHARACTER SET ascii COLLATE ascii_general_ci NOT NULL COMMENT 'The ID of the target entity.',
  `langcode` varchar(12) CHARACTER SET ascii COLLATE ascii_general_ci NOT NULL,
  `title` varchar(255) DEFAULT NULL,
  `weight` int(11) DEFAULT NULL,
  `link__uri` varchar(2048) DEFAULT NULL COMMENT 'The URI of the link.',
  `link__title` varchar(255) DEFAULT NULL COMMENT 'The link text.',
  `link__options` longblob DEFAULT NULL COMMENT 'Serialized array of options for the link.',
  `default_langcode` tinyint(4) NOT NULL,
  PRIMARY KEY (`id`,`langcode`),
  KEY `shortcut__id__default_langcode__langcode` (`id`,`default_langcode`,`langcode`),
  KEY `shortcut_field__shortcut_set__target_id` (`shortcut_set`),
  KEY `shortcut_field__link__uri` (`link__uri`(30))
) ENGINE=InnoDB DEFAULT CHARSET=utf8mb4 COLLATE=utf8mb4_general_ci COMMENT='The data table for shortcut entities.';

--
-- Dumping data for table `shortcut_field_data`
--

set autocommit=0;
INSERT INTO `shortcut_field_data` VALUES
(1,'default','en','Add content',-10,'internal:/node/add',NULL,'a:0:{}',1),
(2,'default','en','All content',-8,'internal:/admin/content',NULL,'a:0:{}',1),
(3,'default','en','Views',-9,'internal:/admin/structure/views','','a:0:{}',1);
commit;

--
-- Table structure for table `shortcut_set_users`
--

CREATE TABLE `shortcut_set_users` (
  `uid` int(10) unsigned NOT NULL DEFAULT 0 COMMENT 'The "users".uid for this set.',
  `set_name` varchar(32) CHARACTER SET ascii COLLATE ascii_general_ci NOT NULL DEFAULT '' COMMENT 'The "shortcut_set".set_name that will be displayed for this user.',
  PRIMARY KEY (`uid`),
  KEY `set_name` (`set_name`)
) ENGINE=InnoDB DEFAULT CHARSET=utf8mb4 COLLATE=utf8mb4_general_ci COMMENT='Maps users to shortcut sets.';

--
-- Dumping data for table `shortcut_set_users`
--

set autocommit=0;
commit;

--
-- Table structure for table `simple_sitemap`
--

CREATE TABLE `simple_sitemap` (
  `id` int(10) unsigned NOT NULL AUTO_INCREMENT COMMENT 'Sitemap chunk unique identifier.',
  `type` varchar(50) NOT NULL DEFAULT '' COMMENT 'Type of sitemap this chunk belongs to.',
  `delta` int(10) unsigned NOT NULL COMMENT 'Delta of the chunk within the type scope.',
  `sitemap_string` longtext NOT NULL COMMENT 'XML sitemap chunk string.',
  `sitemap_created` int(10) unsigned NOT NULL DEFAULT 0 COMMENT 'Timestamp of sitemap chunk generation.',
  `status` tinyint(3) unsigned NOT NULL DEFAULT 0 COMMENT 'Flag indicating the publishing status of the chunk.',
  `link_count` int(10) unsigned NOT NULL DEFAULT 0 COMMENT 'The number of links in the sitemap.',
  PRIMARY KEY (`id`),
  KEY `type_status_delta` (`type`,`status`,`delta`)
) ENGINE=InnoDB AUTO_INCREMENT=1713 DEFAULT CHARSET=utf8mb4 COLLATE=utf8mb4_general_ci COMMENT='Holds XML sitemaps as strings for quick retrieval.';

--
-- Dumping data for table `simple_sitemap`
--

set autocommit=0;
commit;

--
-- Table structure for table `simple_sitemap_entity_overrides`
--

CREATE TABLE `simple_sitemap_entity_overrides` (
  `id` int(10) unsigned NOT NULL AUTO_INCREMENT COMMENT 'Override unique identifier.',
  `type` varchar(50) NOT NULL COMMENT 'Type of sitemap this override belongs to.',
  `entity_type` varchar(32) NOT NULL COMMENT 'Entity type of the overriding entity.',
  `entity_id` varchar(32) NOT NULL COMMENT 'ID of the overriding entity.',
  `inclusion_settings` blob DEFAULT NULL COMMENT 'Setting for the overriding entity.',
  PRIMARY KEY (`id`),
  KEY `entity_key` (`type`,`entity_type`,`entity_id`)
) ENGINE=InnoDB DEFAULT CHARSET=utf8mb4 COLLATE=utf8mb4_general_ci COMMENT='Holds sitemap settings overridden by entities.';

--
-- Dumping data for table `simple_sitemap_entity_overrides`
--

set autocommit=0;
commit;

--
-- Table structure for table `taxonomy_index`
--

CREATE TABLE `taxonomy_index` (
  `nid` int(10) unsigned NOT NULL DEFAULT 0 COMMENT 'The "node".nid this record tracks.',
  `tid` int(10) unsigned NOT NULL DEFAULT 0 COMMENT 'The term ID.',
  `status` int(11) NOT NULL DEFAULT 1 COMMENT 'Boolean indicating whether the node is published (visible to non-administrators).',
  `sticky` tinyint(4) DEFAULT 0 COMMENT 'Boolean indicating whether the node is sticky.',
  `created` int(11) NOT NULL DEFAULT 0 COMMENT 'The Unix timestamp when the node was created.',
  PRIMARY KEY (`nid`,`tid`),
  KEY `term_node` (`tid`,`status`,`sticky`,`created`)
) ENGINE=InnoDB DEFAULT CHARSET=utf8mb4 COLLATE=utf8mb4_general_ci COMMENT='Maintains denormalized information about node/term…';

--
-- Dumping data for table `taxonomy_index`
--

set autocommit=0;
INSERT INTO `taxonomy_index` VALUES
(236,42,1,0,1473192000),
(239,42,1,0,1473796800),
(240,42,1,0,1474401600),
(241,42,1,0,1475006400),
(242,42,1,0,1475006401),
(243,42,1,0,1475611200),
(248,42,1,0,1476216000),
(250,42,1,0,1476820800),
(251,42,1,0,1477425600),
(253,42,1,0,1478030400),
(254,42,1,0,1478638800),
(255,42,1,0,1479243600),
(256,42,1,0,1479848400),
(257,42,1,0,1480453200),
(258,42,1,0,1481058000),
(259,42,1,0,1481662800),
(276,42,1,0,1482267600),
(277,42,1,0,1482872400),
(278,42,1,0,1483477200),
(279,42,1,0,1484082000),
(343,42,1,0,1484686800),
(344,42,1,0,1485291600),
(347,42,1,0,1485896400),
(348,42,1,0,1486501200),
(350,42,1,0,1493755200),
(469,42,1,0,1569960000),
(494,42,1,0,1578438000),
(324,43,1,0,1469048400),
(329,43,1,0,1469059200),
(341,43,1,0,1469223000),
(389,43,1,0,1469736000),
(390,43,1,0,1469739600),
(392,43,1,0,1469826000),
(424,43,1,0,1470949200),
(429,43,1,0,1471204800),
(431,43,1,0,1471204800),
(447,43,1,0,1471982400),
(236,43,1,0,1473192000),
(255,43,1,0,1479243600),
(270,43,1,0,1480183200),
(348,43,1,0,1486501200),
(520,43,1,0,1589142600),
(324,44,1,0,1469048400),
(325,44,1,0,1469052000),
(326,44,1,0,1469053800),
(327,44,1,0,1469055600),
(328,44,1,0,1469057400),
(329,44,1,0,1469059200),
(330,44,1,0,1469061000),
(333,44,1,0,1469138400),
(334,44,1,0,1469140200),
(337,44,1,0,1469145600),
(338,44,1,0,1469147400),
(341,44,1,0,1469223000),
(342,44,1,0,1469307600),
(383,44,1,0,1469311200),
(385,44,1,0,1469394000),
(386,44,1,0,1469563200),
(388,44,1,0,1469649600),
(390,44,1,0,1469739600),
(391,44,1,0,1469822400),
(393,44,1,0,1469908800),
(394,44,1,0,1469916000),
(396,44,1,0,1470081600),
(397,44,1,0,1470168000),
(398,44,1,0,1470171600),
(399,44,1,0,1470254400),
(400,44,1,0,1470258000),
(401,44,1,0,1470340800),
(408,44,1,0,1470430800),
(409,44,1,0,1470513600),
(410,44,1,0,1470517200),
(412,44,1,0,1470600000),
(414,44,1,0,1470686400),
(416,44,1,0,1470780000),
(424,44,1,0,1470949200),
(426,44,1,0,1471032000),
(427,44,1,0,1471035600),
(429,44,1,0,1471204800),
(432,44,1,0,1471291200),
(433,44,1,0,1471294800),
(434,44,1,0,1471377600),
(435,44,1,0,1471384800),
(436,44,1,0,1471464000),
(437,44,1,0,1471471200),
(439,44,1,0,1471557600),
(440,44,1,0,1471636800),
(441,44,1,0,1471644000),
(444,44,1,0,1471809600),
(445,44,1,0,1471816800),
(446,44,1,0,1471896000),
(447,44,1,0,1471982400),
(236,44,1,0,1473192000),
(239,44,1,0,1473796800),
(244,44,1,0,1474131600),
(240,44,1,0,1474401600),
(245,44,1,0,1474736400),
(242,44,1,0,1475006401),
(247,44,1,0,1475341200),
(243,44,1,0,1475611200),
(261,44,1,0,1475946000),
(248,44,1,0,1476216000),
(262,44,1,0,1476550800),
(263,44,1,0,1477155600),
(251,44,1,0,1477425600),
(253,44,1,0,1478030400),
(255,44,1,0,1479243600),
(269,44,1,0,1479578400),
(257,44,1,0,1480453200),
(260,44,1,0,1480701600),
(276,44,1,0,1482267600),
(277,44,1,0,1482872400),
(278,44,1,0,1483477200),
(279,44,1,0,1484082000),
(301,44,1,0,1485626400),
(347,44,1,0,1485896400),
(302,44,1,0,1486231200),
(348,44,1,0,1486501200),
(303,44,1,0,1486836000),
(309,44,1,0,1489867200),
(310,44,1,0,1490472000),
(311,44,1,0,1491076800),
(312,44,1,0,1491681600),
(350,44,1,0,1493755200),
(315,44,1,0,1494100800),
(316,44,1,0,1494705600),
(372,44,1,0,1506196800),
(377,44,1,0,1509825600),
(353,44,1,0,1542505790),
(362,44,1,0,1544496779),
(370,44,1,0,1547868351),
(371,44,1,0,1547871701),
(419,44,1,0,1553284800),
(430,44,1,0,1556314741),
(453,44,1,0,1562442300),
(454,44,1,0,1562974140),
(457,44,1,0,1565384400),
(459,44,1,0,1566777000),
(462,44,1,0,1567201320),
(464,44,1,0,1568247600),
(465,44,1,0,1569272400),
(466,44,1,0,1569366000),
(468,44,1,0,1569693600),
(469,44,1,0,1569960000),
(472,44,1,0,1570222800),
(474,44,1,0,1570827600),
(475,44,1,0,1571436000),
(476,44,1,0,1571605200),
(477,44,1,0,1572026400),
(478,44,1,0,1572562800),
(479,44,1,0,1573079400),
(481,44,1,0,1573849800),
(482,44,1,0,1574460000),
(484,44,1,0,1575241200),
(485,44,1,0,1576105200),
(486,44,1,0,1576447200),
(487,44,1,0,1576962000),
(488,44,1,0,1577487600),
(489,44,1,0,1578009600),
(490,44,1,0,1578083400),
(491,44,1,0,1578168000),
(492,44,1,0,1578250800),
(494,44,1,0,1578438000),
(495,44,1,0,1578513600),
(496,44,1,0,1579384800),
(497,44,1,0,1579647600),
(498,44,1,0,1579903200),
(501,44,1,0,1581103800),
(502,44,1,0,1581375600),
(504,44,1,0,1582315200),
(505,44,1,0,1582754400),
(506,44,1,0,1582920000),
(507,44,1,0,1583276400),
(508,44,1,0,1583532000),
(509,44,1,0,1584129600),
(511,44,1,0,1585341000),
(512,44,1,0,1585688400),
(513,44,1,0,1586289600),
(514,44,1,0,1586556000),
(515,44,1,0,1586984400),
(516,44,1,0,1587412800),
(517,44,1,0,1587758400),
(524,44,1,0,1591045200),
(525,44,1,0,1591817400),
(526,44,1,0,1592429400),
(527,44,1,0,1593203400),
(528,44,1,0,1593810000),
(529,44,1,0,1594501200),
(532,44,1,0,1596297600),
(533,44,1,0,1596830400),
(534,44,1,0,1597525200),
(535,44,1,0,1598198400),
(240,47,1,0,1474401600),
(243,47,1,0,1475611200),
(250,47,1,0,1476820800),
(253,47,1,0,1478030400),
(258,47,1,0,1481058000),
(276,47,1,0,1482267600),
(277,47,1,0,1482872400),
(347,47,1,0,1485896400),
(348,47,1,0,1486501200),
(350,47,1,0,1493755200),
(469,47,1,0,1569960000),
(236,48,1,0,1473192000),
(239,48,1,0,1473796800),
(240,48,1,0,1474401600),
(241,48,1,0,1475006400),
(242,48,1,0,1475006401),
(243,48,1,0,1475611200),
(248,48,1,0,1476216000),
(250,48,1,0,1476820800),
(251,48,1,0,1477425600),
(253,48,1,0,1478030400),
(254,48,1,0,1478638800),
(255,48,1,0,1479243600),
(256,48,1,0,1479848400),
(258,48,1,0,1481058000),
(259,48,1,0,1481662800),
(343,48,1,0,1484686800),
(344,48,1,0,1485291600),
(347,48,1,0,1485896400),
(348,48,1,0,1486501200),
(350,48,1,0,1493755200),
(469,48,1,0,1569960000),
(236,49,1,0,1473192000),
(239,49,1,0,1473796800),
(240,49,1,0,1474401600),
(241,49,1,0,1475006400),
(242,49,1,0,1475006401),
(243,49,1,0,1475611200),
(248,49,1,0,1476216000),
(250,49,1,0,1476820800),
(251,49,1,0,1477425600),
(253,49,1,0,1478030400),
(254,49,1,0,1478638800),
(255,49,1,0,1479243600),
(256,49,1,0,1479848400),
(257,49,1,0,1480453200),
(258,49,1,0,1481058000),
(259,49,1,0,1481662800),
(276,49,1,0,1482267600),
(277,49,1,0,1482872400),
(278,49,1,0,1483477200),
(279,49,1,0,1484082000),
(343,49,1,0,1484686800),
(344,49,1,0,1485291600),
(347,49,1,0,1485896400),
(348,49,1,0,1486501200),
(350,49,1,0,1493755200),
(469,49,1,0,1569960000),
(236,50,1,0,1473192000),
(239,50,1,0,1473796800),
(240,50,1,0,1474401600),
(241,50,1,0,1475006400),
(242,50,1,0,1475006401),
(243,50,1,0,1475611200),
(248,50,1,0,1476216000),
(250,50,1,0,1476820800),
(251,50,1,0,1477425600),
(253,50,1,0,1478030400),
(254,50,1,0,1478638800),
(255,50,1,0,1479243600),
(256,50,1,0,1479848400),
(257,50,1,0,1480453200),
(258,50,1,0,1481058000),
(259,50,1,0,1481662800),
(276,50,1,0,1482267600),
(277,50,1,0,1482872400),
(278,50,1,0,1483477200),
(279,50,1,0,1484082000),
(343,50,1,0,1484686800),
(344,50,1,0,1485291600),
(347,50,1,0,1485896400),
(348,50,1,0,1486501200),
(350,50,1,0,1493755200),
(469,50,1,0,1569960000),
(236,51,1,0,1473192000),
(239,51,1,0,1473796800),
(240,51,1,0,1474401600),
(241,51,1,0,1475006400),
(242,51,1,0,1475006401),
(243,51,1,0,1475611200),
(248,51,1,0,1476216000),
(250,51,1,0,1476820800),
(251,51,1,0,1477425600),
(253,51,1,0,1478030400),
(254,51,1,0,1478638800),
(255,51,1,0,1479243600),
(256,51,1,0,1479848400),
(257,51,1,0,1480453200),
(258,51,1,0,1481058000),
(259,51,1,0,1481662800),
(276,51,1,0,1482267600),
(277,51,1,0,1482872400),
(278,51,1,0,1483477200),
(279,51,1,0,1484082000),
(343,51,1,0,1484686800),
(344,51,1,0,1485291600),
(347,51,1,0,1485896400),
(348,51,1,0,1486501200),
(350,51,1,0,1493755200),
(469,51,1,0,1569960000),
(236,52,1,0,1473192000),
(239,52,1,0,1473796800),
(240,52,1,0,1474401600),
(241,52,1,0,1475006400),
(242,52,1,0,1475006401),
(243,52,1,0,1475611200),
(248,52,1,0,1476216000),
(250,52,1,0,1476820800),
(251,52,1,0,1477425600),
(253,52,1,0,1478030400),
(254,52,1,0,1478638800),
(255,52,1,0,1479243600),
(256,52,1,0,1479848400),
(257,52,1,0,1480453200),
(258,52,1,0,1481058000),
(259,52,1,0,1481662800),
(276,52,1,0,1482267600),
(277,52,1,0,1482872400),
(278,52,1,0,1483477200),
(279,52,1,0,1484082000),
(343,52,1,0,1484686800),
(344,52,1,0,1485291600),
(347,52,1,0,1485896400),
(348,52,1,0,1486501200),
(350,52,1,0,1493755200),
(469,52,1,0,1569960000),
(278,53,1,0,1483477200),
(236,56,1,0,1473192000),
(255,56,1,0,1479243600),
(257,56,1,0,1480453200),
(276,56,1,0,1482267600),
(277,56,1,0,1482872400),
(279,56,1,0,1484082000),
(347,56,1,0,1485896400),
(350,56,1,0,1493755200),
(257,58,1,0,1480453200),
(277,58,1,0,1482872400),
(239,62,1,0,1473796800),
(240,62,1,0,1474401600),
(241,62,1,0,1475006400),
(242,62,1,0,1475006401),
(243,62,1,0,1475611200),
(248,62,1,0,1476216000),
(250,62,1,0,1476820800),
(251,62,1,0,1477425600),
(253,62,1,0,1478030400),
(254,62,1,0,1478638800),
(256,62,1,0,1479848400),
(258,62,1,0,1481058000),
(259,62,1,0,1481662800),
(343,62,1,0,1484686800),
(344,62,1,0,1485291600),
(348,62,1,0,1486501200),
(469,62,1,0,1569960000),
(239,63,1,0,1473796800),
(242,63,1,0,1475006401),
(254,63,1,0,1478638800),
(259,63,1,0,1481662800),
(348,63,1,0,1486501200),
(350,63,1,0,1493755200),
(243,64,1,0,1475611200),
(253,64,1,0,1478030400),
(347,64,1,0,1485896400),
(469,64,1,0,1569960000),
(236,65,1,0,1473192000),
(241,65,1,0,1475006400),
(255,65,1,0,1479243600),
(257,65,1,0,1480453200),
(258,65,1,0,1481058000),
(240,66,1,0,1474401600),
(248,66,1,0,1476216000),
(250,66,1,0,1476820800),
(251,66,1,0,1477425600),
(256,66,1,0,1479848400),
(276,66,1,0,1482267600),
(277,66,1,0,1482872400),
(278,66,1,0,1483477200),
(279,66,1,0,1484082000),
(343,66,1,0,1484686800),
(344,66,1,0,1485291600),
(239,67,1,0,1473796800),
(241,67,1,0,1475006400),
(242,67,1,0,1475006401),
(248,67,1,0,1476216000),
(250,67,1,0,1476820800),
(253,67,1,0,1478030400),
(256,67,1,0,1479848400),
(258,67,1,0,1481058000),
(259,67,1,0,1481662800),
(343,67,1,0,1484686800),
(344,67,1,0,1485291600),
(347,67,1,0,1485896400),
(348,67,1,0,1486501200),
(350,67,1,0,1493755200),
(469,67,1,0,1569960000),
(236,68,1,0,1473192000),
(243,68,1,0,1475611200),
(251,68,1,0,1477425600),
(254,68,1,0,1478638800),
(276,68,1,0,1482267600),
(255,69,1,0,1479243600),
(277,69,1,0,1482872400),
(278,69,1,0,1483477200),
(279,69,1,0,1484082000),
(240,70,1,0,1474401600),
(257,70,1,0,1480453200),
(250,71,1,0,1476820800),
(254,71,1,0,1478638800),
(279,71,1,0,1484082000),
(239,72,1,0,1473796800),
(243,72,1,0,1475611200),
(248,73,1,0,1476216000),
(243,74,1,0,1475611200),
(248,74,1,0,1476216000),
(253,74,1,0,1478030400),
(243,75,1,0,1475611200),
(257,75,1,0,1480453200),
(278,75,1,0,1483477200),
(279,75,1,0,1484082000),
(276,76,1,0,1482267600),
(254,77,1,0,1478638800),
(276,78,1,0,1482267600),
(277,78,1,0,1482872400),
(278,78,1,0,1483477200),
(279,78,1,0,1484082000),
(240,79,1,0,1474401600),
(251,79,1,0,1477425600),
(343,79,1,0,1484686800),
(240,80,1,0,1474401600),
(251,80,1,0,1477425600),
(343,80,1,0,1484686800),
(240,81,1,0,1474401600),
(251,81,1,0,1477425600),
(343,81,1,0,1484686800),
(240,82,1,0,1474401600),
(251,82,1,0,1477425600),
(343,82,1,0,1484686800),
(240,83,1,0,1474401600),
(251,83,1,0,1477425600),
(343,83,1,0,1484686800),
(344,83,1,0,1485291600),
(255,84,1,0,1479243600),
(277,84,1,0,1482872400),
(241,85,1,0,1475006400),
(254,85,1,0,1478638800),
(240,86,1,0,1474401600),
(251,86,1,0,1477425600),
(343,86,1,0,1484686800),
(344,86,1,0,1485291600),
(240,87,1,0,1474401600),
(343,87,1,0,1484686800),
(344,87,1,0,1485291600),
(240,88,1,0,1474401600),
(251,88,1,0,1477425600),
(343,88,1,0,1484686800),
(344,88,1,0,1485291600),
(240,89,1,0,1474401600),
(251,89,1,0,1477425600),
(343,89,1,0,1484686800),
(344,89,1,0,1485291600),
(243,90,1,0,1475611200),
(253,90,1,0,1478030400),
(257,91,1,0,1480453200),
(257,92,1,0,1480453200),
(256,93,1,0,1479848400),
(243,94,1,0,1475611200),
(253,94,1,0,1478030400),
(277,94,1,0,1482872400),
(243,95,1,0,1475611200),
(253,95,1,0,1478030400),
(279,95,1,0,1484082000),
(241,96,1,0,1475006400),
(254,96,1,0,1478638800),
(236,97,1,0,1473192000),
(255,97,1,0,1479243600),
(348,97,1,0,1486501200),
(278,98,1,0,1483477200),
(279,98,1,0,1484082000),
(256,99,1,0,1479848400),
(256,100,1,0,1479848400),
(256,101,1,0,1479848400),
(256,102,1,0,1479848400),
(256,103,1,0,1479848400),
(256,104,1,0,1479848400),
(251,105,1,0,1477425600),
(343,105,1,0,1484686800),
(344,105,1,0,1485291600),
(242,106,1,0,1475006401),
(250,109,1,0,1476820800),
(350,110,1,0,1493755200),
(250,112,1,0,1476820800),
(279,112,1,0,1484082000),
(250,113,1,0,1476820800),
(250,115,1,0,1476820800),
(256,117,1,0,1479848400),
(240,119,1,0,1474401600),
(251,122,1,0,1477425600),
(343,122,1,0,1484686800),
(344,122,1,0,1485291600),
(236,123,1,0,1473192000),
(258,126,1,0,1481058000),
(258,127,1,0,1481058000),
(258,128,1,0,1481058000),
(258,129,1,0,1481058000),
(384,130,1,0,1469390400),
(387,130,1,0,1469566800),
(399,130,1,0,1470254400),
(413,130,1,0,1470603600),
(240,130,1,0,1474401600),
(274,130,1,0,1481306400),
(275,130,1,0,1481911200),
(286,130,1,0,1482516000),
(287,130,1,0,1483120800),
(278,130,1,0,1483477200),
(279,130,1,0,1484082000),
(299,130,1,0,1484416800),
(291,130,1,0,1484935200),
(300,130,1,0,1485021600),
(347,130,1,0,1485896400),
(302,130,1,0,1486231200),
(304,130,1,0,1487440800),
(308,130,1,0,1488650400),
(309,130,1,0,1489867200),
(310,130,1,0,1490472000),
(313,130,1,0,1492286400),
(315,130,1,0,1494100800),
(370,130,1,0,1547868351),
(371,130,1,0,1547871701),
(430,130,1,0,1556314741),
(459,130,1,0,1566777000),
(462,130,1,0,1567201320),
(466,130,1,0,1569366000),
(468,130,1,0,1569693600),
(474,130,1,0,1570827600),
(475,130,1,0,1571436000),
(476,130,1,0,1571605200),
(477,130,1,0,1572026400),
(478,130,1,0,1572562800),
(479,130,1,0,1573079400),
(481,130,1,0,1573849800),
(482,130,1,0,1574460000),
(484,130,1,0,1575241200),
(489,130,1,0,1578009600),
(490,130,1,0,1578083400),
(491,130,1,0,1578168000),
(492,130,1,0,1578250800),
(495,130,1,0,1578513600),
(525,130,1,0,1591817400),
(527,130,1,0,1593203400),
(528,130,1,0,1593810000),
(530,130,1,0,1594935000),
(531,130,1,0,1595275200),
(534,130,1,0,1597525200),
(535,130,1,0,1598198400),
(325,131,1,0,1469052000),
(331,131,1,0,1469134800),
(338,131,1,0,1469147400),
(386,131,1,0,1469563200),
(397,131,1,0,1470168000),
(398,131,1,0,1470171600),
(407,131,1,0,1470427200),
(416,131,1,0,1470780000),
(433,131,1,0,1471294800),
(434,131,1,0,1471377600),
(440,131,1,0,1471636800),
(441,131,1,0,1471644000),
(443,131,1,0,1471730400),
(444,131,1,0,1471809600),
(445,131,1,0,1471816800),
(446,131,1,0,1471896000),
(343,131,1,0,1484686800),
(344,131,1,0,1485291600),
(453,131,1,0,1562442300),
(462,131,1,0,1567201320),
(464,131,1,0,1568247600),
(468,131,1,0,1569693600),
(495,131,1,0,1578513600),
(527,131,1,0,1593203400),
(528,131,1,0,1593810000),
(529,131,1,0,1594501200),
(534,131,1,0,1597525200),
(535,131,1,0,1598198400),
(326,132,1,0,1469053800),
(327,132,1,0,1469055600),
(333,132,1,0,1469138400),
(334,132,1,0,1469140200),
(337,132,1,0,1469145600),
(341,132,1,0,1469223000),
(342,132,1,0,1469307600),
(382,132,1,0,1469307600),
(383,132,1,0,1469311200),
(385,132,1,0,1469394000),
(388,132,1,0,1469649600),
(389,132,1,0,1469736000),
(391,132,1,0,1469822400),
(393,132,1,0,1469908800),
(396,132,1,0,1470081600),
(399,132,1,0,1470254400),
(400,132,1,0,1470258000),
(401,132,1,0,1470340800),
(408,132,1,0,1470430800),
(412,132,1,0,1470600000),
(414,132,1,0,1470686400),
(416,132,1,0,1470780000),
(426,132,1,0,1471032000),
(435,132,1,0,1471384800),
(438,132,1,0,1471550400),
(440,132,1,0,1471636800),
(444,132,1,0,1471809600),
(445,132,1,0,1471816800),
(446,132,1,0,1471896000),
(447,132,1,0,1471982400),
(239,132,1,0,1473796800),
(240,132,1,0,1474401600),
(241,132,1,0,1475006400),
(242,132,1,0,1475006401),
(243,132,1,0,1475611200),
(250,132,1,0,1476820800),
(251,132,1,0,1477425600),
(254,132,1,0,1478638800),
(268,132,1,0,1478973600),
(277,132,1,0,1482872400),
(279,132,1,0,1484082000),
(343,132,1,0,1484686800),
(344,132,1,0,1485291600),
(301,132,1,0,1485626400),
(347,132,1,0,1485896400),
(348,132,1,0,1486501200),
(309,132,1,0,1489867200),
(310,132,1,0,1490472000),
(311,132,1,0,1491076800),
(314,132,1,0,1493496000),
(350,132,1,0,1493755200),
(315,132,1,0,1494100800),
(372,132,1,0,1506196800),
(373,132,1,0,1506801600),
(377,132,1,0,1509825600),
(370,132,1,0,1547868351),
(371,132,1,0,1547871701),
(419,132,1,0,1553284800),
(430,132,1,0,1556314741),
(453,132,1,0,1562442300),
(456,132,1,0,1565125200),
(465,132,1,0,1569272400),
(468,132,1,0,1569693600),
(469,132,1,0,1569960000),
(472,132,1,0,1570222800),
(474,132,1,0,1570827600),
(478,132,1,0,1572562800),
(479,132,1,0,1573079400),
(481,132,1,0,1573849800),
(482,132,1,0,1574460000),
(484,132,1,0,1575241200),
(485,132,1,0,1576105200),
(487,132,1,0,1576962000),
(488,132,1,0,1577487600),
(489,132,1,0,1578009600),
(490,132,1,0,1578083400),
(491,132,1,0,1578168000),
(492,132,1,0,1578250800),
(493,132,1,0,1578315600),
(494,132,1,0,1578438000),
(495,132,1,0,1578513600),
(496,132,1,0,1579384800),
(497,132,1,0,1579647600),
(498,132,1,0,1579903200),
(502,132,1,0,1581375600),
(505,132,1,0,1582754400),
(507,132,1,0,1583276400),
(508,132,1,0,1583532000),
(509,132,1,0,1584129600),
(510,132,1,0,1584730800),
(512,132,1,0,1585688400),
(513,132,1,0,1586289600),
(514,132,1,0,1586556000),
(515,132,1,0,1586984400),
(516,132,1,0,1587412800),
(517,132,1,0,1587758400),
(521,132,1,0,1589486400),
(525,132,1,0,1591817400),
(527,132,1,0,1593203400),
(528,132,1,0,1593810000),
(534,132,1,0,1597525200),
(535,132,1,0,1598198400),
(326,133,1,0,1469053800),
(337,133,1,0,1469145600),
(383,133,1,0,1469311200),
(384,133,1,0,1469390400),
(385,133,1,0,1469394000),
(386,133,1,0,1469563200),
(392,133,1,0,1469826000),
(397,133,1,0,1470168000),
(398,133,1,0,1470171600),
(413,133,1,0,1470603600),
(415,133,1,0,1470691800),
(427,133,1,0,1471035600),
(437,133,1,0,1471471200),
(438,133,1,0,1471550400),
(439,133,1,0,1471557600),
(442,133,1,0,1471723200),
(443,133,1,0,1471730400),
(444,133,1,0,1471809600),
(445,133,1,0,1471816800),
(446,133,1,0,1471896000),
(447,133,1,0,1471982400),
(245,133,1,0,1474736400),
(247,133,1,0,1475341200),
(266,133,1,0,1478365200),
(254,133,1,0,1478638800),
(268,133,1,0,1478973600),
(255,133,1,0,1479243600),
(269,133,1,0,1479578400),
(256,133,1,0,1479848400),
(270,133,1,0,1480183200),
(298,133,1,0,1483812000),
(299,133,1,0,1484416800),
(300,133,1,0,1485021600),
(344,133,1,0,1485291600),
(301,133,1,0,1485626400),
(347,133,1,0,1485896400),
(302,133,1,0,1486231200),
(348,133,1,0,1486501200),
(304,133,1,0,1487440800),
(308,133,1,0,1488650400),
(312,133,1,0,1491681600),
(313,133,1,0,1492286400),
(315,133,1,0,1494100800),
(316,133,1,0,1494705600),
(317,133,1,0,1495310400),
(366,133,1,0,1503777600),
(367,133,1,0,1504382400),
(368,133,1,0,1504987200),
(369,133,1,0,1505592000),
(372,133,1,0,1506196800),
(373,133,1,0,1506801600),
(374,133,1,0,1507406400),
(375,133,1,0,1508011200),
(377,133,1,0,1509825600),
(378,133,1,0,1510434000),
(380,133,1,0,1511643600),
(381,133,1,0,1512248400),
(359,133,1,0,1544491705),
(360,133,1,0,1544492044),
(361,133,1,0,1544496560),
(370,133,1,0,1547868351),
(371,133,1,0,1547871701),
(453,133,1,0,1562442300),
(454,133,1,0,1562974140),
(472,133,1,0,1570222800),
(480,133,1,0,1573596000),
(485,133,1,0,1576105200),
(486,133,1,0,1576447200),
(487,133,1,0,1576962000),
(488,133,1,0,1577487600),
(491,133,1,0,1578168000),
(492,133,1,0,1578250800),
(493,133,1,0,1578315600),
(495,133,1,0,1578513600),
(496,133,1,0,1579384800),
(497,133,1,0,1579647600),
(501,133,1,0,1581103800),
(502,133,1,0,1581375600),
(510,133,1,0,1584730800),
(511,133,1,0,1585341000),
(512,133,1,0,1585688400),
(513,133,1,0,1586289600),
(514,133,1,0,1586556000),
(515,133,1,0,1586984400),
(518,133,1,0,1588192200),
(519,133,1,0,1588624200),
(520,133,1,0,1589142600),
(521,133,1,0,1589486400),
(534,133,1,0,1597525200),
(535,133,1,0,1598198400),
(329,134,1,0,1469059200),
(331,134,1,0,1469134800),
(334,134,1,0,1469140200),
(336,134,1,0,1469143800),
(340,134,1,0,1469221200),
(382,134,1,0,1469307600),
(384,134,1,0,1469390400),
(385,134,1,0,1469394000),
(390,134,1,0,1469739600),
(393,134,1,0,1469908800),
(398,134,1,0,1470171600),
(407,134,1,0,1470427200),
(409,134,1,0,1470513600),
(410,134,1,0,1470517200),
(412,134,1,0,1470600000),
(417,134,1,0,1470859200),
(434,134,1,0,1471377600),
(436,134,1,0,1471464000),
(437,134,1,0,1471471200),
(438,134,1,0,1471550400),
(439,134,1,0,1471557600),
(441,134,1,0,1471644000),
(442,134,1,0,1471723200),
(447,134,1,0,1471982400),
(247,134,1,0,1475341200),
(262,134,1,0,1476550800),
(250,134,1,0,1476820800),
(263,134,1,0,1477155600),
(265,134,1,0,1477760400),
(266,134,1,0,1478365200),
(269,134,1,0,1479578400),
(246,134,1,0,1480096800),
(270,134,1,0,1480183200),
(257,134,1,0,1480453200),
(279,134,1,0,1484082000),
(347,134,1,0,1485896400),
(302,134,1,0,1486231200),
(303,134,1,0,1486836000),
(310,134,1,0,1490472000),
(311,134,1,0,1491076800),
(312,134,1,0,1491681600),
(313,134,1,0,1492286400),
(314,134,1,0,1493496000),
(373,134,1,0,1506801600),
(378,134,1,0,1510434000),
(357,134,1,0,1544491274),
(358,134,1,0,1544491415),
(359,134,1,0,1544491705),
(360,134,1,0,1544492044),
(361,134,1,0,1544496560),
(453,134,1,0,1562442300),
(454,134,1,0,1562974140),
(456,134,1,0,1565125200),
(457,134,1,0,1565384400),
(462,134,1,0,1567201320),
(467,134,1,0,1569535200),
(468,134,1,0,1569693600),
(477,134,1,0,1572026400),
(478,134,1,0,1572562800),
(479,134,1,0,1573079400),
(482,134,1,0,1574460000),
(491,134,1,0,1578168000),
(493,134,1,0,1578315600),
(495,134,1,0,1578513600),
(505,134,1,0,1582754400),
(507,134,1,0,1583276400),
(510,134,1,0,1584730800),
(521,134,1,0,1589486400),
(522,134,1,0,1589920200),
(523,134,1,0,1590352200),
(528,134,1,0,1593810000),
(531,134,1,0,1595275200),
(536,134,1,0,1610139600),
(325,135,1,0,1469052000),
(382,135,1,0,1469307600),
(397,135,1,0,1470168000),
(398,135,1,0,1470171600),
(400,135,1,0,1470258000),
(401,135,1,0,1470340800),
(240,135,1,0,1474401600),
(245,135,1,0,1474736400),
(261,135,1,0,1475946000),
(251,135,1,0,1477425600),
(268,135,1,0,1478973600),
(269,135,1,0,1479578400),
(256,135,1,0,1479848400),
(343,135,1,0,1484686800),
(344,135,1,0,1485291600),
(474,135,1,0,1570827600),
(478,135,1,0,1572562800),
(479,135,1,0,1573079400),
(481,135,1,0,1573849800),
(482,135,1,0,1574460000),
(484,135,1,0,1575241200),
(489,135,1,0,1578009600),
(495,135,1,0,1578513600),
(496,135,1,0,1579384800),
(497,135,1,0,1579647600),
(498,135,1,0,1579903200),
(505,135,1,0,1582754400),
(510,135,1,0,1584730800),
(513,135,1,0,1586289600),
(514,135,1,0,1586556000),
(515,135,1,0,1586984400),
(326,136,1,0,1469053800),
(328,136,1,0,1469057400),
(337,136,1,0,1469145600),
(388,136,1,0,1469649600),
(408,136,1,0,1470430800),
(410,136,1,0,1470517200),
(412,136,1,0,1470600000),
(414,136,1,0,1470686400),
(415,136,1,0,1470691800),
(426,136,1,0,1471032000),
(446,136,1,0,1471896000),
(239,136,1,0,1473796800),
(247,136,1,0,1475341200),
(243,136,1,0,1475611200),
(261,136,1,0,1475946000),
(262,136,1,0,1476550800),
(253,136,1,0,1478030400),
(254,136,1,0,1478638800),
(279,136,1,0,1484082000),
(348,136,1,0,1486501200),
(304,136,1,0,1487440800),
(312,136,1,0,1491681600),
(372,136,1,0,1506196800),
(370,136,1,0,1547868351),
(371,136,1,0,1547871701),
(468,136,1,0,1569693600),
(472,136,1,0,1570222800),
(492,136,1,0,1578250800),
(495,136,1,0,1578513600),
(501,136,1,0,1581103800),
(502,136,1,0,1581375600),
(519,136,1,0,1588624200),
(535,136,1,0,1598198400),
(335,137,1,0,1469142000),
(383,137,1,0,1469311200),
(385,137,1,0,1469394000),
(387,137,1,0,1469566800),
(408,137,1,0,1470430800),
(417,137,1,0,1470859200),
(435,137,1,0,1471384800),
(437,137,1,0,1471471200),
(445,137,1,0,1471816800),
(446,137,1,0,1471896000),
(245,137,1,0,1474736400),
(261,137,1,0,1475946000),
(258,137,1,0,1481058000),
(272,137,1,0,1481392800),
(259,137,1,0,1481662800),
(273,137,1,0,1481997600),
(286,137,1,0,1482516000),
(347,137,1,0,1485896400),
(373,137,1,0,1506801600),
(376,137,1,0,1508616000),
(379,137,1,0,1511038800),
(380,137,1,0,1511643600),
(353,137,1,0,1542505790),
(456,137,1,0,1565125200),
(462,137,1,0,1567201320),
(464,137,1,0,1568247600),
(465,137,1,0,1569272400),
(466,137,1,0,1569366000),
(467,137,1,0,1569535200),
(475,137,1,0,1571436000),
(476,137,1,0,1571605200),
(477,137,1,0,1572026400),
(478,137,1,0,1572562800),
(479,137,1,0,1573079400),
(481,137,1,0,1573849800),
(482,137,1,0,1574460000),
(484,137,1,0,1575241200),
(485,137,1,0,1576105200),
(486,137,1,0,1576447200),
(489,137,1,0,1578009600),
(495,137,1,0,1578513600),
(507,137,1,0,1583276400),
(529,137,1,0,1594501200),
(530,137,1,0,1594935000),
(531,137,1,0,1595275200),
(532,137,1,0,1596297600),
(533,137,1,0,1596830400),
(328,138,1,0,1469057400),
(330,138,1,0,1469061000),
(335,138,1,0,1469142000),
(387,138,1,0,1469566800),
(408,138,1,0,1470430800),
(413,138,1,0,1470603600),
(415,138,1,0,1470691800),
(418,138,1,0,1470862800),
(423,138,1,0,1470945600),
(432,138,1,0,1471291200),
(258,138,1,0,1481058000),
(272,138,1,0,1481392800),
(259,138,1,0,1481662800),
(273,138,1,0,1481997600),
(293,138,1,0,1482602400),
(294,138,1,0,1483207200),
(298,138,1,0,1483812000),
(299,138,1,0,1484416800),
(300,138,1,0,1485021600),
(303,138,1,0,1486836000),
(308,138,1,0,1488650400),
(309,138,1,0,1489867200),
(310,138,1,0,1490472000),
(311,138,1,0,1491076800),
(312,138,1,0,1491681600),
(313,138,1,0,1492286400),
(314,138,1,0,1493496000),
(350,138,1,0,1493755200),
(315,138,1,0,1494100800),
(316,138,1,0,1494705600),
(317,138,1,0,1495310400),
(368,138,1,0,1504987200),
(369,138,1,0,1505592000),
(374,138,1,0,1507406400),
(376,138,1,0,1508616000),
(378,138,1,0,1510434000),
(379,138,1,0,1511038800),
(380,138,1,0,1511643600),
(381,138,1,0,1512248400),
(353,138,1,0,1542505790),
(462,138,1,0,1567201320),
(469,138,1,0,1569960000),
(494,138,1,0,1578438000),
(530,138,1,0,1594935000),
(531,138,1,0,1595275200),
(533,138,1,0,1596830400),
(399,139,1,0,1470254400),
(400,139,1,0,1470258000),
(423,139,1,0,1470945600),
(426,139,1,0,1471032000),
(433,139,1,0,1471294800),
(435,139,1,0,1471384800),
(436,139,1,0,1471464000),
(437,139,1,0,1471471200),
(439,139,1,0,1471557600),
(440,139,1,0,1471636800),
(442,139,1,0,1471723200),
(443,139,1,0,1471730400),
(444,139,1,0,1471809600),
(445,139,1,0,1471816800),
(447,139,1,0,1471982400),
(448,139,1,0,1471993200),
(254,139,1,0,1478638800),
(454,139,1,0,1562974140),
(463,139,1,0,1567900380),
(464,139,1,0,1568247600),
(465,139,1,0,1569272400),
(466,139,1,0,1569366000),
(468,139,1,0,1569693600),
(474,139,1,0,1570827600),
(475,139,1,0,1571436000),
(476,139,1,0,1571605200),
(477,139,1,0,1572026400),
(478,139,1,0,1572562800),
(479,139,1,0,1573079400),
(480,139,1,0,1573596000),
(481,139,1,0,1573849800),
(482,139,1,0,1574460000),
(484,139,1,0,1575241200),
(485,139,1,0,1576105200),
(486,139,1,0,1576447200),
(487,139,1,0,1576962000),
(488,139,1,0,1577487600),
(489,139,1,0,1578009600),
(490,139,1,0,1578083400),
(491,139,1,0,1578168000),
(492,139,1,0,1578250800),
(493,139,1,0,1578315600),
(494,139,1,0,1578438000),
(495,139,1,0,1578513600),
(496,139,1,0,1579384800),
(497,139,1,0,1579647600),
(498,139,1,0,1579903200),
(499,139,1,0,1580338800),
(501,139,1,0,1581103800),
(502,139,1,0,1581375600),
(504,139,1,0,1582315200),
(505,139,1,0,1582754400),
(506,139,1,0,1582920000),
(507,139,1,0,1583276400),
(508,139,1,0,1583532000),
(509,139,1,0,1584129600),
(510,139,1,0,1584730800),
(511,139,1,0,1585341000),
(512,139,1,0,1585688400),
(513,139,1,0,1586289600),
(514,139,1,0,1586556000),
(515,139,1,0,1586984400),
(516,139,1,0,1587412800),
(517,139,1,0,1587758400),
(518,139,1,0,1588192200),
(519,139,1,0,1588624200),
(520,139,1,0,1589142600),
(521,139,1,0,1589486400),
(522,139,1,0,1589920200),
(523,139,1,0,1590352200),
(524,139,1,0,1591045200),
(525,139,1,0,1591817400),
(526,139,1,0,1592429400),
(527,139,1,0,1593203400),
(530,139,1,0,1594935000),
(531,139,1,0,1595275200),
(532,139,1,0,1596297600),
(533,139,1,0,1596830400),
(535,139,1,0,1598198400),
(536,139,1,0,1610139600),
(331,140,1,0,1469134800),
(336,140,1,0,1469143800),
(340,140,1,0,1469221200),
(384,140,1,0,1469390400),
(390,140,1,0,1469739600),
(417,140,1,0,1470859200),
(439,140,1,0,1471557600),
(250,140,1,0,1476820800),
(263,140,1,0,1477155600),
(265,140,1,0,1477760400),
(257,140,1,0,1480453200),
(279,140,1,0,1484082000),
(302,140,1,0,1486231200),
(303,140,1,0,1486836000),
(312,140,1,0,1491681600),
(313,140,1,0,1492286400),
(314,140,1,0,1493496000),
(373,140,1,0,1506801600),
(357,140,1,0,1544491274),
(358,140,1,0,1544491415),
(456,140,1,0,1565125200),
(457,140,1,0,1565384400),
(467,140,1,0,1569535200),
(477,140,1,0,1572026400),
(478,140,1,0,1572562800),
(479,140,1,0,1573079400),
(491,140,1,0,1578168000),
(495,140,1,0,1578513600),
(510,140,1,0,1584730800),
(528,140,1,0,1593810000),
(531,140,1,0,1595275200),
(536,140,1,0,1610139600),
(480,141,1,0,1573596000),
(324,142,1,0,1469048400),
(329,142,1,0,1469059200),
(387,142,1,0,1469566800),
(389,142,1,0,1469736000),
(392,142,1,0,1469826000),
(418,142,1,0,1470862800),
(424,142,1,0,1470949200),
(431,142,1,0,1471204800),
(348,142,1,0,1486501200),
(350,142,1,0,1493755200),
(325,143,1,0,1469052000),
(443,143,1,0,1471730400),
(444,143,1,0,1471809600),
(445,143,1,0,1471816800),
(446,143,1,0,1471896000),
(244,143,1,0,1474131600),
(495,143,1,0,1578513600),
(323,144,1,0,1469048400),
(330,144,1,0,1469061000),
(332,144,1,0,1469136600),
(334,144,1,0,1469140200),
(335,144,1,0,1469142000),
(336,144,1,0,1469143800),
(340,144,1,0,1469221200),
(382,144,1,0,1469307600),
(384,144,1,0,1469390400),
(385,144,1,0,1469394000),
(386,144,1,0,1469563200),
(391,144,1,0,1469822400),
(393,144,1,0,1469908800),
(394,144,1,0,1469916000),
(400,144,1,0,1470258000),
(401,144,1,0,1470340800),
(417,144,1,0,1470859200),
(423,144,1,0,1470945600),
(428,144,1,0,1471118400),
(432,144,1,0,1471291200),
(435,144,1,0,1471384800),
(436,144,1,0,1471464000),
(438,144,1,0,1471550400),
(440,144,1,0,1471636800),
(441,144,1,0,1471644000),
(442,144,1,0,1471723200),
(244,144,1,0,1474131600),
(269,144,1,0,1479578400),
(301,144,1,0,1485626400),
(347,144,1,0,1485896400),
(303,144,1,0,1486836000),
(285,144,1,0,1510347600),
(357,144,1,0,1544491274),
(358,144,1,0,1544491415),
(359,144,1,0,1544491705),
(360,144,1,0,1544492044),
(361,144,1,0,1544496560),
(362,144,1,0,1544496779),
(419,144,1,0,1553284800),
(430,144,1,0,1556314741),
(459,144,1,0,1566777000),
(464,144,1,0,1568247600),
(466,144,1,0,1569366000),
(485,144,1,0,1576105200),
(486,144,1,0,1576447200),
(491,144,1,0,1578168000),
(495,144,1,0,1578513600),
(501,144,1,0,1581103800),
(502,144,1,0,1581375600),
(504,144,1,0,1582315200),
(505,144,1,0,1582754400),
(506,144,1,0,1582920000),
(507,144,1,0,1583276400),
(512,144,1,0,1585688400),
(514,144,1,0,1586556000),
(515,144,1,0,1586984400),
(522,144,1,0,1589920200),
(523,144,1,0,1590352200),
(529,144,1,0,1594501200),
(530,144,1,0,1594935000),
(531,144,1,0,1595275200),
(244,145,1,0,1474131600),
(245,145,1,0,1474736400),
(247,145,1,0,1475341200),
(261,145,1,0,1475946000),
(262,145,1,0,1476550800),
(263,145,1,0,1477155600),
(265,145,1,0,1477760400),
(266,145,1,0,1478365200),
(268,145,1,0,1478973600),
(269,145,1,0,1479578400),
(270,145,1,0,1480183200),
(271,145,1,0,1480788000),
(272,145,1,0,1481392800),
(273,145,1,0,1481997600),
(293,145,1,0,1482602400),
(294,145,1,0,1483207200),
(298,145,1,0,1483812000),
(299,145,1,0,1484416800),
(300,145,1,0,1485021600),
(301,145,1,0,1485626400),
(302,145,1,0,1486231200),
(303,145,1,0,1486836000),
(304,145,1,0,1487440800),
(308,145,1,0,1488650400),
(309,145,1,0,1489867200),
(310,145,1,0,1490472000),
(311,145,1,0,1491076800),
(312,145,1,0,1491681600),
(313,145,1,0,1492286400),
(314,145,1,0,1493496000),
(315,145,1,0,1494100800),
(316,145,1,0,1494705600),
(317,145,1,0,1495310400),
(366,145,1,0,1503777600),
(367,145,1,0,1504382400),
(368,145,1,0,1504987200),
(369,145,1,0,1505592000),
(372,145,1,0,1506196800),
(373,145,1,0,1506801600),
(374,145,1,0,1507406400),
(375,145,1,0,1508011200),
(376,145,1,0,1508616000),
(377,145,1,0,1509825600),
(378,145,1,0,1510434000),
(379,145,1,0,1511038800),
(380,145,1,0,1511643600),
(381,145,1,0,1512248400),
(453,145,1,0,1562442300),
(491,145,1,0,1578168000),
(325,146,1,0,1469052000),
(326,146,1,0,1469053800),
(327,146,1,0,1469055600),
(328,146,1,0,1469057400),
(330,146,1,0,1469061000),
(333,146,1,0,1469138400),
(334,146,1,0,1469140200),
(337,146,1,0,1469145600),
(338,146,1,0,1469147400),
(341,146,1,0,1469223000),
(342,146,1,0,1469307600),
(383,146,1,0,1469311200),
(385,146,1,0,1469394000),
(387,146,1,0,1469566800),
(388,146,1,0,1469649600),
(391,146,1,0,1469822400),
(393,146,1,0,1469908800),
(394,146,1,0,1469916000),
(396,146,1,0,1470081600),
(399,146,1,0,1470254400),
(414,146,1,0,1470686400),
(416,146,1,0,1470780000),
(426,146,1,0,1471032000),
(429,146,1,0,1471204800),
(440,146,1,0,1471636800),
(446,146,1,0,1471896000),
(447,146,1,0,1471982400),
(239,146,1,0,1473796800),
(244,146,1,0,1474131600),
(245,146,1,0,1474736400),
(247,146,1,0,1475341200),
(243,146,1,0,1475611200),
(248,146,1,0,1476216000),
(262,146,1,0,1476550800),
(253,146,1,0,1478030400),
(269,146,1,0,1479578400),
(277,146,1,0,1482872400),
(301,146,1,0,1485626400),
(302,146,1,0,1486231200),
(348,146,1,0,1486501200),
(309,146,1,0,1489867200),
(310,146,1,0,1490472000),
(311,146,1,0,1491076800),
(312,146,1,0,1491681600),
(350,146,1,0,1493755200),
(372,146,1,0,1506196800),
(353,146,1,0,1542505790),
(370,146,1,0,1547868351),
(371,146,1,0,1547871701),
(419,146,1,0,1553284800),
(430,146,1,0,1556314741),
(465,146,1,0,1569272400),
(468,146,1,0,1569693600),
(469,146,1,0,1569960000),
(472,146,1,0,1570222800),
(485,146,1,0,1576105200),
(486,146,1,0,1576447200),
(487,146,1,0,1576962000),
(488,146,1,0,1577487600),
(491,146,1,0,1578168000),
(494,146,1,0,1578438000),
(495,146,1,0,1578513600),
(502,146,1,0,1581375600),
(506,146,1,0,1582920000),
(507,146,1,0,1583276400),
(512,146,1,0,1585688400),
(517,146,1,0,1587758400),
(523,146,1,0,1590352200),
(527,146,1,0,1593203400),
(528,146,1,0,1593810000),
(533,146,1,0,1596830400),
(332,147,1,0,1469136600),
(384,147,1,0,1469390400),
(436,147,1,0,1471464000),
(437,147,1,0,1471471200),
(446,147,1,0,1471896000),
(246,147,1,0,1480096800),
(257,147,1,0,1480453200),
(288,147,1,0,1483725600),
(347,147,1,0,1485896400),
(348,147,1,0,1486501200),
(314,147,1,0,1493496000),
(316,147,1,0,1494705600),
(285,147,1,0,1510347600),
(359,147,1,0,1544491705),
(360,147,1,0,1544492044),
(462,147,1,0,1567201320),
(464,147,1,0,1568247600),
(466,147,1,0,1569366000),
(499,147,1,0,1580338800),
(502,147,1,0,1581375600),
(530,147,1,0,1594935000),
(531,147,1,0,1595275200),
(246,148,1,0,1480096800),
(260,148,1,0,1480701600),
(274,148,1,0,1481306400),
(275,148,1,0,1481911200),
(286,148,1,0,1482516000),
(287,148,1,0,1483120800),
(288,148,1,0,1483725600),
(289,148,1,0,1484330400),
(291,148,1,0,1484935200),
(292,148,1,0,1485540000),
(285,148,1,0,1510347600),
(353,148,1,0,1542505790),
(357,148,1,0,1544491274),
(358,148,1,0,1544491415),
(359,148,1,0,1544491705),
(360,148,1,0,1544492044),
(361,148,1,0,1544496560),
(362,148,1,0,1544496779),
(370,148,1,0,1547868351),
(371,148,1,0,1547871701),
(419,148,1,0,1553284800),
(430,148,1,0,1556314741),
(475,148,1,0,1571436000),
(476,148,1,0,1571605200),
(479,148,1,0,1573079400),
(482,148,1,0,1574460000),
(484,148,1,0,1575241200),
(490,148,1,0,1578083400),
(492,148,1,0,1578250800),
(246,149,1,0,1480096800),
(260,149,1,0,1480701600),
(274,149,1,0,1481306400),
(275,149,1,0,1481911200),
(286,149,1,0,1482516000),
(287,149,1,0,1483120800),
(288,149,1,0,1483725600),
(289,149,1,0,1484330400),
(291,149,1,0,1484935200),
(292,149,1,0,1485540000),
(285,149,1,0,1510347600),
(490,149,1,0,1578083400),
(325,150,1,0,1469052000),
(338,150,1,0,1469147400),
(397,150,1,0,1470168000),
(398,150,1,0,1470171600),
(407,150,1,0,1470427200),
(244,150,1,0,1474131600),
(245,150,1,0,1474736400),
(247,150,1,0,1475341200),
(367,151,1,0,1504382400),
(368,151,1,0,1504987200),
(369,151,1,0,1505592000),
(372,151,1,0,1506196800),
(373,151,1,0,1506801600),
(374,151,1,0,1507406400),
(375,151,1,0,1508011200),
(376,151,1,0,1508616000),
(377,151,1,0,1509825600),
(378,151,1,0,1510434000),
(379,151,1,0,1511038800),
(380,151,1,0,1511643600),
(381,151,1,0,1512248400),
(328,152,1,0,1469057400),
(387,152,1,0,1469566800),
(399,152,1,0,1470254400),
(408,152,1,0,1470430800),
(409,152,1,0,1470513600),
(413,152,1,0,1470603600),
(415,152,1,0,1470691800),
(416,152,1,0,1470780000),
(418,152,1,0,1470862800),
(448,152,1,0,1471993200),
(367,152,1,0,1504382400),
(368,152,1,0,1504987200),
(369,152,1,0,1505592000),
(372,152,1,0,1506196800),
(373,152,1,0,1506801600),
(374,152,1,0,1507406400),
(375,152,1,0,1508011200),
(376,152,1,0,1508616000),
(377,152,1,0,1509825600),
(378,152,1,0,1510434000),
(379,152,1,0,1511038800),
(380,152,1,0,1511643600),
(381,152,1,0,1512248400),
(260,153,1,0,1480701600),
(274,153,1,0,1481306400),
(430,153,1,0,1556314741),
(466,153,1,0,1569366000),
(468,153,1,0,1569693600),
(399,154,1,0,1470254400),
(274,154,1,0,1481306400),
(275,154,1,0,1481911200),
(286,154,1,0,1482516000),
(287,154,1,0,1483120800),
(279,154,1,0,1484082000),
(289,154,1,0,1484330400),
(291,154,1,0,1484935200),
(292,154,1,0,1485540000),
(303,154,1,0,1486836000),
(313,154,1,0,1492286400),
(314,154,1,0,1493496000),
(315,154,1,0,1494100800),
(316,154,1,0,1494705600),
(317,154,1,0,1495310400),
(370,154,1,0,1547868351),
(371,154,1,0,1547871701),
(474,154,1,0,1570827600),
(475,154,1,0,1571436000),
(476,154,1,0,1571605200),
(477,154,1,0,1572026400),
(478,154,1,0,1572562800),
(479,154,1,0,1573079400),
(481,154,1,0,1573849800),
(482,154,1,0,1574460000),
(484,154,1,0,1575241200),
(489,154,1,0,1578009600),
(490,154,1,0,1578083400),
(492,154,1,0,1578250800),
(495,154,1,0,1578513600),
(535,154,1,0,1598198400),
(243,155,1,0,1475611200),
(253,155,1,0,1478030400),
(259,155,1,0,1481662800),
(277,155,1,0,1482872400),
(347,155,1,0,1485896400),
(348,155,1,0,1486501200),
(350,155,1,0,1493755200),
(469,155,1,0,1569960000),
(325,156,1,0,1469052000),
(332,156,1,0,1469136600),
(335,156,1,0,1469142000),
(383,156,1,0,1469311200),
(397,156,1,0,1470168000),
(398,156,1,0,1470171600),
(412,156,1,0,1470600000),
(418,156,1,0,1470862800),
(432,156,1,0,1471291200),
(436,156,1,0,1471464000),
(442,156,1,0,1471723200),
(246,156,1,0,1480096800),
(274,156,1,0,1481306400),
(272,156,1,0,1481392800),
(273,156,1,0,1481997600),
(293,156,1,0,1482602400),
(294,156,1,0,1483207200),
(288,156,1,0,1483725600),
(292,156,1,0,1485540000),
(301,156,1,0,1485626400),
(347,156,1,0,1485896400),
(348,156,1,0,1486501200),
(314,156,1,0,1493496000),
(373,156,1,0,1506801600),
(285,156,1,0,1510347600),
(378,156,1,0,1510434000),
(456,156,1,0,1565125200),
(459,156,1,0,1566777000),
(462,156,1,0,1567201320),
(464,156,1,0,1568247600),
(465,156,1,0,1569272400),
(466,156,1,0,1569366000),
(467,156,1,0,1569535200),
(468,156,1,0,1569693600),
(474,156,1,0,1570827600),
(478,156,1,0,1572562800),
(479,156,1,0,1573079400),
(489,156,1,0,1578009600),
(490,156,1,0,1578083400),
(495,156,1,0,1578513600),
(529,156,1,0,1594501200),
(530,156,1,0,1594935000),
(531,156,1,0,1595275200),
(256,157,1,0,1479848400),
(344,157,1,0,1485291600),
(258,158,1,0,1481058000),
(258,159,1,0,1481058000),
(258,160,1,0,1481058000),
(258,161,1,0,1481058000),
(277,162,1,0,1482872400),
(348,162,1,0,1486501200),
(274,169,1,0,1481306400),
(275,169,1,0,1481911200),
(286,169,1,0,1482516000),
(287,169,1,0,1483120800),
(289,169,1,0,1484330400),
(291,169,1,0,1484935200),
(277,170,1,0,1482872400),
(348,170,1,0,1486501200),
(469,170,1,0,1569960000),
(277,171,1,0,1482872400),
(278,172,1,0,1483477200),
(278,173,1,0,1483477200),
(350,173,1,0,1493755200),
(278,174,1,0,1483477200),
(278,175,1,0,1483477200),
(279,175,1,0,1484082000),
(278,176,1,0,1483477200),
(279,176,1,0,1484082000),
(278,177,1,0,1483477200),
(279,177,1,0,1484082000),
(278,178,1,0,1483477200),
(278,179,1,0,1483477200),
(278,180,1,0,1483477200),
(279,181,1,0,1484082000),
(546,182,1,0,1617495545),
(547,183,1,0,1617498883),
(548,187,1,0,1617499051),
(292,188,1,0,1485540000),
(466,188,1,0,1569366000),
(468,188,1,0,1569693600),
(490,188,1,0,1578083400),
(343,192,1,0,1484686800),
(343,193,1,0,1484686800),
(344,196,1,0,1485291600),
(350,196,1,0,1493755200),
(347,197,1,0,1485896400),
(350,198,1,0,1493755200),
(469,198,1,0,1569960000),
(353,199,1,0,1542505790),
(357,199,1,0,1544491274),
(358,199,1,0,1544491415),
(359,199,1,0,1544491705),
(360,199,1,0,1544492044),
(361,199,1,0,1544496560),
(362,199,1,0,1544496779),
(370,199,1,0,1547868351),
(371,199,1,0,1547871701),
(419,199,1,0,1553284800),
(430,199,1,0,1556314741),
(479,199,1,0,1573079400),
(482,199,1,0,1574460000),
(484,199,1,0,1575241200),
(492,199,1,0,1578250800),
(369,205,1,0,1505592000),
(545,206,1,0,1617494919),
(473,221,1,0,1570658400),
(474,221,1,0,1570827600),
(475,221,1,0,1571436000),
(476,221,1,0,1571605200),
(477,221,1,0,1572026400),
(478,221,1,0,1572562800),
(479,221,1,0,1573079400),
(481,221,1,0,1573849800),
(482,221,1,0,1574460000),
(484,221,1,0,1575241200),
(489,221,1,0,1578009600),
(495,221,1,0,1578513600),
(498,221,1,0,1579903200),
(499,221,1,0,1580338800),
(465,227,1,0,1569272400),
(480,227,1,0,1573596000),
(486,227,1,0,1576447200),
(487,227,1,0,1576962000),
(488,227,1,0,1577487600),
(491,227,1,0,1578168000),
(495,227,1,0,1578513600),
(502,227,1,0,1581375600),
(510,227,1,0,1584730800),
(521,227,1,0,1589486400),
(522,227,1,0,1589920200);
commit;

--
-- Table structure for table `taxonomy_term__field_link`
--

CREATE TABLE `taxonomy_term__field_link` (
  `bundle` varchar(128) CHARACTER SET ascii COLLATE ascii_general_ci NOT NULL DEFAULT '' COMMENT 'The field instance bundle to which this row belongs, used when deleting a field instance',
  `deleted` tinyint(4) NOT NULL DEFAULT 0 COMMENT 'A boolean indicating whether this data item has been deleted',
  `entity_id` int(10) unsigned NOT NULL COMMENT 'The entity id this data is attached to',
  `revision_id` int(10) unsigned NOT NULL COMMENT 'The entity revision id this data is attached to',
  `langcode` varchar(32) CHARACTER SET ascii COLLATE ascii_general_ci NOT NULL DEFAULT '' COMMENT 'The language code for this data item.',
  `delta` int(10) unsigned NOT NULL COMMENT 'The sequence number for this data item, used for multi-value fields',
  `field_link_uri` varchar(2048) DEFAULT NULL COMMENT 'The URI of the link.',
  `field_link_title` varchar(255) DEFAULT NULL COMMENT 'The link text.',
  `field_link_options` longblob DEFAULT NULL COMMENT 'Serialized array of options for the link.',
  PRIMARY KEY (`entity_id`,`deleted`,`delta`,`langcode`),
  KEY `bundle` (`bundle`),
  KEY `revision_id` (`revision_id`),
  KEY `field_link_uri` (`field_link_uri`(30))
) ENGINE=InnoDB DEFAULT CHARSET=utf8mb4 COLLATE=utf8mb4_general_ci COMMENT='Data storage for taxonomy_term field field_link.';

--
-- Dumping data for table `taxonomy_term__field_link`
--

set autocommit=0;
commit;

--
-- Table structure for table `taxonomy_term__field_taxonomy_term_redirect`
--

CREATE TABLE `taxonomy_term__field_taxonomy_term_redirect` (
  `bundle` varchar(128) CHARACTER SET ascii COLLATE ascii_general_ci NOT NULL DEFAULT '' COMMENT 'The field instance bundle to which this row belongs, used when deleting a field instance',
  `deleted` tinyint(4) NOT NULL DEFAULT 0 COMMENT 'A boolean indicating whether this data item has been deleted',
  `entity_id` int(10) unsigned NOT NULL COMMENT 'The entity id this data is attached to',
  `revision_id` int(10) unsigned NOT NULL COMMENT 'The entity revision id this data is attached to',
  `langcode` varchar(32) CHARACTER SET ascii COLLATE ascii_general_ci NOT NULL DEFAULT '' COMMENT 'The language code for this data item.',
  `delta` int(10) unsigned NOT NULL COMMENT 'The sequence number for this data item, used for multi-value fields',
  `field_taxonomy_term_redirect_value` varchar(255) NOT NULL,
  PRIMARY KEY (`entity_id`,`deleted`,`delta`,`langcode`),
  KEY `bundle` (`bundle`),
  KEY `revision_id` (`revision_id`)
) ENGINE=InnoDB DEFAULT CHARSET=utf8mb4 COLLATE=utf8mb4_general_ci COMMENT='Data storage for taxonomy_term field field_taxonomy_term…';

--
-- Dumping data for table `taxonomy_term__field_taxonomy_term_redirect`
--

set autocommit=0;
commit;

--
-- Table structure for table `taxonomy_term__parent`
--

CREATE TABLE `taxonomy_term__parent` (
  `bundle` varchar(128) CHARACTER SET ascii COLLATE ascii_general_ci NOT NULL DEFAULT '' COMMENT 'The field instance bundle to which this row belongs, used when deleting a field instance',
  `deleted` tinyint(4) NOT NULL DEFAULT 0 COMMENT 'A boolean indicating whether this data item has been deleted',
  `entity_id` int(10) unsigned NOT NULL COMMENT 'The entity id this data is attached to',
  `revision_id` int(10) unsigned NOT NULL COMMENT 'The entity revision id this data is attached to',
  `langcode` varchar(32) CHARACTER SET ascii COLLATE ascii_general_ci NOT NULL DEFAULT '' COMMENT 'The language code for this data item.',
  `delta` int(10) unsigned NOT NULL COMMENT 'The sequence number for this data item, used for multi-value fields',
  `parent_target_id` int(10) unsigned NOT NULL COMMENT 'The ID of the target entity.',
  PRIMARY KEY (`entity_id`,`deleted`,`delta`,`langcode`),
  KEY `revision_id` (`revision_id`),
  KEY `parent_target_id` (`parent_target_id`),
  KEY `bundle_delta_target_id` (`bundle`,`delta`,`parent_target_id`)
) ENGINE=InnoDB DEFAULT CHARSET=utf8mb4 COLLATE=utf8mb4_general_ci COMMENT='Data storage for taxonomy_term field parent.';

--
-- Dumping data for table `taxonomy_term__parent`
--

set autocommit=0;
INSERT INTO `taxonomy_term__parent` VALUES
('tags',0,42,1,'en',0,0),
('tags',0,43,2,'en',0,0),
('tags',0,44,3,'en',0,0),
('tutorial_parts',0,47,36,'en',0,0),
('tutorial_restrictions',0,48,147,'en',0,0),
('tutorial_restrictions',0,49,148,'en',0,0),
('tutorial_restrictions',0,50,149,'en',0,0),
('tutorial_restrictions',0,51,150,'en',0,0),
('tutorial_restrictions',0,52,151,'en',0,0),
('tutorial_required_tools',0,53,134,'en',0,0),
('tutorial_required_tools',0,54,135,'en',0,0),
('tutorial_required_tools',0,55,136,'en',0,0),
('tutorial_required_tools',0,56,137,'en',0,0),
('tutorial_required_tools',0,57,138,'en',0,0),
('tutorial_required_tools',0,58,139,'en',0,0),
('tutorial_required_tools',0,59,140,'en',0,0),
('tutorial_required_tools',0,60,141,'en',0,0),
('tutorial_required_tools',0,61,142,'en',0,0),
('tutorial_required_tools',0,62,143,'en',0,0),
('tutorial_budget',0,63,156,'en',0,0),
('tutorial_budget',0,64,157,'en',0,0),
('tutorial_budget',0,65,158,'en',0,0),
('tutorial_budget',0,66,159,'en',0,0),
('tutorial_time',0,67,152,'en',0,0),
('tutorial_time',0,68,153,'en',0,0),
('tutorial_time',0,69,154,'en',0,0),
('tutorial_time',0,70,155,'en',0,0),
('tutorial_parts',0,71,37,'en',0,0),
('tutorial_parts',0,72,38,'en',0,0),
('tutorial_parts',0,73,39,'en',0,0),
('tutorial_parts',0,74,40,'en',0,0),
('tutorial_parts',0,75,41,'en',0,0),
('tutorial_parts',0,76,42,'en',0,0),
('tutorial_parts',0,77,43,'en',0,0),
('tutorial_parts',0,78,44,'en',0,0),
('tutorial_parts',0,79,45,'en',0,0),
('tutorial_parts',0,80,46,'en',0,0),
('tutorial_parts',0,81,47,'en',0,0),
('tutorial_parts',0,82,48,'en',0,0),
('tutorial_parts',0,83,49,'en',0,0),
('tutorial_parts',0,84,50,'en',0,0),
('tutorial_parts',0,85,51,'en',0,0),
('tutorial_parts',0,86,52,'en',0,0),
('tutorial_parts',0,87,53,'en',0,0),
('tutorial_parts',0,88,54,'en',0,0),
('tutorial_parts',0,89,55,'en',0,0),
('tutorial_parts',0,90,56,'en',0,0),
('tutorial_parts',0,91,57,'en',0,0),
('tutorial_parts',0,92,58,'en',0,0),
('tutorial_parts',0,93,59,'en',0,0),
('tutorial_parts',0,94,60,'en',0,0),
('tutorial_parts',0,95,61,'en',0,0),
('tutorial_parts',0,96,62,'en',0,0),
('tutorial_parts',0,97,63,'en',0,0),
('tutorial_parts',0,98,64,'en',0,0),
('tutorial_parts',0,99,65,'en',0,0),
('tutorial_parts',0,100,66,'en',0,0),
('tutorial_parts',0,101,67,'en',0,0),
('tutorial_parts',0,102,68,'en',0,0),
('tutorial_parts',0,103,69,'en',0,0),
('tutorial_parts',0,104,70,'en',0,0),
('tutorial_parts',0,105,71,'en',0,0),
('tutorial_parts',0,106,72,'en',0,0),
('tutorial_parts',0,107,73,'en',0,0),
('tutorial_parts',0,108,74,'en',0,0),
('tutorial_parts',0,109,75,'en',0,0),
('tutorial_parts',0,110,76,'en',0,0),
('tutorial_parts',0,111,77,'en',0,0),
('tutorial_parts',0,112,78,'en',0,0),
('tutorial_parts',0,113,79,'en',0,0),
('tutorial_parts',0,114,80,'en',0,0),
('tutorial_parts',0,115,81,'en',0,0),
('tutorial_parts',0,116,82,'en',0,0),
('tutorial_parts',0,117,83,'en',0,0),
('tutorial_parts',0,118,84,'en',0,0),
('tutorial_parts',0,119,85,'en',0,0),
('tutorial_parts',0,120,86,'en',0,0),
('tutorial_parts',0,121,87,'en',0,0),
('tutorial_parts',0,122,88,'en',0,0),
('tutorial_parts',0,123,89,'en',0,0),
('tutorial_parts',0,126,90,'en',0,0),
('tutorial_parts',0,127,91,'en',0,0),
('tutorial_parts',0,128,92,'en',0,0),
('tutorial_parts',0,129,93,'en',0,0),
('tags',0,130,4,'en',0,0),
('tags',0,131,5,'en',0,0),
('tags',0,132,6,'en',0,0),
('tags',0,133,7,'en',0,0),
('tags',0,134,8,'en',0,0),
('tags',0,135,9,'en',0,0),
('tags',0,136,10,'en',0,0),
('tags',0,137,11,'en',0,0),
('tags',0,138,12,'en',0,0),
('tags',0,139,13,'en',0,0),
('tags',0,140,14,'en',0,0),
('tags',0,141,15,'en',0,0),
('tags',0,142,16,'en',0,0),
('tags',0,143,17,'en',0,0),
('tags',0,144,18,'en',0,0),
('tags',0,145,19,'en',0,0),
('tags',0,146,20,'en',0,0),
('tags',0,147,21,'en',0,0),
('tags',0,148,22,'en',0,0),
('tags',0,149,23,'en',0,0),
('tags',0,150,24,'en',0,0),
('tags',0,151,25,'en',0,0),
('tags',0,152,26,'en',0,0),
('tags',0,153,27,'en',0,0),
('tags',0,154,28,'en',0,0),
('tutorial_parts',0,155,94,'en',0,0),
('tags',0,156,29,'en',0,0),
('tutorial_parts',0,157,95,'en',0,0),
('tutorial_parts',0,158,96,'en',0,0),
('tutorial_parts',0,159,97,'en',0,0),
('tutorial_parts',0,160,98,'en',0,0),
('tutorial_parts',0,161,99,'en',0,0),
('tutorial_parts',0,162,100,'en',0,0),
('tutorial_parts',0,163,101,'en',0,0),
('tutorial_parts',0,164,102,'en',0,0),
('tutorial_parts',0,165,103,'en',0,0),
('userpoints',0,166,168,'en',0,0),
('userpoints',0,167,169,'en',0,0),
('userpoints',0,168,170,'en',0,0),
('tags',0,169,30,'en',0,0),
('tutorial_parts',0,170,104,'en',0,0),
('tutorial_parts',0,171,105,'en',0,0),
('tutorial_required_tools',0,172,144,'en',0,0),
('tutorial_required_tools',0,173,145,'en',0,0),
('tutorial_parts',0,174,106,'en',0,0),
('tutorial_parts',0,175,107,'en',0,0),
('tutorial_parts',0,176,108,'en',0,0),
('tutorial_parts',0,177,109,'en',0,0),
('tutorial_parts',0,178,110,'en',0,0),
('tutorial_parts',0,180,111,'en',0,0),
('tutorial_required_tools',0,181,146,'en',0,0),
('faq_categories',0,182,160,'en',0,0),
('faq_categories',0,183,161,'en',0,0),
('faq_categories',0,184,162,'en',0,0),
('faq_categories',0,185,163,'en',0,0),
('faq_categories',0,186,164,'en',0,0),
('faq_categories',0,187,165,'en',0,0),
('tags',0,188,31,'en',0,0),
('tutorial_parts',0,189,112,'en',0,0),
('tutorial_parts',0,190,113,'en',0,0),
('userpoints',0,191,171,'en',0,0),
('tutorial_parts',0,192,114,'en',0,0),
('tutorial_parts',0,193,115,'en',0,0),
('tutorial_parts',0,194,116,'en',0,0),
('tutorial_parts',0,195,117,'en',0,0),
('tutorial_parts',0,196,118,'en',0,0),
('tutorial_parts',0,197,119,'en',0,0),
('tutorial_parts',0,198,120,'en',0,0),
('tags',0,199,32,'en',0,0),
('faq_categories',0,204,166,'en',0,0),
('tags',0,205,33,'en',0,0),
('faq_categories',0,206,167,'en',0,0),
('tutorial_parts',0,213,121,'en',0,0),
('tutorial_parts',0,215,122,'en',0,0),
('tutorial_parts',0,216,123,'en',0,0),
('tutorial_parts',0,217,124,'en',0,0),
('tutorial_parts',0,218,125,'en',0,0),
('tutorial_parts',0,219,126,'en',0,0),
('tutorial_parts',0,220,127,'en',0,0),
('tags',0,221,34,'en',0,0),
('tutorial_parts',0,222,128,'en',0,0),
('tutorial_parts',0,223,129,'en',0,0),
('tutorial_parts',0,224,130,'en',0,0),
('tutorial_parts',0,225,131,'en',0,0),
('tutorial_parts',0,226,132,'en',0,0),
('tags',0,227,35,'en',0,0),
('tutorial_parts',0,228,133,'en',0,0),
('tags',0,229,172,'en',0,0),
('tags',0,230,173,'en',0,0),
('tags',0,231,174,'en',0,0);
commit;

--
-- Table structure for table `taxonomy_term_data`
--

CREATE TABLE `taxonomy_term_data` (
  `tid` int(10) unsigned NOT NULL AUTO_INCREMENT,
  `revision_id` int(10) unsigned DEFAULT NULL,
  `vid` varchar(32) CHARACTER SET ascii COLLATE ascii_general_ci NOT NULL COMMENT 'The ID of the target entity.',
  `uuid` varchar(128) CHARACTER SET ascii COLLATE ascii_general_ci NOT NULL,
  `langcode` varchar(12) CHARACTER SET ascii COLLATE ascii_general_ci NOT NULL,
  PRIMARY KEY (`tid`),
  UNIQUE KEY `taxonomy_term_field__uuid__value` (`uuid`),
  UNIQUE KEY `taxonomy_term__revision_id` (`revision_id`),
  KEY `taxonomy_term_field__vid__target_id` (`vid`)
) ENGINE=InnoDB AUTO_INCREMENT=232 DEFAULT CHARSET=utf8mb4 COLLATE=utf8mb4_general_ci COMMENT='The base table for taxonomy_term entities.';

--
-- Dumping data for table `taxonomy_term_data`
--

set autocommit=0;
INSERT INTO `taxonomy_term_data` VALUES
(42,1,'tags','64059ace-da0a-474d-a434-0ce92b40cb57','en'),
(43,2,'tags','9bb8b7a9-d764-42bb-8273-c2605cabe8b1','en'),
(44,3,'tags','603df780-6d04-4d86-9a36-8b9ecedd6acd','en'),
(47,36,'tutorial_parts','3480e2e3-e6e0-464e-bf41-e65a68f8d18e','en'),
(48,147,'tutorial_restrictions','11e6bc5c-fc49-4814-a179-7e6aeb6198c9','en'),
(49,148,'tutorial_restrictions','f1bde3d2-b912-4849-a745-51fe4f23ab67','en'),
(50,149,'tutorial_restrictions','5b807b74-8d06-407b-b269-3aec743dc369','en'),
(51,150,'tutorial_restrictions','a88729b9-1e17-42ed-a0fc-0aa30175e418','en'),
(52,151,'tutorial_restrictions','011370c5-b7ed-4584-aa64-1314d77c6825','en'),
(53,134,'tutorial_required_tools','d0882965-642c-42c3-80ed-4eecf0a7f4b5','en'),
(54,135,'tutorial_required_tools','42027277-bfc6-4dea-bda7-7e56be7e78c5','en'),
(55,136,'tutorial_required_tools','4a90b221-be3f-447f-94cf-8808741d6d45','en'),
(56,137,'tutorial_required_tools','89379367-5680-4a11-ab9c-dbc9d9746df1','en'),
(57,138,'tutorial_required_tools','ab48fb3d-0dc9-4114-83d2-d9e1a831c6c8','en'),
(58,139,'tutorial_required_tools','8efcdc66-855a-4338-b98e-387f3518a9da','en'),
(59,140,'tutorial_required_tools','32dbb5e9-65c2-4eee-8f24-670bcc8e9c3b','en'),
(60,141,'tutorial_required_tools','3491f427-476e-45b4-93e8-d8ccc3fa162e','en'),
(61,142,'tutorial_required_tools','e8579efa-318d-491c-8ba3-6336c3517c3c','en'),
(62,143,'tutorial_required_tools','eee14832-262b-47bd-a9aa-0797800bf9ee','en'),
(63,156,'tutorial_budget','4b9f41f9-cf8c-47d8-b496-da52b0c345b3','en'),
(64,157,'tutorial_budget','99311c52-0753-4833-9894-46defddee356','en'),
(65,158,'tutorial_budget','9bc750ea-e2b0-44ea-9a21-182499cb0b06','en'),
(66,159,'tutorial_budget','70ddc33b-318d-479d-849c-ca5176a1bdd6','en'),
(67,152,'tutorial_time','c2509c76-86ca-467c-8804-fa39cc3b931b','en'),
(68,153,'tutorial_time','79a8d17d-e14d-43d1-b106-2e5f1f016dd4','en'),
(69,154,'tutorial_time','0f227a77-eeba-4d5f-a1eb-146cf9f5cb00','en'),
(70,155,'tutorial_time','73f80e32-029d-4326-bb07-6bb71844d6a4','en'),
(71,37,'tutorial_parts','b5ed5063-f4d0-49ad-b5bf-cb8a75655cde','en'),
(72,38,'tutorial_parts','46cacd33-2def-4ee5-a4b3-1e648a822d48','en'),
(73,39,'tutorial_parts','8d04bdd4-87d6-41cd-82f1-6fb489f9d834','en'),
(74,40,'tutorial_parts','1c2e55d3-1aaf-4810-aa77-0bbcef064a15','en'),
(75,41,'tutorial_parts','9d086111-4ae1-4e57-85bc-d19c098f468b','en'),
(76,42,'tutorial_parts','017c0de3-0589-480e-b1d9-a1e2af8b78e5','en'),
(77,43,'tutorial_parts','bb50ded4-fdfe-4915-9e0f-cf018795ee87','en'),
(78,44,'tutorial_parts','f3bc3ce1-d087-47b6-9f25-d8c7fb9c252c','en'),
(79,45,'tutorial_parts','cbb9aee2-070c-48f0-94d4-4a68dc36fdb2','en'),
(80,46,'tutorial_parts','2732ed6f-bf1c-4ed9-89d3-e10693769275','en'),
(81,47,'tutorial_parts','0f52542c-c8ae-4a7d-a583-d505127c4908','en'),
(82,48,'tutorial_parts','21e60d2a-9550-4947-a9be-bf21976a8f25','en'),
(83,49,'tutorial_parts','4f6a728a-ed4b-4fc4-81dd-956dfa03e8a9','en'),
(84,50,'tutorial_parts','07b4b03a-b2a0-493c-a52e-524a03bc7ceb','en'),
(85,51,'tutorial_parts','669e65d3-64cb-464b-89e7-4ad7d29a441f','en'),
(86,52,'tutorial_parts','36c3affa-8f8c-4b35-ac86-da141978f320','en'),
(87,53,'tutorial_parts','de388651-1d41-4f1a-a89a-65f75a9a56ef','en'),
(88,54,'tutorial_parts','897753c7-0821-4345-9d9c-4d5d99c447f1','en'),
(89,55,'tutorial_parts','6a1f494f-982f-44fa-83d6-bfe31c71f4e0','en'),
(90,56,'tutorial_parts','91fe24e2-987f-44fd-a2f6-dad331ac22e0','en'),
(91,57,'tutorial_parts','87bf3de7-b17d-4eba-899f-c1636538563a','en'),
(92,58,'tutorial_parts','43d43464-a247-4ead-bce4-9cfc264c38af','en'),
(93,59,'tutorial_parts','a8a100be-8e61-4460-8ba1-5ff0a0a5cb7a','en'),
(94,60,'tutorial_parts','46660367-a253-4dc3-8485-b7583315f3f4','en'),
(95,61,'tutorial_parts','d95589f9-6e6a-4472-ab82-79930e8ff432','en'),
(96,62,'tutorial_parts','d2c38511-c84b-4220-9476-293b99dd3508','en'),
(97,63,'tutorial_parts','81ac24fb-78d2-4c8d-ac31-83c1c53b78db','en'),
(98,64,'tutorial_parts','ea62e7e2-3b24-4e2e-9bb9-dae752edd93b','en'),
(99,65,'tutorial_parts','36063e26-9b1f-4252-ba20-53c57ef38d0a','en'),
(100,66,'tutorial_parts','679869f3-49e0-40c2-89c6-2104e4d12949','en'),
(101,67,'tutorial_parts','702483c5-e528-4aad-a2e0-74819e92bf19','en'),
(102,68,'tutorial_parts','ad610a86-fc47-4eeb-905e-6862054abe1d','en'),
(103,69,'tutorial_parts','116dc0bd-0821-43f1-9152-6bdf786e1c2e','en'),
(104,70,'tutorial_parts','a1fc0a30-0006-4a38-ba86-2bee4363867d','en'),
(105,71,'tutorial_parts','abbd5493-81a5-4567-b8cc-262001d57574','en'),
(106,72,'tutorial_parts','35b5029f-5848-4d03-9aee-eac8a89663e1','en'),
(107,73,'tutorial_parts','90e38521-d7ce-4bd7-a0eb-72654c6a1a97','en'),
(108,74,'tutorial_parts','cac11a75-4fa7-4481-9452-928cab68be69','en'),
(109,75,'tutorial_parts','11cb3c86-adc6-426e-9f82-7f65202cfcab','en'),
(110,76,'tutorial_parts','cd2de6b2-9733-40f8-9aa5-765885a618b9','en'),
(111,77,'tutorial_parts','8bfdc3fa-a5f3-4ce8-9e92-e6692ad7bc76','en'),
(112,78,'tutorial_parts','7bd409a5-8ab5-4a1a-ba34-bf736017b6e2','en'),
(113,79,'tutorial_parts','1ad87ab9-a69d-4ae3-85ac-12b9fe12358b','en'),
(114,80,'tutorial_parts','84ba36c2-0c26-4fb2-a50d-fada72834eed','en'),
(115,81,'tutorial_parts','80f29751-6afc-4580-940b-bb9dd2730d16','en'),
(116,82,'tutorial_parts','034e8b59-72b9-406e-9d94-7c9a5c02ba54','en'),
(117,83,'tutorial_parts','c634d8ee-d5b0-4875-b1c0-38e4e62fd1e2','en'),
(118,84,'tutorial_parts','3b7aad43-8026-4550-b9d0-6fa83642b0cf','en'),
(119,85,'tutorial_parts','82e032af-86d0-4e4d-9926-1074a6be674e','en'),
(120,86,'tutorial_parts','d60a611e-392e-4811-9af1-214a18890b44','en'),
(121,87,'tutorial_parts','873297eb-a69d-44b8-a19b-72b4070252bb','en'),
(122,88,'tutorial_parts','b68d11ef-143f-4311-b385-4b06cd40c23c','en'),
(123,89,'tutorial_parts','d96a42a4-147f-42b7-8011-870088a5144d','en'),
(126,90,'tutorial_parts','d5b5dfb9-ae8b-4016-b37b-66d987120267','en'),
(127,91,'tutorial_parts','bdc99d5c-2f91-46e2-8b31-3c0b4946081f','en'),
(128,92,'tutorial_parts','c04dc202-a800-47cc-babf-48eacf129199','en'),
(129,93,'tutorial_parts','01ac1d9b-3d96-43f0-a8d1-ca85bc264ce1','en'),
(130,4,'tags','a0d05b4d-8cd9-49d5-8328-899e99b5713b','en'),
(131,5,'tags','71db36d1-90af-4bb5-a618-c9f362b89898','en'),
(132,6,'tags','21d31117-2046-4b79-a27e-090417bf3599','en'),
(133,7,'tags','24f62deb-233d-459f-a1a7-c264edfc10ba','en'),
(134,8,'tags','f8973887-3660-44bf-80fe-7f382936a760','en'),
(135,9,'tags','6fad0174-0773-41df-bc89-41e5f8ae9dc4','en'),
(136,10,'tags','f3850446-5601-4547-b55d-216825044042','en'),
(137,11,'tags','07e4bf66-c46b-47df-ba3d-04e74caa9923','en'),
(138,12,'tags','6bf8aa31-ad86-4ef7-a169-e9912ccf4f7f','en'),
(139,13,'tags','2ea1cedd-f213-4b81-a081-ce1b3feb0298','en'),
(140,14,'tags','ba0ea8b7-8730-4006-bb94-4f8edb85fe0e','en'),
(141,15,'tags','4cb53091-e661-4b3f-b076-32414f46c95b','en'),
(142,16,'tags','1a0448fb-ddb2-441f-a8ae-f862f098c207','en'),
(143,17,'tags','9124aea6-1128-4d49-9006-187763b2ec6b','en'),
(144,18,'tags','49e6eb9b-16cf-4517-8ff1-b4ac3c5bb7e7','en'),
(145,19,'tags','4331c206-319c-4e3e-801c-d5421e1a935f','en'),
(146,20,'tags','555109fe-6adb-41b5-9522-28726803e5f2','en'),
(147,21,'tags','70193775-c2ec-41c9-bbd2-766e896673f0','en'),
(148,22,'tags','61b13c91-7342-4fd1-9046-fb181e9d2c1c','en'),
(149,23,'tags','283b9e12-35f5-4daf-a681-6eb33c51d032','en'),
(150,24,'tags','d357ba49-b5bf-40ea-b56b-8c12841f0e56','en'),
(151,25,'tags','d3100886-0969-4a88-9d43-c23e5ef235cc','en'),
(152,26,'tags','fdb6c478-70f0-417b-a0cb-70862a5f930f','en'),
(153,27,'tags','e2465130-97b0-4bc9-9a7a-55170c2cdcb8','en'),
(154,28,'tags','dd891b77-e03b-495b-b214-d14ae8328177','en'),
(155,94,'tutorial_parts','adc5e71d-718c-4941-9766-e3fc256028af','en'),
(156,29,'tags','5a3dc01c-d021-4f64-aaab-d128df288ad1','en'),
(157,95,'tutorial_parts','e2dbed6c-4f72-4052-b1a4-eb8c97a9da96','en'),
(158,96,'tutorial_parts','7742a600-751e-43b1-99ad-6bd10fd9ef43','en'),
(159,97,'tutorial_parts','98ad46f5-7f7a-44b0-bfaa-0c39b1f1d1d7','en'),
(160,98,'tutorial_parts','d1cde0bc-bd4d-40b5-a529-688577dc86f0','en'),
(161,99,'tutorial_parts','d0842c96-aabc-4079-8b12-1a5605effd74','en'),
(162,100,'tutorial_parts','3a3ccf47-bfc5-4f56-9ae6-84e43926899d','en'),
(163,101,'tutorial_parts','d7df50be-392a-4b92-9b47-f9434d46ddf0','en'),
(164,102,'tutorial_parts','7fb0213a-d14c-4089-b71e-847a0788c328','en'),
(165,103,'tutorial_parts','28018828-a43d-40c6-a71a-6082bfa9a17d','en'),
(166,168,'userpoints','a12cf854-4caa-4208-b841-c5cf6c2fbfc0','en'),
(167,169,'userpoints','a72cb0fb-677a-4ea2-9dee-e83c52577770','en'),
(168,170,'userpoints','18df3a98-6528-434a-be83-8a751d8e69d0','en'),
(169,30,'tags','e63e724c-8c85-45f6-bec2-469d237646fb','en'),
(170,104,'tutorial_parts','7469a32d-8933-4b0a-8921-b811283cb925','en'),
(171,105,'tutorial_parts','08e88236-8287-41c1-a78d-1968f8a4a816','en'),
(172,144,'tutorial_required_tools','03ee97df-58a5-4b10-be9b-51a07f14b192','en'),
(173,145,'tutorial_required_tools','f4b9e1e4-1e80-44fb-bcdb-1af539404248','en'),
(174,106,'tutorial_parts','e0939f21-f2cd-4e04-ae6d-fee496c5d094','en'),
(175,107,'tutorial_parts','22971729-b161-400b-89da-2bf90a42788e','en'),
(176,108,'tutorial_parts','d534fe91-0a43-4f56-8fc4-0f0b5fa500f4','en'),
(177,109,'tutorial_parts','65a077c2-ad9a-416b-9724-574b4df67e81','en'),
(178,110,'tutorial_parts','892e63ca-a94b-4a58-b5ae-c9d96ae1a4bf','en'),
(180,111,'tutorial_parts','487ebddd-b71a-4b83-bca4-84ace49d0a0f','en'),
(181,146,'tutorial_required_tools','fe9e277d-0fc7-473a-a554-1751c9c1a862','en'),
(182,160,'faq_categories','6780c7ca-657c-476d-9885-ff938016f464','en'),
(183,161,'faq_categories','675e3f50-89fc-4a81-b38f-6baf048d421c','en'),
(184,162,'faq_categories','7337f683-5156-4572-8561-527a6d1343f4','en'),
(185,163,'faq_categories','b6f66be1-d7ec-49bf-8c8c-309fa1268c5a','en'),
(186,164,'faq_categories','805a16e2-603c-42e3-b726-c4bf94bf292b','en'),
(187,165,'faq_categories','0391948f-193b-402e-bf94-44f0090eec05','en'),
(188,31,'tags','ed57322a-24d8-43f2-bf1c-08fd452e64d3','en'),
(189,112,'tutorial_parts','3f1c7c4e-190d-4464-85ff-2e0e6bc7b544','en'),
(190,113,'tutorial_parts','80e4862c-9729-4564-a220-f9baf4af9634','en'),
(191,171,'userpoints','0b87ba32-0caf-40b9-b9fc-7e8d197827d4','en'),
(192,114,'tutorial_parts','f483652e-a885-495f-a01c-21b4cbec3a87','en'),
(193,115,'tutorial_parts','72d269ac-1a01-43dc-a165-3539e60ed04d','en'),
(194,116,'tutorial_parts','052c1ef0-616a-4f5e-b20f-a6466532126f','en'),
(195,117,'tutorial_parts','61f9a96f-0143-45d1-99ea-e65efc0ec077','en'),
(196,118,'tutorial_parts','04e8b42a-941b-4a51-b618-4ab4623b0ca3','en'),
(197,119,'tutorial_parts','2c143819-4e99-4774-8c8d-86109ff7a66e','en'),
(198,120,'tutorial_parts','66b2b91a-a097-409c-b017-c28fb4023eb7','en'),
(199,32,'tags','726c09fa-62e8-4e99-ae35-b8062534ae17','en'),
(204,166,'faq_categories','1daa71ba-cbad-4a76-90a7-b0ec1f11d461','en'),
(205,33,'tags','8e0f3250-a9b2-488e-8c5f-87977865f6c1','en'),
(206,167,'faq_categories','58883de2-ec08-4583-bcb9-0599eee0c8a7','en'),
(213,121,'tutorial_parts','a5aa097e-aed8-4312-8add-4c5eaf43bb82','en'),
(215,122,'tutorial_parts','a29fdd17-ee22-4a70-befd-d44f6cb80a32','en'),
(216,123,'tutorial_parts','0f435722-0f5e-4699-be25-7dc24832431a','en'),
(217,124,'tutorial_parts','e3c021d6-32ba-4409-98bf-975c33e92cbb','en'),
(218,125,'tutorial_parts','59dd695e-a115-43ec-b6a9-668de80093cd','en'),
(219,126,'tutorial_parts','f234d681-f8e9-4acd-9a63-7e48076ece28','en'),
(220,127,'tutorial_parts','3d8d9769-be75-4771-a771-f2a880c4c6f0','en'),
(221,34,'tags','4f0ece61-7c0e-4f32-8086-5590a0f240f2','en'),
(222,128,'tutorial_parts','fbd543cf-d37d-444c-a992-842bfbe27fae','en'),
(223,129,'tutorial_parts','7043f462-cdf8-4cf9-ab81-3d24b08d509a','en'),
(224,130,'tutorial_parts','c1ba5bee-231b-4e63-99de-84f71e95495d','en'),
(225,131,'tutorial_parts','78d4e662-72da-46a6-9834-be5a5a8c182d','en'),
(226,132,'tutorial_parts','2c875de2-85d4-4e45-9695-f5acf3ccb95b','en'),
(227,35,'tags','b6442fa2-e0e4-4309-9a14-f9ca28a7bd9f','en'),
(228,133,'tutorial_parts','7aefea02-8299-4d27-b9c9-3f785184505e','en'),
(229,172,'tags','a503d768-adbf-43fe-b646-bf512a1137a7','en'),
(230,173,'tags','4cdd3348-c82a-4a86-8104-e3a0c23ec815','en'),
(231,174,'tags','d4b5c86d-5161-45b3-897b-a437ff32299d','en');
commit;

--
-- Table structure for table `taxonomy_term_field_data`
--

CREATE TABLE `taxonomy_term_field_data` (
  `tid` int(10) unsigned NOT NULL,
  `revision_id` int(10) unsigned NOT NULL,
  `vid` varchar(32) CHARACTER SET ascii COLLATE ascii_general_ci NOT NULL COMMENT 'The ID of the target entity.',
  `langcode` varchar(12) CHARACTER SET ascii COLLATE ascii_general_ci NOT NULL,
  `status` tinyint(4) NOT NULL,
  `name` varchar(255) NOT NULL,
  `description__value` longtext DEFAULT NULL,
  `description__format` varchar(255) CHARACTER SET ascii COLLATE ascii_general_ci DEFAULT NULL,
  `weight` int(11) NOT NULL,
  `changed` int(11) DEFAULT NULL,
  `default_langcode` tinyint(4) NOT NULL,
  `revision_translation_affected` tinyint(4) DEFAULT NULL,
  `publish_on` int(11) DEFAULT NULL,
  `unpublish_on` int(11) DEFAULT NULL,
  PRIMARY KEY (`tid`,`langcode`),
  KEY `taxonomy_term__id__default_langcode__langcode` (`tid`,`default_langcode`,`langcode`),
  KEY `taxonomy_term__revision_id` (`revision_id`),
  KEY `taxonomy_term_field__name` (`name`(191)),
  KEY `taxonomy_term__status_vid` (`status`,`vid`,`tid`),
  KEY `taxonomy_term__tree` (`vid`,`weight`,`name`(191)),
  KEY `taxonomy_term__vid_name` (`vid`,`name`(191))
) ENGINE=InnoDB DEFAULT CHARSET=utf8mb4 COLLATE=utf8mb4_general_ci COMMENT='The data table for taxonomy_term entities.';

--
-- Dumping data for table `taxonomy_term_field_data`
--

set autocommit=0;
INSERT INTO `taxonomy_term_field_data` VALUES
(42,1,'tags','en',1,'Tutorial',NULL,NULL,0,NULL,1,1,NULL,NULL),
(43,2,'tags','en',1,'Cage',NULL,NULL,0,NULL,1,1,NULL,NULL),
(44,3,'tags','en',1,'Predicament Bondage',NULL,NULL,0,NULL,1,1,NULL,NULL),
(47,36,'tutorial_parts','en',1,'Locking leather cuffs',NULL,NULL,0,1617055466,1,1,NULL,NULL),
(48,147,'tutorial_restrictions','en',1,'Live with roommates/Need to be discrete',NULL,NULL,0,1617055582,1,1,NULL,NULL),
(49,148,'tutorial_restrictions','en',1,'Frequent visitors/Need to hide kinky gear',NULL,NULL,1,1617055582,1,1,NULL,NULL),
(50,149,'tutorial_restrictions','en',1,'Live alone/No need to be discrete',NULL,NULL,2,1617055582,1,1,NULL,NULL),
(51,150,'tutorial_restrictions','en',1,'Renter/Cannot damage walls or ceilings',NULL,NULL,3,1617055582,1,1,NULL,NULL),
(52,151,'tutorial_restrictions','en',1,'Lack of storage space',NULL,NULL,4,1617055582,1,1,NULL,NULL),
(53,134,'tutorial_required_tools','en',1,'Screwdriver',NULL,NULL,1,1617055566,1,1,NULL,NULL),
(54,135,'tutorial_required_tools','en',1,'Hammer',NULL,NULL,2,1617055566,1,1,NULL,NULL),
(55,136,'tutorial_required_tools','en',1,'Hand saw',NULL,NULL,4,1617055566,1,1,NULL,NULL),
(56,137,'tutorial_required_tools','en',1,'Power drill',NULL,NULL,6,1617055566,1,1,NULL,NULL),
(57,138,'tutorial_required_tools','en',1,'Rotary tool',NULL,NULL,10,1617055566,1,1,NULL,NULL),
(58,139,'tutorial_required_tools','en',1,'Hole saw',NULL,NULL,8,1617055568,1,1,NULL,NULL),
(59,140,'tutorial_required_tools','en',1,'Drill press',NULL,NULL,11,1617055568,1,1,NULL,NULL),
(60,141,'tutorial_required_tools','en',1,'Power saw',NULL,NULL,12,1617055568,1,1,NULL,NULL),
(61,142,'tutorial_required_tools','en',1,'Tube cutter',NULL,NULL,5,1617055568,1,1,NULL,NULL),
(62,143,'tutorial_required_tools','en',1,'No tools required',NULL,NULL,0,1617055568,1,1,NULL,NULL),
(63,156,'tutorial_budget','en',1,'Less than $10 USD',NULL,NULL,0,1617055602,1,1,NULL,NULL),
(64,157,'tutorial_budget','en',1,'$10 to $20 USD',NULL,NULL,1,1617055602,1,1,NULL,NULL),
(65,158,'tutorial_budget','en',1,'$20 to $50 USD',NULL,NULL,2,1617055602,1,1,NULL,NULL),
(66,159,'tutorial_budget','en',1,'More than $50 USD',NULL,NULL,3,1617055602,1,1,NULL,NULL),
(67,152,'tutorial_time','en',1,'Less than 15 minutes',NULL,NULL,0,1617055592,1,1,NULL,NULL),
(68,153,'tutorial_time','en',1,'15 to 30 minutes',NULL,NULL,1,1617055592,1,1,NULL,NULL),
(69,154,'tutorial_time','en',1,'30 minutes to 1 hour',NULL,NULL,2,1617055592,1,1,NULL,NULL),
(70,155,'tutorial_time','en',1,'More than 1 hour',NULL,NULL,3,1617055592,1,1,NULL,NULL),
(71,37,'tutorial_parts','en',1,'Vibrating wand',NULL,NULL,0,1617055466,1,1,NULL,NULL),
(72,38,'tutorial_parts','en',1,'Chain link handcuffs',NULL,NULL,0,1617055466,1,1,NULL,NULL),
(73,39,'tutorial_parts','en',1,'Adjustable spreader bar',NULL,NULL,0,1617055466,1,1,NULL,NULL),
(74,40,'tutorial_parts','en',1,'Spreader bar',NULL,NULL,0,1617055466,1,1,NULL,NULL),
(75,41,'tutorial_parts','en',1,'Utility straps with quick release',NULL,NULL,0,1617055467,1,1,NULL,NULL),
(76,42,'tutorial_parts','en',1,'Eye bolts - 5/16-18 x 3-1/4 inch',NULL,NULL,0,1617055467,1,1,NULL,NULL),
(77,43,'tutorial_parts','en',1,'Self-stick Velcro',NULL,NULL,0,1617055467,1,1,NULL,NULL),
(78,44,'tutorial_parts','en',1,'Wooden stools - 24 inches high with square legs',NULL,NULL,0,1617055467,1,1,NULL,NULL),
(79,45,'tutorial_parts','en',1,'Conductive rubber e-stim cock loops',NULL,NULL,0,1617055467,1,1,NULL,NULL),
(80,46,'tutorial_parts','en',1,'E-stim cock straps',NULL,NULL,0,1617055467,1,1,NULL,NULL),
(81,47,'tutorial_parts','en',1,'Electro eggs',NULL,NULL,0,1617055467,1,1,NULL,NULL),
(82,48,'tutorial_parts','en',1,'The Red Collection e-stim insertables',NULL,NULL,0,1617055469,1,1,NULL,NULL),
(83,49,'tutorial_parts','en',1,'Electro-sex gel',NULL,NULL,0,1617055469,1,1,NULL,NULL),
(84,50,'tutorial_parts','en',1,'Carpet chair mat',NULL,NULL,0,1617055469,1,1,NULL,NULL),
(85,51,'tutorial_parts','en',1,'Clear self-stick velcro tape',NULL,NULL,0,1617055469,1,1,NULL,NULL),
(86,52,'tutorial_parts','en',1,'Abox e-stim power box',NULL,NULL,0,1617055469,1,1,NULL,NULL),
(87,53,'tutorial_parts','en',1,'ElectroPebble e-stim power box',NULL,NULL,0,1617055469,1,1,NULL,NULL),
(88,54,'tutorial_parts','en',1,'2B Pro Pack e-stim power box',NULL,NULL,0,1617055470,1,1,NULL,NULL),
(89,55,'tutorial_parts','en',1,'SensaVox Deluxe e-stim power box',NULL,NULL,0,1617055470,1,1,NULL,NULL),
(90,56,'tutorial_parts','en',1,'Adjustable dumbbell set - 25 lb. (12.5 lb. each)',NULL,NULL,0,1617055470,1,1,NULL,NULL),
(91,57,'tutorial_parts','en',1,'Adjustable sawhorses',NULL,NULL,0,1617055470,1,1,NULL,NULL),
(92,58,'tutorial_parts','en',1,'Treadmill mat',NULL,NULL,0,1617055470,1,1,NULL,NULL),
(93,59,'tutorial_parts','en',1,'CB-6000s chastity cage',NULL,NULL,0,1617055470,1,1,NULL,NULL),
(94,60,'tutorial_parts','en',1,'Rope lock tie down - 8 feet x 1/4 inch',NULL,NULL,0,1617055472,1,1,NULL,NULL),
(95,61,'tutorial_parts','en',1,'Ratchet tie down strap',NULL,NULL,0,1617055472,1,1,NULL,NULL),
(96,62,'tutorial_parts','en',1,'Wood handscrew clamp',NULL,NULL,0,1617055472,1,1,NULL,NULL),
(97,63,'tutorial_parts','en',1,'Dog crate',NULL,NULL,0,1617055472,1,1,NULL,NULL),
(98,64,'tutorial_parts','en',1,'Scissor jack',NULL,NULL,0,1617055472,1,1,NULL,NULL),
(99,65,'tutorial_parts','en',1,'CB-6000 chastity cage',NULL,NULL,0,1617055473,1,1,NULL,NULL),
(100,66,'tutorial_parts','en',1,'Holy Trainer v2 chastity cage',NULL,NULL,0,1617055473,1,1,NULL,NULL),
(101,67,'tutorial_parts','en',1,'Jail House chastity cage',NULL,NULL,0,1617055473,1,1,NULL,NULL),
(102,68,'tutorial_parts','en',1,'Bird Cage chastity cage',NULL,NULL,0,1617055473,1,1,NULL,NULL),
(103,69,'tutorial_parts','en',1,'Master Series Extreme Urethral Chastity Cage',NULL,NULL,0,1617055473,1,1,NULL,NULL),
(104,70,'tutorial_parts','en',1,'Jail Bird chastity cage',NULL,NULL,0,1617055473,1,1,NULL,NULL),
(105,71,'tutorial_parts','en',1,'ErosTek Remote Control e-stim power box',NULL,NULL,0,1617055473,1,1,NULL,NULL),
(106,72,'tutorial_parts','en',1,'Bumble Ball',NULL,NULL,0,1617055475,1,1,NULL,NULL),
(107,73,'tutorial_parts','en',1,'Adjustable nipple clamps',NULL,NULL,0,1617055475,1,1,NULL,NULL),
(108,74,'tutorial_parts','en',1,'Clover clamps',NULL,NULL,0,1617055475,1,1,NULL,NULL),
(109,75,'tutorial_parts','en',1,'Silicone masturbation sleeve',NULL,NULL,0,1617055475,1,1,NULL,NULL),
(110,76,'tutorial_parts','en',1,'Humbler',NULL,NULL,0,1617055475,1,1,NULL,NULL),
(111,77,'tutorial_parts','en',1,'Nipple clamps to cock ring set',NULL,NULL,0,1617055475,1,1,NULL,NULL),
(112,78,'tutorial_parts','en',1,'Adjustable wand holder',NULL,NULL,0,1617055476,1,1,NULL,NULL),
(113,79,'tutorial_parts','en',1,'Lamp timer',NULL,NULL,0,1617055476,1,1,NULL,NULL),
(114,80,'tutorial_parts','en',1,'Vibrating cock ring',NULL,NULL,0,1617055476,1,1,NULL,NULL),
(115,81,'tutorial_parts','en',1,'Vibra Cup wand attachment',NULL,NULL,0,1617055476,1,1,NULL,NULL),
(116,82,'tutorial_parts','en',1,'Gun Oil water based lube',NULL,NULL,0,1617055476,1,1,NULL,NULL),
(117,83,'tutorial_parts','en',1,'Full chastity belt',NULL,NULL,0,1617055476,1,1,NULL,NULL),
(118,84,'tutorial_parts','en',1,'Nipple clamps with magnetic weights',NULL,NULL,0,1617055478,1,1,NULL,NULL),
(119,85,'tutorial_parts','en',1,'Bondage tape',NULL,NULL,0,1617055478,1,1,NULL,NULL),
(120,86,'tutorial_parts','en',1,'Kalis Teeth chastity device',NULL,NULL,0,1617055478,1,1,NULL,NULL),
(121,87,'tutorial_parts','en',1,'Foam pipe wrap',NULL,NULL,0,1617055478,1,1,NULL,NULL),
(122,88,'tutorial_parts','en',1,'Zeus Deluxe Digital Power Box',NULL,NULL,0,1617055478,1,1,NULL,NULL),
(123,89,'tutorial_parts','en',1,'Wooden dowels - 1 inch x 36 inches, sanded',NULL,NULL,0,1617055478,1,1,NULL,NULL),
(126,90,'tutorial_parts','en',1,'Breathable ball gag',NULL,NULL,0,1617055478,1,1,NULL,NULL),
(127,91,'tutorial_parts','en',1,'Ball gag',NULL,NULL,0,1617055479,1,1,NULL,NULL),
(128,92,'tutorial_parts','en',1,'Jennings gag',NULL,NULL,0,1617055479,1,1,NULL,NULL),
(129,93,'tutorial_parts','en',1,'Locking open mouth gag',NULL,NULL,0,1617055479,1,1,NULL,NULL),
(130,4,'tags','en',1,'Ass Play',NULL,NULL,0,NULL,1,1,NULL,NULL),
(131,5,'tags','en',1,'Bondage Wall',NULL,NULL,0,NULL,1,1,NULL,NULL),
(132,6,'tags','en',1,'CBT',NULL,NULL,0,NULL,1,1,NULL,NULL),
(133,7,'tags','en',1,'Chastity',NULL,NULL,0,NULL,1,1,NULL,NULL),
(134,8,'tags','en',1,'Edging',NULL,NULL,0,NULL,1,1,NULL,NULL),
(135,9,'tags','en',1,'E-stim',NULL,NULL,0,NULL,1,1,NULL,NULL),
(136,10,'tags','en',1,'Forced Workout',NULL,NULL,0,NULL,1,1,NULL,NULL),
(137,11,'tags','en',1,'Gagged',NULL,NULL,0,NULL,1,1,NULL,NULL),
(138,12,'tags','en',1,'Humiliation',NULL,NULL,0,NULL,1,1,NULL,NULL),
(139,13,'tags','en',1,'Interactive',NULL,NULL,0,NULL,1,1,NULL,NULL),
(140,14,'tags','en',1,'Milking',NULL,NULL,0,NULL,1,1,NULL,NULL),
(141,15,'tags','en',1,'Poll',NULL,NULL,0,NULL,1,1,NULL,NULL),
(142,16,'tags','en',1,'Puppy Play',NULL,NULL,0,NULL,1,1,NULL,NULL),
(143,17,'tags','en',1,'Racked',NULL,NULL,0,NULL,1,1,NULL,NULL),
(144,18,'tags','en',1,'Stocks',NULL,NULL,0,NULL,1,1,NULL,NULL),
(145,19,'tags','en',1,'Story',NULL,NULL,0,NULL,1,1,NULL,NULL),
(146,20,'tags','en',1,'Stress Position',NULL,NULL,0,NULL,1,1,NULL,NULL),
(147,21,'tags','en',1,'Tickling',NULL,NULL,0,NULL,1,1,NULL,NULL),
(148,22,'tags','en',1,'Video',NULL,NULL,0,NULL,1,1,NULL,NULL),
(149,23,'tags','en',1,'Video Friday',NULL,NULL,0,NULL,1,1,NULL,NULL),
(150,24,'tags','en',1,'Wooden Horse',NULL,NULL,0,NULL,1,1,NULL,NULL),
(151,25,'tags','en',1,'Coach',NULL,NULL,0,NULL,1,1,NULL,NULL),
(152,26,'tags','en',1,'Jocks',NULL,NULL,0,NULL,1,1,NULL,NULL),
(153,27,'tags','en',1,'Whipping',NULL,NULL,0,NULL,1,1,NULL,NULL),
(154,28,'tags','en',1,'Fucking',NULL,NULL,0,NULL,1,1,NULL,NULL),
(155,94,'tutorial_parts','en',1,'Rope',NULL,NULL,0,1617055479,1,1,NULL,NULL),
(156,29,'tags','en',1,'Feet',NULL,NULL,0,NULL,1,1,NULL,NULL),
(157,95,'tutorial_parts','en',1,'Electro Lockdown Chastity Cage',NULL,NULL,0,1617055479,1,1,NULL,NULL),
(158,96,'tutorial_parts','en',1,'Jennings mouth gag with strap',NULL,NULL,0,1617055481,1,1,NULL,NULL),
(159,97,'tutorial_parts','en',1,'Rubber hood',NULL,NULL,0,1617055481,1,1,NULL,NULL),
(160,98,'tutorial_parts','en',1,'Leather hood with built-in ball gag',NULL,NULL,0,1617055481,1,1,NULL,NULL),
(161,99,'tutorial_parts','en',1,'Dick gag',NULL,NULL,0,1617055481,1,1,NULL,NULL),
(162,100,'tutorial_parts','en',1,'Adjustable bungee cords',NULL,NULL,0,1617055481,1,1,NULL,NULL),
(163,101,'tutorial_parts','en',1,'Irish 8 handcuffs',NULL,NULL,0,1617055481,1,1,NULL,NULL),
(164,102,'tutorial_parts','en',1,'Darby style handcuffs',NULL,NULL,0,1617055482,1,1,NULL,NULL),
(165,103,'tutorial_parts','en',1,'Butt plug',NULL,NULL,0,1617055482,1,1,NULL,NULL),
(166,168,'userpoints','en',1,'Site activity',NULL,NULL,0,1617061682,1,1,NULL,NULL),
(167,169,'userpoints','en',1,'Kinkster referrals',NULL,NULL,0,1617061682,1,1,NULL,NULL),
(168,170,'userpoints','en',1,'Post sharing',NULL,NULL,0,1617061682,1,1,NULL,NULL),
(169,30,'tags','en',1,'Rimming',NULL,NULL,0,NULL,1,1,NULL,NULL),
(170,104,'tutorial_parts','en',1,'Rope lock tie down - 8 feet x 1/8 inch',NULL,NULL,0,1617055482,1,1,NULL,NULL),
(171,105,'tutorial_parts','en',1,'Parachute ball stretcher',NULL,NULL,0,1617055482,1,1,NULL,NULL),
(172,144,'tutorial_required_tools','en',1,'3/8-Inch Combination Wrench',NULL,NULL,3,1617055568,1,1,NULL,NULL),
(173,145,'tutorial_required_tools','en',1,'Safety glasses',NULL,NULL,9,1617055568,1,1,NULL,NULL),
(174,106,'tutorial_parts','en',1,'1/2\" Hinged split ring pipe hanger',NULL,NULL,0,1617055482,1,1,NULL,NULL),
(175,107,'tutorial_parts','en',1,'Vac-u-Lock Dildo - 8\"',NULL,NULL,0,1617055482,1,1,NULL,NULL),
(176,108,'tutorial_parts','en',1,'Vac-u-Lock Dildo - Stryker 9\" Realistic Cock',NULL,NULL,0,1617055484,1,1,NULL,NULL),
(177,109,'tutorial_parts','en',1,'Vac-u-Lock Fucking Machine Adapter',NULL,NULL,0,1617055484,1,1,NULL,NULL),
(178,110,'tutorial_parts','en',1,'3/8 Inch x 16 hex nuts',NULL,NULL,0,1617055484,1,1,NULL,NULL),
(180,111,'tutorial_parts','en',1,'3/8-16 x 3/4\"hex head bolts',NULL,NULL,0,1617055484,1,1,NULL,NULL),
(181,146,'tutorial_required_tools','en',1,'1/4 In. x 4 In. Drill Bit',NULL,NULL,7,1617055570,1,1,NULL,NULL),
(182,160,'faq_categories','en',1,'About this website',NULL,NULL,2,1617499870,1,1,NULL,NULL),
(183,161,'faq_categories','en',1,'I want to play',NULL,NULL,4,1617061645,1,1,NULL,NULL),
(184,162,'faq_categories','en',1,'Tutorial Tuesday',NULL,NULL,5,1617061645,1,1,NULL,NULL),
(185,163,'faq_categories','en',1,'Video Friday',NULL,NULL,6,1617061645,1,1,NULL,NULL),
(186,164,'faq_categories','en',1,'Story Saturday',NULL,NULL,7,1617061645,1,1,NULL,NULL),
(187,165,'faq_categories','en',1,'Gear questions',NULL,NULL,3,1617061645,1,1,NULL,NULL),
(188,31,'tags','en',1,'Bastinado',NULL,NULL,0,NULL,1,1,NULL,NULL),
(189,112,'tutorial_parts','en',1,'Leather blindfold',NULL,NULL,0,1617055485,1,1,NULL,NULL),
(190,113,'tutorial_parts','en',1,'Hinged handcuffs',NULL,NULL,0,1617055485,1,1,NULL,NULL),
(191,171,'userpoints','en',1,'Story contribution',NULL,NULL,0,1617061682,1,1,NULL,NULL),
(192,114,'tutorial_parts','en',1,'Zeus Electrosex Penis Bands',NULL,NULL,0,1617055485,1,1,NULL,NULL),
(193,115,'tutorial_parts','en',1,'Zeus Incite Electrosex Gel',NULL,NULL,0,1617055485,1,1,NULL,NULL),
(194,116,'tutorial_parts','en',1,'Silicone Bi-Polar Cock Ring Set',NULL,NULL,0,1617055485,1,1,NULL,NULL),
(195,117,'tutorial_parts','en',1,'Bulldog Harness 2.0 Color Piping',NULL,NULL,0,1617055487,1,1,NULL,NULL),
(196,118,'tutorial_parts','en',1,'Deluxe Humbler with e-stim attachment points',NULL,NULL,0,1617055487,1,1,NULL,NULL),
(197,119,'tutorial_parts','en',1,'Feather duster',NULL,NULL,0,1617055487,1,1,NULL,NULL),
(198,120,'tutorial_parts','en',1,'Chain - 2 foot length',NULL,NULL,0,1617055487,1,1,NULL,NULL),
(199,32,'tags','en',1,'Original Video',NULL,NULL,0,NULL,1,1,NULL,NULL),
(204,166,'faq_categories','en',1,'How to use this site/Where to find things',NULL,NULL,1,1617061646,1,1,NULL,NULL),
(205,33,'tags','en',1,'Watersports',NULL,NULL,0,NULL,1,1,NULL,NULL),
(206,167,'faq_categories','en',1,'Quick Start Guide',NULL,NULL,0,1617061646,1,1,NULL,NULL),
(213,121,'tutorial_parts','en',1,'Locking leather collar',NULL,NULL,0,1617055487,1,1,NULL,NULL),
(215,122,'tutorial_parts','en',1,'Wooden dowels - 1/2 inch x 36 inches, sanded',NULL,NULL,0,1617055487,1,1,NULL,NULL),
(216,123,'tutorial_parts','en',1,'Leg irons',NULL,NULL,0,1617055488,1,1,NULL,NULL),
(217,124,'tutorial_parts','en',1,'Combination lockbox',NULL,NULL,0,1617055488,1,1,NULL,NULL),
(218,125,'tutorial_parts','en',1,'Winch (600 pound capacity)',NULL,NULL,0,1617055488,1,1,NULL,NULL),
(219,126,'tutorial_parts','en',1,'The Milker Automatic Deluxe Stroker Machine',NULL,NULL,0,1617055488,1,1,NULL,NULL),
(220,127,'tutorial_parts','en',1,'Realistic Cocks',NULL,NULL,0,1617055488,1,1,NULL,NULL),
(221,34,'tags','en',1,'Chairor of Terror',NULL,NULL,0,1617221158,1,1,NULL,NULL),
(222,128,'tutorial_parts','en',1,'Nylon Webbing Hook and Loop Cinch Straps',NULL,NULL,0,1617055490,1,1,NULL,NULL),
(223,129,'tutorial_parts','en',1,'Strict Leather Bishop Head Harness with Removeable Gag',NULL,NULL,0,1617055490,1,1,NULL,NULL),
(224,130,'tutorial_parts','en',1,'Remotely Controllable Vibrating Wand',NULL,NULL,0,1617055490,1,1,NULL,NULL),
(225,131,'tutorial_parts','en',1,'Domi Vibrating Wand Attachment',NULL,NULL,0,1617055491,1,1,NULL,NULL),
(226,132,'tutorial_parts','en',1,'Matrix Multi-Angle Fucking Machine',NULL,NULL,0,1617055491,1,1,NULL,NULL),
(227,35,'tags','en',1,'Nipple Play',NULL,NULL,0,NULL,1,1,NULL,NULL),
(228,133,'tutorial_parts','en',1,'JETT Penis Vibrator',NULL,NULL,0,1617055491,1,1,NULL,NULL),
(229,172,'tags','en',1,'Bondage Board',NULL,NULL,0,1617221205,1,1,NULL,NULL),
(230,173,'tags','en',1,'Bondage Stool',NULL,NULL,0,1617221247,1,1,NULL,NULL),
(231,174,'tags','en',1,'Bondage Table',NULL,NULL,0,1617221255,1,1,NULL,NULL);
commit;

--
-- Table structure for table `taxonomy_term_field_revision`
--

CREATE TABLE `taxonomy_term_field_revision` (
  `tid` int(10) unsigned NOT NULL,
  `revision_id` int(10) unsigned NOT NULL,
  `langcode` varchar(12) CHARACTER SET ascii COLLATE ascii_general_ci NOT NULL,
  `status` tinyint(4) NOT NULL,
  `name` varchar(255) DEFAULT NULL,
  `description__value` longtext DEFAULT NULL,
  `description__format` varchar(255) CHARACTER SET ascii COLLATE ascii_general_ci DEFAULT NULL,
  `changed` int(11) DEFAULT NULL,
  `default_langcode` tinyint(4) NOT NULL,
  `revision_translation_affected` tinyint(4) DEFAULT NULL,
  `publish_on` int(11) DEFAULT NULL,
  `unpublish_on` int(11) DEFAULT NULL,
  PRIMARY KEY (`revision_id`,`langcode`),
  KEY `taxonomy_term__id__default_langcode__langcode` (`tid`,`default_langcode`,`langcode`),
  KEY `taxonomy_term_field__description__format` (`description__format`)
) ENGINE=InnoDB DEFAULT CHARSET=utf8mb4 COLLATE=utf8mb4_general_ci COMMENT='The revision data table for taxonomy_term entities.';

--
-- Dumping data for table `taxonomy_term_field_revision`
--

set autocommit=0;
INSERT INTO `taxonomy_term_field_revision` VALUES
(42,1,'en',1,'Tutorial',NULL,NULL,NULL,1,1,NULL,NULL),
(43,2,'en',1,'Cage',NULL,NULL,NULL,1,1,NULL,NULL),
(44,3,'en',1,'Predicament Bondage',NULL,NULL,NULL,1,1,NULL,NULL),
(130,4,'en',1,'Ass Play',NULL,NULL,NULL,1,1,NULL,NULL),
(131,5,'en',1,'Bondage Wall',NULL,NULL,NULL,1,1,NULL,NULL),
(132,6,'en',1,'CBT',NULL,NULL,NULL,1,1,NULL,NULL),
(133,7,'en',1,'Chastity',NULL,NULL,NULL,1,1,NULL,NULL),
(134,8,'en',1,'Edging',NULL,NULL,NULL,1,1,NULL,NULL),
(135,9,'en',1,'E-stim',NULL,NULL,NULL,1,1,NULL,NULL),
(136,10,'en',1,'Forced Workout',NULL,NULL,NULL,1,1,NULL,NULL),
(137,11,'en',1,'Gagged',NULL,NULL,NULL,1,1,NULL,NULL),
(138,12,'en',1,'Humiliation',NULL,NULL,NULL,1,1,NULL,NULL),
(139,13,'en',1,'Interactive',NULL,NULL,NULL,1,1,NULL,NULL),
(140,14,'en',1,'Milking',NULL,NULL,NULL,1,1,NULL,NULL),
(141,15,'en',1,'Poll',NULL,NULL,NULL,1,1,NULL,NULL),
(142,16,'en',1,'Puppy Play',NULL,NULL,NULL,1,1,NULL,NULL),
(143,17,'en',1,'Racked',NULL,NULL,NULL,1,1,NULL,NULL),
(144,18,'en',1,'Stocks',NULL,NULL,NULL,1,1,NULL,NULL),
(145,19,'en',1,'Story',NULL,NULL,NULL,1,1,NULL,NULL),
(146,20,'en',1,'Stress Position',NULL,NULL,NULL,1,1,NULL,NULL),
(147,21,'en',1,'Tickling',NULL,NULL,NULL,1,1,NULL,NULL),
(148,22,'en',1,'Video',NULL,NULL,NULL,1,1,NULL,NULL),
(149,23,'en',1,'Video Friday',NULL,NULL,NULL,1,1,NULL,NULL),
(150,24,'en',1,'Wooden Horse',NULL,NULL,NULL,1,1,NULL,NULL),
(151,25,'en',1,'Coach',NULL,NULL,NULL,1,1,NULL,NULL),
(152,26,'en',1,'Jocks',NULL,NULL,NULL,1,1,NULL,NULL),
(153,27,'en',1,'Whipping',NULL,NULL,NULL,1,1,NULL,NULL),
(154,28,'en',1,'Fucking',NULL,NULL,NULL,1,1,NULL,NULL),
(156,29,'en',1,'Feet',NULL,NULL,NULL,1,1,NULL,NULL),
(169,30,'en',1,'Rimming',NULL,NULL,NULL,1,1,NULL,NULL),
(188,31,'en',1,'Bastinado',NULL,NULL,NULL,1,1,NULL,NULL),
(199,32,'en',1,'Original Video',NULL,NULL,NULL,1,1,NULL,NULL),
(205,33,'en',1,'Watersports',NULL,NULL,NULL,1,1,NULL,NULL),
(221,34,'en',1,'Chairor of Terror',NULL,NULL,1617221158,1,1,NULL,NULL),
(227,35,'en',1,'Nipple Play',NULL,NULL,NULL,1,1,NULL,NULL),
(47,36,'en',1,'Locking leather cuffs',NULL,NULL,1617055466,1,1,NULL,NULL),
(71,37,'en',1,'Vibrating wand',NULL,NULL,1617055466,1,1,NULL,NULL),
(72,38,'en',1,'Chain link handcuffs',NULL,NULL,1617055466,1,1,NULL,NULL),
(73,39,'en',1,'Adjustable spreader bar',NULL,NULL,1617055466,1,1,NULL,NULL),
(74,40,'en',1,'Spreader bar',NULL,NULL,1617055466,1,1,NULL,NULL),
(75,41,'en',1,'Utility straps with quick release',NULL,NULL,1617055467,1,1,NULL,NULL),
(76,42,'en',1,'Eye bolts - 5/16-18 x 3-1/4 inch',NULL,NULL,1617055467,1,1,NULL,NULL),
(77,43,'en',1,'Self-stick Velcro',NULL,NULL,1617055467,1,1,NULL,NULL),
(78,44,'en',1,'Wooden stools - 24 inches high with square legs',NULL,NULL,1617055467,1,1,NULL,NULL),
(79,45,'en',1,'Conductive rubber e-stim cock loops',NULL,NULL,1617055467,1,1,NULL,NULL),
(80,46,'en',1,'E-stim cock straps',NULL,NULL,1617055467,1,1,NULL,NULL),
(81,47,'en',1,'Electro eggs',NULL,NULL,1617055467,1,1,NULL,NULL),
(82,48,'en',1,'The Red Collection e-stim insertables',NULL,NULL,1617055469,1,1,NULL,NULL),
(83,49,'en',1,'Electro-sex gel',NULL,NULL,1617055469,1,1,NULL,NULL),
(84,50,'en',1,'Carpet chair mat',NULL,NULL,1617055469,1,1,NULL,NULL),
(85,51,'en',1,'Clear self-stick velcro tape',NULL,NULL,1617055469,1,1,NULL,NULL),
(86,52,'en',1,'Abox e-stim power box',NULL,NULL,1617055469,1,1,NULL,NULL),
(87,53,'en',1,'ElectroPebble e-stim power box',NULL,NULL,1617055469,1,1,NULL,NULL),
(88,54,'en',1,'2B Pro Pack e-stim power box',NULL,NULL,1617055470,1,1,NULL,NULL),
(89,55,'en',1,'SensaVox Deluxe e-stim power box',NULL,NULL,1617055470,1,1,NULL,NULL),
(90,56,'en',1,'Adjustable dumbbell set - 25 lb. (12.5 lb. each)',NULL,NULL,1617055470,1,1,NULL,NULL),
(91,57,'en',1,'Adjustable sawhorses',NULL,NULL,1617055470,1,1,NULL,NULL),
(92,58,'en',1,'Treadmill mat',NULL,NULL,1617055470,1,1,NULL,NULL),
(93,59,'en',1,'CB-6000s chastity cage',NULL,NULL,1617055470,1,1,NULL,NULL),
(94,60,'en',1,'Rope lock tie down - 8 feet x 1/4 inch',NULL,NULL,1617055472,1,1,NULL,NULL),
(95,61,'en',1,'Ratchet tie down strap',NULL,NULL,1617055472,1,1,NULL,NULL),
(96,62,'en',1,'Wood handscrew clamp',NULL,NULL,1617055472,1,1,NULL,NULL),
(97,63,'en',1,'Dog crate',NULL,NULL,1617055472,1,1,NULL,NULL),
(98,64,'en',1,'Scissor jack',NULL,NULL,1617055472,1,1,NULL,NULL),
(99,65,'en',1,'CB-6000 chastity cage',NULL,NULL,1617055473,1,1,NULL,NULL),
(100,66,'en',1,'Holy Trainer v2 chastity cage',NULL,NULL,1617055473,1,1,NULL,NULL),
(101,67,'en',1,'Jail House chastity cage',NULL,NULL,1617055473,1,1,NULL,NULL),
(102,68,'en',1,'Bird Cage chastity cage',NULL,NULL,1617055473,1,1,NULL,NULL),
(103,69,'en',1,'Master Series Extreme Urethral Chastity Cage',NULL,NULL,1617055473,1,1,NULL,NULL),
(104,70,'en',1,'Jail Bird chastity cage',NULL,NULL,1617055473,1,1,NULL,NULL),
(105,71,'en',1,'ErosTek Remote Control e-stim power box',NULL,NULL,1617055473,1,1,NULL,NULL),
(106,72,'en',1,'Bumble Ball',NULL,NULL,1617055475,1,1,NULL,NULL),
(107,73,'en',1,'Adjustable nipple clamps',NULL,NULL,1617055475,1,1,NULL,NULL),
(108,74,'en',1,'Clover clamps',NULL,NULL,1617055475,1,1,NULL,NULL),
(109,75,'en',1,'Silicone masturbation sleeve',NULL,NULL,1617055475,1,1,NULL,NULL),
(110,76,'en',1,'Humbler',NULL,NULL,1617055475,1,1,NULL,NULL),
(111,77,'en',1,'Nipple clamps to cock ring set',NULL,NULL,1617055475,1,1,NULL,NULL),
(112,78,'en',1,'Adjustable wand holder',NULL,NULL,1617055476,1,1,NULL,NULL),
(113,79,'en',1,'Lamp timer',NULL,NULL,1617055476,1,1,NULL,NULL),
(114,80,'en',1,'Vibrating cock ring',NULL,NULL,1617055476,1,1,NULL,NULL),
(115,81,'en',1,'Vibra Cup wand attachment',NULL,NULL,1617055476,1,1,NULL,NULL),
(116,82,'en',1,'Gun Oil water based lube',NULL,NULL,1617055476,1,1,NULL,NULL),
(117,83,'en',1,'Full chastity belt',NULL,NULL,1617055476,1,1,NULL,NULL),
(118,84,'en',1,'Nipple clamps with magnetic weights',NULL,NULL,1617055478,1,1,NULL,NULL),
(119,85,'en',1,'Bondage tape',NULL,NULL,1617055478,1,1,NULL,NULL),
(120,86,'en',1,'Kalis Teeth chastity device',NULL,NULL,1617055478,1,1,NULL,NULL),
(121,87,'en',1,'Foam pipe wrap',NULL,NULL,1617055478,1,1,NULL,NULL),
(122,88,'en',1,'Zeus Deluxe Digital Power Box',NULL,NULL,1617055478,1,1,NULL,NULL),
(123,89,'en',1,'Wooden dowels - 1 inch x 36 inches, sanded',NULL,NULL,1617055478,1,1,NULL,NULL),
(126,90,'en',1,'Breathable ball gag',NULL,NULL,1617055478,1,1,NULL,NULL),
(127,91,'en',1,'Ball gag',NULL,NULL,1617055479,1,1,NULL,NULL),
(128,92,'en',1,'Jennings gag',NULL,NULL,1617055479,1,1,NULL,NULL),
(129,93,'en',1,'Locking open mouth gag',NULL,NULL,1617055479,1,1,NULL,NULL),
(155,94,'en',1,'Rope',NULL,NULL,1617055479,1,1,NULL,NULL),
(157,95,'en',1,'Electro Lockdown Chastity Cage',NULL,NULL,1617055479,1,1,NULL,NULL),
(158,96,'en',1,'Jennings mouth gag with strap',NULL,NULL,1617055481,1,1,NULL,NULL),
(159,97,'en',1,'Rubber hood',NULL,NULL,1617055481,1,1,NULL,NULL),
(160,98,'en',1,'Leather hood with built-in ball gag',NULL,NULL,1617055481,1,1,NULL,NULL),
(161,99,'en',1,'Dick gag',NULL,NULL,1617055481,1,1,NULL,NULL),
(162,100,'en',1,'Adjustable bungee cords',NULL,NULL,1617055481,1,1,NULL,NULL),
(163,101,'en',1,'Irish 8 handcuffs',NULL,NULL,1617055481,1,1,NULL,NULL),
(164,102,'en',1,'Darby style handcuffs',NULL,NULL,1617055482,1,1,NULL,NULL),
(165,103,'en',1,'Butt plug',NULL,NULL,1617055482,1,1,NULL,NULL),
(170,104,'en',1,'Rope lock tie down - 8 feet x 1/8 inch',NULL,NULL,1617055482,1,1,NULL,NULL),
(171,105,'en',1,'Parachute ball stretcher',NULL,NULL,1617055482,1,1,NULL,NULL),
(174,106,'en',1,'1/2\" Hinged split ring pipe hanger',NULL,NULL,1617055482,1,1,NULL,NULL),
(175,107,'en',1,'Vac-u-Lock Dildo - 8\"',NULL,NULL,1617055482,1,1,NULL,NULL),
(176,108,'en',1,'Vac-u-Lock Dildo - Stryker 9\" Realistic Cock',NULL,NULL,1617055484,1,1,NULL,NULL),
(177,109,'en',1,'Vac-u-Lock Fucking Machine Adapter',NULL,NULL,1617055484,1,1,NULL,NULL),
(178,110,'en',1,'3/8 Inch x 16 hex nuts',NULL,NULL,1617055484,1,1,NULL,NULL),
(180,111,'en',1,'3/8-16 x 3/4\"hex head bolts',NULL,NULL,1617055484,1,1,NULL,NULL),
(189,112,'en',1,'Leather blindfold',NULL,NULL,1617055485,1,1,NULL,NULL),
(190,113,'en',1,'Hinged handcuffs',NULL,NULL,1617055485,1,1,NULL,NULL),
(192,114,'en',1,'Zeus Electrosex Penis Bands',NULL,NULL,1617055485,1,1,NULL,NULL),
(193,115,'en',1,'Zeus Incite Electrosex Gel',NULL,NULL,1617055485,1,1,NULL,NULL),
(194,116,'en',1,'Silicone Bi-Polar Cock Ring Set',NULL,NULL,1617055485,1,1,NULL,NULL),
(195,117,'en',1,'Bulldog Harness 2.0 Color Piping',NULL,NULL,1617055487,1,1,NULL,NULL),
(196,118,'en',1,'Deluxe Humbler with e-stim attachment points',NULL,NULL,1617055487,1,1,NULL,NULL),
(197,119,'en',1,'Feather duster',NULL,NULL,1617055487,1,1,NULL,NULL),
(198,120,'en',1,'Chain - 2 foot length',NULL,NULL,1617055487,1,1,NULL,NULL),
(213,121,'en',1,'Locking leather collar',NULL,NULL,1617055487,1,1,NULL,NULL),
(215,122,'en',1,'Wooden dowels - 1/2 inch x 36 inches, sanded',NULL,NULL,1617055487,1,1,NULL,NULL),
(216,123,'en',1,'Leg irons',NULL,NULL,1617055488,1,1,NULL,NULL),
(217,124,'en',1,'Combination lockbox',NULL,NULL,1617055488,1,1,NULL,NULL),
(218,125,'en',1,'Winch (600 pound capacity)',NULL,NULL,1617055488,1,1,NULL,NULL),
(219,126,'en',1,'The Milker Automatic Deluxe Stroker Machine',NULL,NULL,1617055488,1,1,NULL,NULL),
(220,127,'en',1,'Realistic Cocks',NULL,NULL,1617055488,1,1,NULL,NULL),
(222,128,'en',1,'Nylon Webbing Hook and Loop Cinch Straps',NULL,NULL,1617055490,1,1,NULL,NULL),
(223,129,'en',1,'Strict Leather Bishop Head Harness with Removeable Gag',NULL,NULL,1617055490,1,1,NULL,NULL),
(224,130,'en',1,'Remotely Controllable Vibrating Wand',NULL,NULL,1617055490,1,1,NULL,NULL),
(225,131,'en',1,'Domi Vibrating Wand Attachment',NULL,NULL,1617055491,1,1,NULL,NULL),
(226,132,'en',1,'Matrix Multi-Angle Fucking Machine',NULL,NULL,1617055491,1,1,NULL,NULL),
(228,133,'en',1,'JETT Penis Vibrator',NULL,NULL,1617055491,1,1,NULL,NULL),
(53,134,'en',1,'Screwdriver',NULL,NULL,1617055566,1,1,NULL,NULL),
(54,135,'en',1,'Hammer',NULL,NULL,1617055566,1,1,NULL,NULL),
(55,136,'en',1,'Hand saw',NULL,NULL,1617055566,1,1,NULL,NULL),
(56,137,'en',1,'Power drill',NULL,NULL,1617055566,1,1,NULL,NULL),
(57,138,'en',1,'Rotary tool',NULL,NULL,1617055566,1,1,NULL,NULL),
(58,139,'en',1,'Hole saw',NULL,NULL,1617055568,1,1,NULL,NULL),
(59,140,'en',1,'Drill press',NULL,NULL,1617055568,1,1,NULL,NULL),
(60,141,'en',1,'Power saw',NULL,NULL,1617055568,1,1,NULL,NULL),
(61,142,'en',1,'Tube cutter',NULL,NULL,1617055568,1,1,NULL,NULL),
(62,143,'en',1,'No tools required',NULL,NULL,1617055568,1,1,NULL,NULL),
(172,144,'en',1,'3/8-Inch Combination Wrench',NULL,NULL,1617055568,1,1,NULL,NULL),
(173,145,'en',1,'Safety glasses',NULL,NULL,1617055568,1,1,NULL,NULL),
(181,146,'en',1,'1/4 In. x 4 In. Drill Bit',NULL,NULL,1617055570,1,1,NULL,NULL),
(48,147,'en',1,'Live with roommates/Need to be discrete',NULL,NULL,1617055582,1,1,NULL,NULL),
(49,148,'en',1,'Frequent visitors/Need to hide kinky gear',NULL,NULL,1617055582,1,1,NULL,NULL),
(50,149,'en',1,'Live alone/No need to be discrete',NULL,NULL,1617055582,1,1,NULL,NULL),
(51,150,'en',1,'Renter/Cannot damage walls or ceilings',NULL,NULL,1617055582,1,1,NULL,NULL),
(52,151,'en',1,'Lack of storage space',NULL,NULL,1617055582,1,1,NULL,NULL),
(67,152,'en',1,'Less than 15 minutes',NULL,NULL,1617055592,1,1,NULL,NULL),
(68,153,'en',1,'15 to 30 minutes',NULL,NULL,1617055592,1,1,NULL,NULL),
(69,154,'en',1,'30 minutes to 1 hour',NULL,NULL,1617055592,1,1,NULL,NULL),
(70,155,'en',1,'More than 1 hour',NULL,NULL,1617055592,1,1,NULL,NULL),
(63,156,'en',1,'Less than $10 USD',NULL,NULL,1617055602,1,1,NULL,NULL),
(64,157,'en',1,'$10 to $20 USD',NULL,NULL,1617055602,1,1,NULL,NULL),
(65,158,'en',1,'$20 to $50 USD',NULL,NULL,1617055602,1,1,NULL,NULL),
(66,159,'en',1,'More than $50 USD',NULL,NULL,1617055602,1,1,NULL,NULL),
(182,160,'en',1,'About this website',NULL,NULL,1617499870,1,1,NULL,NULL),
(183,161,'en',1,'I want to play',NULL,NULL,1617061645,1,1,NULL,NULL),
(184,162,'en',1,'Tutorial Tuesday',NULL,NULL,1617061645,1,1,NULL,NULL),
(185,163,'en',1,'Video Friday',NULL,NULL,1617061645,1,1,NULL,NULL),
(186,164,'en',1,'Story Saturday',NULL,NULL,1617061645,1,1,NULL,NULL),
(187,165,'en',1,'Gear questions',NULL,NULL,1617061645,1,1,NULL,NULL),
(204,166,'en',1,'How to use this site/Where to find things',NULL,NULL,1617061646,1,1,NULL,NULL),
(206,167,'en',1,'Quick Start Guide',NULL,NULL,1617061646,1,1,NULL,NULL),
(166,168,'en',1,'Site activity',NULL,NULL,1617061682,1,1,NULL,NULL),
(167,169,'en',1,'Kinkster referrals',NULL,NULL,1617061682,1,1,NULL,NULL),
(168,170,'en',1,'Post sharing',NULL,NULL,1617061682,1,1,NULL,NULL),
(191,171,'en',1,'Story contribution',NULL,NULL,1617061682,1,1,NULL,NULL),
(229,172,'en',1,'Bondage Board',NULL,NULL,1617221205,1,1,NULL,NULL),
(230,173,'en',1,'Bondage Stool',NULL,NULL,1617221247,1,1,NULL,NULL),
(231,174,'en',1,'Bondage Table',NULL,NULL,1617221255,1,1,NULL,NULL);
commit;

--
-- Table structure for table `taxonomy_term_r__a7be7d05c5`
--

CREATE TABLE `taxonomy_term_r__a7be7d05c5` (
  `bundle` varchar(128) CHARACTER SET ascii COLLATE ascii_general_ci NOT NULL DEFAULT '' COMMENT 'The field instance bundle to which this row belongs, used when deleting a field instance',
  `deleted` tinyint(4) NOT NULL DEFAULT 0 COMMENT 'A boolean indicating whether this data item has been deleted',
  `entity_id` int(10) unsigned NOT NULL COMMENT 'The entity id this data is attached to',
  `revision_id` int(10) unsigned NOT NULL COMMENT 'The entity revision id this data is attached to',
  `langcode` varchar(32) CHARACTER SET ascii COLLATE ascii_general_ci NOT NULL DEFAULT '' COMMENT 'The language code for this data item.',
  `delta` int(10) unsigned NOT NULL COMMENT 'The sequence number for this data item, used for multi-value fields',
  `field_taxonomy_term_redirect_value` varchar(255) NOT NULL,
  PRIMARY KEY (`entity_id`,`revision_id`,`deleted`,`delta`,`langcode`),
  KEY `bundle` (`bundle`),
  KEY `revision_id` (`revision_id`)
) ENGINE=InnoDB DEFAULT CHARSET=utf8mb4 COLLATE=utf8mb4_general_ci COMMENT='Revision archive storage for taxonomy_term field field…';

--
-- Dumping data for table `taxonomy_term_r__a7be7d05c5`
--

set autocommit=0;
commit;

--
-- Table structure for table `taxonomy_term_revision`
--

CREATE TABLE `taxonomy_term_revision` (
  `tid` int(10) unsigned NOT NULL,
  `revision_id` int(10) unsigned NOT NULL AUTO_INCREMENT,
  `langcode` varchar(12) CHARACTER SET ascii COLLATE ascii_general_ci NOT NULL,
  `revision_user` int(10) unsigned DEFAULT NULL COMMENT 'The ID of the target entity.',
  `revision_created` int(11) DEFAULT NULL,
  `revision_log_message` longtext DEFAULT NULL,
  `revision_default` tinyint(4) DEFAULT NULL,
  PRIMARY KEY (`revision_id`),
  KEY `taxonomy_term__tid` (`tid`),
  KEY `taxonomy_term_field__revision_user__target_id` (`revision_user`)
) ENGINE=InnoDB AUTO_INCREMENT=175 DEFAULT CHARSET=utf8mb4 COLLATE=utf8mb4_general_ci COMMENT='The revision table for taxonomy_term entities.';

--
-- Dumping data for table `taxonomy_term_revision`
--

set autocommit=0;
INSERT INTO `taxonomy_term_revision` VALUES
(42,1,'en',NULL,1617055371,NULL,1),
(43,2,'en',NULL,1617055371,NULL,1),
(44,3,'en',NULL,1617055371,NULL,1),
(130,4,'en',NULL,1617055371,NULL,1),
(131,5,'en',NULL,1617055371,NULL,1),
(132,6,'en',NULL,1617055372,NULL,1),
(133,7,'en',NULL,1617055372,NULL,1),
(134,8,'en',NULL,1617055372,NULL,1),
(135,9,'en',NULL,1617055372,NULL,1),
(136,10,'en',NULL,1617055372,NULL,1),
(137,11,'en',NULL,1617055372,NULL,1),
(138,12,'en',NULL,1617055372,NULL,1),
(139,13,'en',NULL,1617055374,NULL,1),
(140,14,'en',NULL,1617055374,NULL,1),
(141,15,'en',NULL,1617055374,NULL,1),
(142,16,'en',NULL,1617055374,NULL,1),
(143,17,'en',NULL,1617055374,NULL,1),
(144,18,'en',NULL,1617055374,NULL,1),
(145,19,'en',NULL,1617055375,NULL,1),
(146,20,'en',NULL,1617055375,NULL,1),
(147,21,'en',NULL,1617055375,NULL,1),
(148,22,'en',NULL,1617055375,NULL,1),
(149,23,'en',NULL,1617055375,NULL,1),
(150,24,'en',NULL,1617055375,NULL,1),
(151,25,'en',NULL,1617055375,NULL,1),
(152,26,'en',NULL,1617055377,NULL,1),
(153,27,'en',NULL,1617055377,NULL,1),
(154,28,'en',NULL,1617055377,NULL,1),
(156,29,'en',NULL,1617055377,NULL,1),
(169,30,'en',NULL,1617055377,NULL,1),
(188,31,'en',NULL,1617055377,NULL,1),
(199,32,'en',NULL,1617055379,NULL,1),
(205,33,'en',NULL,1617055379,NULL,1),
(221,34,'en',NULL,1617055379,NULL,1),
(227,35,'en',NULL,1617055379,NULL,1),
(47,36,'en',NULL,1617055466,NULL,1),
(71,37,'en',NULL,1617055466,NULL,1),
(72,38,'en',NULL,1617055466,NULL,1),
(73,39,'en',NULL,1617055466,NULL,1),
(74,40,'en',NULL,1617055466,NULL,1),
(75,41,'en',NULL,1617055467,NULL,1),
(76,42,'en',NULL,1617055467,NULL,1),
(77,43,'en',NULL,1617055467,NULL,1),
(78,44,'en',NULL,1617055467,NULL,1),
(79,45,'en',NULL,1617055467,NULL,1),
(80,46,'en',NULL,1617055467,NULL,1),
(81,47,'en',NULL,1617055467,NULL,1),
(82,48,'en',NULL,1617055469,NULL,1),
(83,49,'en',NULL,1617055469,NULL,1),
(84,50,'en',NULL,1617055469,NULL,1),
(85,51,'en',NULL,1617055469,NULL,1),
(86,52,'en',NULL,1617055469,NULL,1),
(87,53,'en',NULL,1617055469,NULL,1),
(88,54,'en',NULL,1617055470,NULL,1),
(89,55,'en',NULL,1617055470,NULL,1),
(90,56,'en',NULL,1617055470,NULL,1),
(91,57,'en',NULL,1617055470,NULL,1),
(92,58,'en',NULL,1617055470,NULL,1),
(93,59,'en',NULL,1617055470,NULL,1),
(94,60,'en',NULL,1617055472,NULL,1),
(95,61,'en',NULL,1617055472,NULL,1),
(96,62,'en',NULL,1617055472,NULL,1),
(97,63,'en',NULL,1617055472,NULL,1),
(98,64,'en',NULL,1617055472,NULL,1),
(99,65,'en',NULL,1617055473,NULL,1),
(100,66,'en',NULL,1617055473,NULL,1),
(101,67,'en',NULL,1617055473,NULL,1),
(102,68,'en',NULL,1617055473,NULL,1),
(103,69,'en',NULL,1617055473,NULL,1),
(104,70,'en',NULL,1617055473,NULL,1),
(105,71,'en',NULL,1617055473,NULL,1),
(106,72,'en',NULL,1617055475,NULL,1),
(107,73,'en',NULL,1617055475,NULL,1),
(108,74,'en',NULL,1617055475,NULL,1),
(109,75,'en',NULL,1617055475,NULL,1),
(110,76,'en',NULL,1617055475,NULL,1),
(111,77,'en',NULL,1617055475,NULL,1),
(112,78,'en',NULL,1617055476,NULL,1),
(113,79,'en',NULL,1617055476,NULL,1),
(114,80,'en',NULL,1617055476,NULL,1),
(115,81,'en',NULL,1617055476,NULL,1),
(116,82,'en',NULL,1617055476,NULL,1),
(117,83,'en',NULL,1617055476,NULL,1),
(118,84,'en',NULL,1617055478,NULL,1),
(119,85,'en',NULL,1617055478,NULL,1),
(120,86,'en',NULL,1617055478,NULL,1),
(121,87,'en',NULL,1617055478,NULL,1),
(122,88,'en',NULL,1617055478,NULL,1),
(123,89,'en',NULL,1617055478,NULL,1),
(126,90,'en',NULL,1617055478,NULL,1),
(127,91,'en',NULL,1617055479,NULL,1),
(128,92,'en',NULL,1617055479,NULL,1),
(129,93,'en',NULL,1617055479,NULL,1),
(155,94,'en',NULL,1617055479,NULL,1),
(157,95,'en',NULL,1617055479,NULL,1),
(158,96,'en',NULL,1617055481,NULL,1),
(159,97,'en',NULL,1617055481,NULL,1),
(160,98,'en',NULL,1617055481,NULL,1),
(161,99,'en',NULL,1617055481,NULL,1),
(162,100,'en',NULL,1617055481,NULL,1),
(163,101,'en',NULL,1617055481,NULL,1),
(164,102,'en',NULL,1617055482,NULL,1),
(165,103,'en',NULL,1617055482,NULL,1),
(170,104,'en',NULL,1617055482,NULL,1),
(171,105,'en',NULL,1617055482,NULL,1),
(174,106,'en',NULL,1617055482,NULL,1),
(175,107,'en',NULL,1617055482,NULL,1),
(176,108,'en',NULL,1617055484,NULL,1),
(177,109,'en',NULL,1617055484,NULL,1),
(178,110,'en',NULL,1617055484,NULL,1),
(180,111,'en',NULL,1617055484,NULL,1),
(189,112,'en',NULL,1617055485,NULL,1),
(190,113,'en',NULL,1617055485,NULL,1),
(192,114,'en',NULL,1617055485,NULL,1),
(193,115,'en',NULL,1617055485,NULL,1),
(194,116,'en',NULL,1617055485,NULL,1),
(195,117,'en',NULL,1617055487,NULL,1),
(196,118,'en',NULL,1617055487,NULL,1),
(197,119,'en',NULL,1617055487,NULL,1),
(198,120,'en',NULL,1617055487,NULL,1),
(213,121,'en',NULL,1617055487,NULL,1),
(215,122,'en',NULL,1617055487,NULL,1),
(216,123,'en',NULL,1617055488,NULL,1),
(217,124,'en',NULL,1617055488,NULL,1),
(218,125,'en',NULL,1617055488,NULL,1),
(219,126,'en',NULL,1617055488,NULL,1),
(220,127,'en',NULL,1617055488,NULL,1),
(222,128,'en',NULL,1617055490,NULL,1),
(223,129,'en',NULL,1617055490,NULL,1),
(224,130,'en',NULL,1617055490,NULL,1),
(225,131,'en',NULL,1617055491,NULL,1),
(226,132,'en',NULL,1617055491,NULL,1),
(228,133,'en',NULL,1617055491,NULL,1),
(53,134,'en',NULL,1617055566,NULL,1),
(54,135,'en',NULL,1617055566,NULL,1),
(55,136,'en',NULL,1617055566,NULL,1),
(56,137,'en',NULL,1617055566,NULL,1),
(57,138,'en',NULL,1617055566,NULL,1),
(58,139,'en',NULL,1617055568,NULL,1),
(59,140,'en',NULL,1617055568,NULL,1),
(60,141,'en',NULL,1617055568,NULL,1),
(61,142,'en',NULL,1617055568,NULL,1),
(62,143,'en',NULL,1617055568,NULL,1),
(172,144,'en',NULL,1617055568,NULL,1),
(173,145,'en',NULL,1617055568,NULL,1),
(181,146,'en',NULL,1617055570,NULL,1),
(48,147,'en',NULL,1617055582,NULL,1),
(49,148,'en',NULL,1617055582,NULL,1),
(50,149,'en',NULL,1617055582,NULL,1),
(51,150,'en',NULL,1617055582,NULL,1),
(52,151,'en',NULL,1617055582,NULL,1),
(67,152,'en',NULL,1617055592,NULL,1),
(68,153,'en',NULL,1617055592,NULL,1),
(69,154,'en',NULL,1617055592,NULL,1),
(70,155,'en',NULL,1617055592,NULL,1),
(63,156,'en',NULL,1617055602,NULL,1),
(64,157,'en',NULL,1617055602,NULL,1),
(65,158,'en',NULL,1617055602,NULL,1),
(66,159,'en',NULL,1617055602,NULL,1),
(182,160,'en',NULL,1617061645,NULL,1),
(183,161,'en',NULL,1617061645,NULL,1),
(184,162,'en',NULL,1617061645,NULL,1),
(185,163,'en',NULL,1617061645,NULL,1),
(186,164,'en',NULL,1617061645,NULL,1),
(187,165,'en',NULL,1617061645,NULL,1),
(204,166,'en',NULL,1617061646,NULL,1),
(206,167,'en',NULL,1617061646,NULL,1),
(166,168,'en',NULL,1617061682,NULL,1),
(167,169,'en',NULL,1617061682,NULL,1),
(168,170,'en',NULL,1617061682,NULL,1),
(191,171,'en',NULL,1617061682,NULL,1),
(229,172,'en',NULL,1617221205,NULL,1),
(230,173,'en',NULL,1617221247,NULL,1),
(231,174,'en',NULL,1617221255,NULL,1);
commit;

--
-- Table structure for table `taxonomy_term_revision__field_link`
--

CREATE TABLE `taxonomy_term_revision__field_link` (
  `bundle` varchar(128) CHARACTER SET ascii COLLATE ascii_general_ci NOT NULL DEFAULT '' COMMENT 'The field instance bundle to which this row belongs, used when deleting a field instance',
  `deleted` tinyint(4) NOT NULL DEFAULT 0 COMMENT 'A boolean indicating whether this data item has been deleted',
  `entity_id` int(10) unsigned NOT NULL COMMENT 'The entity id this data is attached to',
  `revision_id` int(10) unsigned NOT NULL COMMENT 'The entity revision id this data is attached to',
  `langcode` varchar(32) CHARACTER SET ascii COLLATE ascii_general_ci NOT NULL DEFAULT '' COMMENT 'The language code for this data item.',
  `delta` int(10) unsigned NOT NULL COMMENT 'The sequence number for this data item, used for multi-value fields',
  `field_link_uri` varchar(2048) DEFAULT NULL COMMENT 'The URI of the link.',
  `field_link_title` varchar(255) DEFAULT NULL COMMENT 'The link text.',
  `field_link_options` longblob DEFAULT NULL COMMENT 'Serialized array of options for the link.',
  PRIMARY KEY (`entity_id`,`revision_id`,`deleted`,`delta`,`langcode`),
  KEY `bundle` (`bundle`),
  KEY `revision_id` (`revision_id`),
  KEY `field_link_uri` (`field_link_uri`(30))
) ENGINE=InnoDB DEFAULT CHARSET=utf8mb4 COLLATE=utf8mb4_general_ci COMMENT='Revision archive storage for taxonomy_term field field_link.';

--
-- Dumping data for table `taxonomy_term_revision__field_link`
--

set autocommit=0;
commit;

--
-- Table structure for table `taxonomy_term_revision__parent`
--

CREATE TABLE `taxonomy_term_revision__parent` (
  `bundle` varchar(128) CHARACTER SET ascii COLLATE ascii_general_ci NOT NULL DEFAULT '' COMMENT 'The field instance bundle to which this row belongs, used when deleting a field instance',
  `deleted` tinyint(4) NOT NULL DEFAULT 0 COMMENT 'A boolean indicating whether this data item has been deleted',
  `entity_id` int(10) unsigned NOT NULL COMMENT 'The entity id this data is attached to',
  `revision_id` int(10) unsigned NOT NULL COMMENT 'The entity revision id this data is attached to',
  `langcode` varchar(32) CHARACTER SET ascii COLLATE ascii_general_ci NOT NULL DEFAULT '' COMMENT 'The language code for this data item.',
  `delta` int(10) unsigned NOT NULL COMMENT 'The sequence number for this data item, used for multi-value fields',
  `parent_target_id` int(10) unsigned NOT NULL COMMENT 'The ID of the target entity.',
  PRIMARY KEY (`entity_id`,`revision_id`,`deleted`,`delta`,`langcode`),
  KEY `bundle` (`bundle`),
  KEY `revision_id` (`revision_id`),
  KEY `parent_target_id` (`parent_target_id`)
) ENGINE=InnoDB DEFAULT CHARSET=utf8mb4 COLLATE=utf8mb4_general_ci COMMENT='Revision archive storage for taxonomy_term field parent.';

--
-- Dumping data for table `taxonomy_term_revision__parent`
--

set autocommit=0;
INSERT INTO `taxonomy_term_revision__parent` VALUES
('tags',0,42,1,'en',0,0),
('tags',0,43,2,'en',0,0),
('tags',0,44,3,'en',0,0),
('tutorial_parts',0,47,36,'en',0,0),
('tutorial_restrictions',0,48,147,'en',0,0),
('tutorial_restrictions',0,49,148,'en',0,0),
('tutorial_restrictions',0,50,149,'en',0,0),
('tutorial_restrictions',0,51,150,'en',0,0),
('tutorial_restrictions',0,52,151,'en',0,0),
('tutorial_required_tools',0,53,134,'en',0,0),
('tutorial_required_tools',0,54,135,'en',0,0),
('tutorial_required_tools',0,55,136,'en',0,0),
('tutorial_required_tools',0,56,137,'en',0,0),
('tutorial_required_tools',0,57,138,'en',0,0),
('tutorial_required_tools',0,58,139,'en',0,0),
('tutorial_required_tools',0,59,140,'en',0,0),
('tutorial_required_tools',0,60,141,'en',0,0),
('tutorial_required_tools',0,61,142,'en',0,0),
('tutorial_required_tools',0,62,143,'en',0,0),
('tutorial_budget',0,63,156,'en',0,0),
('tutorial_budget',0,64,157,'en',0,0),
('tutorial_budget',0,65,158,'en',0,0),
('tutorial_budget',0,66,159,'en',0,0),
('tutorial_time',0,67,152,'en',0,0),
('tutorial_time',0,68,153,'en',0,0),
('tutorial_time',0,69,154,'en',0,0),
('tutorial_time',0,70,155,'en',0,0),
('tutorial_parts',0,71,37,'en',0,0),
('tutorial_parts',0,72,38,'en',0,0),
('tutorial_parts',0,73,39,'en',0,0),
('tutorial_parts',0,74,40,'en',0,0),
('tutorial_parts',0,75,41,'en',0,0),
('tutorial_parts',0,76,42,'en',0,0),
('tutorial_parts',0,77,43,'en',0,0),
('tutorial_parts',0,78,44,'en',0,0),
('tutorial_parts',0,79,45,'en',0,0),
('tutorial_parts',0,80,46,'en',0,0),
('tutorial_parts',0,81,47,'en',0,0),
('tutorial_parts',0,82,48,'en',0,0),
('tutorial_parts',0,83,49,'en',0,0),
('tutorial_parts',0,84,50,'en',0,0),
('tutorial_parts',0,85,51,'en',0,0),
('tutorial_parts',0,86,52,'en',0,0),
('tutorial_parts',0,87,53,'en',0,0),
('tutorial_parts',0,88,54,'en',0,0),
('tutorial_parts',0,89,55,'en',0,0),
('tutorial_parts',0,90,56,'en',0,0),
('tutorial_parts',0,91,57,'en',0,0),
('tutorial_parts',0,92,58,'en',0,0),
('tutorial_parts',0,93,59,'en',0,0),
('tutorial_parts',0,94,60,'en',0,0),
('tutorial_parts',0,95,61,'en',0,0),
('tutorial_parts',0,96,62,'en',0,0),
('tutorial_parts',0,97,63,'en',0,0),
('tutorial_parts',0,98,64,'en',0,0),
('tutorial_parts',0,99,65,'en',0,0),
('tutorial_parts',0,100,66,'en',0,0),
('tutorial_parts',0,101,67,'en',0,0),
('tutorial_parts',0,102,68,'en',0,0),
('tutorial_parts',0,103,69,'en',0,0),
('tutorial_parts',0,104,70,'en',0,0),
('tutorial_parts',0,105,71,'en',0,0),
('tutorial_parts',0,106,72,'en',0,0),
('tutorial_parts',0,107,73,'en',0,0),
('tutorial_parts',0,108,74,'en',0,0),
('tutorial_parts',0,109,75,'en',0,0),
('tutorial_parts',0,110,76,'en',0,0),
('tutorial_parts',0,111,77,'en',0,0),
('tutorial_parts',0,112,78,'en',0,0),
('tutorial_parts',0,113,79,'en',0,0),
('tutorial_parts',0,114,80,'en',0,0),
('tutorial_parts',0,115,81,'en',0,0),
('tutorial_parts',0,116,82,'en',0,0),
('tutorial_parts',0,117,83,'en',0,0),
('tutorial_parts',0,118,84,'en',0,0),
('tutorial_parts',0,119,85,'en',0,0),
('tutorial_parts',0,120,86,'en',0,0),
('tutorial_parts',0,121,87,'en',0,0),
('tutorial_parts',0,122,88,'en',0,0),
('tutorial_parts',0,123,89,'en',0,0),
('tutorial_parts',0,126,90,'en',0,0),
('tutorial_parts',0,127,91,'en',0,0),
('tutorial_parts',0,128,92,'en',0,0),
('tutorial_parts',0,129,93,'en',0,0),
('tags',0,130,4,'en',0,0),
('tags',0,131,5,'en',0,0),
('tags',0,132,6,'en',0,0),
('tags',0,133,7,'en',0,0),
('tags',0,134,8,'en',0,0),
('tags',0,135,9,'en',0,0),
('tags',0,136,10,'en',0,0),
('tags',0,137,11,'en',0,0),
('tags',0,138,12,'en',0,0),
('tags',0,139,13,'en',0,0),
('tags',0,140,14,'en',0,0),
('tags',0,141,15,'en',0,0),
('tags',0,142,16,'en',0,0),
('tags',0,143,17,'en',0,0),
('tags',0,144,18,'en',0,0),
('tags',0,145,19,'en',0,0),
('tags',0,146,20,'en',0,0),
('tags',0,147,21,'en',0,0),
('tags',0,148,22,'en',0,0),
('tags',0,149,23,'en',0,0),
('tags',0,150,24,'en',0,0),
('tags',0,151,25,'en',0,0),
('tags',0,152,26,'en',0,0),
('tags',0,153,27,'en',0,0),
('tags',0,154,28,'en',0,0),
('tutorial_parts',0,155,94,'en',0,0),
('tags',0,156,29,'en',0,0),
('tutorial_parts',0,157,95,'en',0,0),
('tutorial_parts',0,158,96,'en',0,0),
('tutorial_parts',0,159,97,'en',0,0),
('tutorial_parts',0,160,98,'en',0,0),
('tutorial_parts',0,161,99,'en',0,0),
('tutorial_parts',0,162,100,'en',0,0),
('tutorial_parts',0,163,101,'en',0,0),
('tutorial_parts',0,164,102,'en',0,0),
('tutorial_parts',0,165,103,'en',0,0),
('userpoints',0,166,168,'en',0,0),
('userpoints',0,167,169,'en',0,0),
('userpoints',0,168,170,'en',0,0),
('tags',0,169,30,'en',0,0),
('tutorial_parts',0,170,104,'en',0,0),
('tutorial_parts',0,171,105,'en',0,0),
('tutorial_required_tools',0,172,144,'en',0,0),
('tutorial_required_tools',0,173,145,'en',0,0),
('tutorial_parts',0,174,106,'en',0,0),
('tutorial_parts',0,175,107,'en',0,0),
('tutorial_parts',0,176,108,'en',0,0),
('tutorial_parts',0,177,109,'en',0,0),
('tutorial_parts',0,178,110,'en',0,0),
('tutorial_parts',0,180,111,'en',0,0),
('tutorial_required_tools',0,181,146,'en',0,0),
('faq_categories',0,182,160,'en',0,0),
('faq_categories',0,183,161,'en',0,0),
('faq_categories',0,184,162,'en',0,0),
('faq_categories',0,185,163,'en',0,0),
('faq_categories',0,186,164,'en',0,0),
('faq_categories',0,187,165,'en',0,0),
('tags',0,188,31,'en',0,0),
('tutorial_parts',0,189,112,'en',0,0),
('tutorial_parts',0,190,113,'en',0,0),
('userpoints',0,191,171,'en',0,0),
('tutorial_parts',0,192,114,'en',0,0),
('tutorial_parts',0,193,115,'en',0,0),
('tutorial_parts',0,194,116,'en',0,0),
('tutorial_parts',0,195,117,'en',0,0),
('tutorial_parts',0,196,118,'en',0,0),
('tutorial_parts',0,197,119,'en',0,0),
('tutorial_parts',0,198,120,'en',0,0),
('tags',0,199,32,'en',0,0),
('faq_categories',0,204,166,'en',0,0),
('tags',0,205,33,'en',0,0),
('faq_categories',0,206,167,'en',0,0),
('tutorial_parts',0,213,121,'en',0,0),
('tutorial_parts',0,215,122,'en',0,0),
('tutorial_parts',0,216,123,'en',0,0),
('tutorial_parts',0,217,124,'en',0,0),
('tutorial_parts',0,218,125,'en',0,0),
('tutorial_parts',0,219,126,'en',0,0),
('tutorial_parts',0,220,127,'en',0,0),
('tags',0,221,34,'en',0,0),
('tutorial_parts',0,222,128,'en',0,0),
('tutorial_parts',0,223,129,'en',0,0),
('tutorial_parts',0,224,130,'en',0,0),
('tutorial_parts',0,225,131,'en',0,0),
('tutorial_parts',0,226,132,'en',0,0),
('tags',0,227,35,'en',0,0),
('tutorial_parts',0,228,133,'en',0,0),
('tags',0,229,172,'en',0,0),
('tags',0,230,173,'en',0,0),
('tags',0,231,174,'en',0,0);
commit;

--
-- Table structure for table `transaction`
--

CREATE TABLE `transaction` (
  `id` int(10) unsigned NOT NULL AUTO_INCREMENT,
  `type` varchar(32) CHARACTER SET ascii COLLATE ascii_general_ci NOT NULL COMMENT 'The ID of the target entity.',
  `uuid` varchar(128) CHARACTER SET ascii COLLATE ascii_general_ci NOT NULL,
  `created` int(11) DEFAULT NULL,
  `uid` int(10) unsigned NOT NULL COMMENT 'The ID of the target entity.',
  `target_entity__target_id` int(10) unsigned DEFAULT NULL COMMENT 'The ID of the target entity.',
  `target_entity__target_type` varchar(32) DEFAULT NULL COMMENT 'The Entity Type ID of the target entity.',
  `operation` varchar(255) CHARACTER SET ascii COLLATE ascii_general_ci DEFAULT NULL COMMENT 'The ID of the target entity.',
  `executed` int(11) DEFAULT NULL,
  `execution_sequence` int(10) unsigned DEFAULT NULL,
  `result_code` int(11) DEFAULT NULL,
  `executor` int(10) unsigned DEFAULT NULL COMMENT 'The ID of the target entity.',
  `properties` longblob DEFAULT NULL,
  PRIMARY KEY (`id`),
  UNIQUE KEY `transaction_field__uuid__value` (`uuid`),
  KEY `transaction_field__type__target_id` (`type`),
  KEY `transaction_field__uid__target_id` (`uid`),
  KEY `transaction_field__target_entity__target_id` (`target_entity__target_id`,`target_entity__target_type`),
  KEY `transaction_field__operation__target_id` (`operation`),
  KEY `transaction_field__executor__target_id` (`executor`)
) ENGINE=InnoDB DEFAULT CHARSET=utf8mb4 COLLATE=utf8mb4_general_ci COMMENT='The base table for transaction entities.';

--
-- Dumping data for table `transaction`
--

set autocommit=0;
commit;

--
-- Table structure for table `transaction__field_userpoints_default_amount`
--

CREATE TABLE `transaction__field_userpoints_default_amount` (
  `bundle` varchar(128) CHARACTER SET ascii COLLATE ascii_general_ci NOT NULL DEFAULT '' COMMENT 'The field instance bundle to which this row belongs, used when deleting a field instance',
  `deleted` tinyint(4) NOT NULL DEFAULT 0 COMMENT 'A boolean indicating whether this data item has been deleted',
  `entity_id` int(10) unsigned NOT NULL COMMENT 'The entity id this data is attached to',
  `revision_id` int(10) unsigned NOT NULL COMMENT 'The entity revision id this data is attached to, which for an unversioned entity type is the same as the entity id',
  `langcode` varchar(32) CHARACTER SET ascii COLLATE ascii_general_ci NOT NULL DEFAULT '' COMMENT 'The language code for this data item.',
  `delta` int(10) unsigned NOT NULL COMMENT 'The sequence number for this data item, used for multi-value fields',
  `field_userpoints_default_amount_value` decimal(10,0) NOT NULL,
  PRIMARY KEY (`entity_id`,`deleted`,`delta`,`langcode`),
  KEY `bundle` (`bundle`),
  KEY `revision_id` (`revision_id`)
) ENGINE=InnoDB DEFAULT CHARSET=utf8mb4 COLLATE=utf8mb4_general_ci COMMENT='Data storage for transaction field field_userpoints_default…';

--
-- Dumping data for table `transaction__field_userpoints_default_amount`
--

set autocommit=0;
commit;

--
-- Table structure for table `transaction__field_userpoints_default_balance`
--

CREATE TABLE `transaction__field_userpoints_default_balance` (
  `bundle` varchar(128) CHARACTER SET ascii COLLATE ascii_general_ci NOT NULL DEFAULT '' COMMENT 'The field instance bundle to which this row belongs, used when deleting a field instance',
  `deleted` tinyint(4) NOT NULL DEFAULT 0 COMMENT 'A boolean indicating whether this data item has been deleted',
  `entity_id` int(10) unsigned NOT NULL COMMENT 'The entity id this data is attached to',
  `revision_id` int(10) unsigned NOT NULL COMMENT 'The entity revision id this data is attached to, which for an unversioned entity type is the same as the entity id',
  `langcode` varchar(32) CHARACTER SET ascii COLLATE ascii_general_ci NOT NULL DEFAULT '' COMMENT 'The language code for this data item.',
  `delta` int(10) unsigned NOT NULL COMMENT 'The sequence number for this data item, used for multi-value fields',
  `field_userpoints_default_balance_value` decimal(10,0) NOT NULL,
  PRIMARY KEY (`entity_id`,`deleted`,`delta`,`langcode`),
  KEY `bundle` (`bundle`),
  KEY `revision_id` (`revision_id`)
) ENGINE=InnoDB DEFAULT CHARSET=utf8mb4 COLLATE=utf8mb4_general_ci COMMENT='Data storage for transaction field field_userpoints_default…';

--
-- Dumping data for table `transaction__field_userpoints_default_balance`
--

set autocommit=0;
commit;

--
-- Table structure for table `transaction__field_userpoints_default_coderef`
--

CREATE TABLE `transaction__field_userpoints_default_coderef` (
  `bundle` varchar(128) CHARACTER SET ascii COLLATE ascii_general_ci NOT NULL DEFAULT '' COMMENT 'The field instance bundle to which this row belongs, used when deleting a field instance',
  `deleted` tinyint(4) NOT NULL DEFAULT 0 COMMENT 'A boolean indicating whether this data item has been deleted',
  `entity_id` int(10) unsigned NOT NULL COMMENT 'The entity id this data is attached to',
  `revision_id` int(10) unsigned NOT NULL COMMENT 'The entity revision id this data is attached to, which for an unversioned entity type is the same as the entity id',
  `langcode` varchar(32) CHARACTER SET ascii COLLATE ascii_general_ci NOT NULL DEFAULT '' COMMENT 'The language code for this data item.',
  `delta` int(10) unsigned NOT NULL COMMENT 'The sequence number for this data item, used for multi-value fields',
  `field_userpoints_default_coderef_value` varchar(255) NOT NULL,
  PRIMARY KEY (`entity_id`,`deleted`,`delta`,`langcode`),
  KEY `bundle` (`bundle`),
  KEY `revision_id` (`revision_id`)
) ENGINE=InnoDB DEFAULT CHARSET=utf8mb4 COLLATE=utf8mb4_general_ci COMMENT='Data storage for transaction field field_userpoints_default…';

--
-- Dumping data for table `transaction__field_userpoints_default_coderef`
--

set autocommit=0;
commit;

--
-- Table structure for table `transaction__field_userpoints_default_linkref`
--

CREATE TABLE `transaction__field_userpoints_default_linkref` (
  `bundle` varchar(128) CHARACTER SET ascii COLLATE ascii_general_ci NOT NULL DEFAULT '' COMMENT 'The field instance bundle to which this row belongs, used when deleting a field instance',
  `deleted` tinyint(4) NOT NULL DEFAULT 0 COMMENT 'A boolean indicating whether this data item has been deleted',
  `entity_id` int(10) unsigned NOT NULL COMMENT 'The entity id this data is attached to',
  `revision_id` int(10) unsigned NOT NULL COMMENT 'The entity revision id this data is attached to, which for an unversioned entity type is the same as the entity id',
  `langcode` varchar(32) CHARACTER SET ascii COLLATE ascii_general_ci NOT NULL DEFAULT '' COMMENT 'The language code for this data item.',
  `delta` int(10) unsigned NOT NULL COMMENT 'The sequence number for this data item, used for multi-value fields',
  `field_userpoints_default_linkref_target_id` int(10) unsigned NOT NULL COMMENT 'The ID of the target entity.',
  `field_userpoints_default_linkref_target_type` varchar(32) NOT NULL COMMENT 'The Entity Type ID of the target entity.',
  PRIMARY KEY (`entity_id`,`deleted`,`delta`,`langcode`),
  KEY `bundle` (`bundle`),
  KEY `revision_id` (`revision_id`),
  KEY `field_userpoints_default_linkref_target_id` (`field_userpoints_default_linkref_target_id`,`field_userpoints_default_linkref_target_type`)
) ENGINE=InnoDB DEFAULT CHARSET=utf8mb4 COLLATE=utf8mb4_general_ci COMMENT='Data storage for transaction field field_userpoints_default…';

--
-- Dumping data for table `transaction__field_userpoints_default_linkref`
--

set autocommit=0;
commit;

--
-- Table structure for table `transaction__field_userpoints_default_reason`
--

CREATE TABLE `transaction__field_userpoints_default_reason` (
  `bundle` varchar(128) CHARACTER SET ascii COLLATE ascii_general_ci NOT NULL DEFAULT '' COMMENT 'The field instance bundle to which this row belongs, used when deleting a field instance',
  `deleted` tinyint(4) NOT NULL DEFAULT 0 COMMENT 'A boolean indicating whether this data item has been deleted',
  `entity_id` int(10) unsigned NOT NULL COMMENT 'The entity id this data is attached to',
  `revision_id` int(10) unsigned NOT NULL COMMENT 'The entity revision id this data is attached to, which for an unversioned entity type is the same as the entity id',
  `langcode` varchar(32) CHARACTER SET ascii COLLATE ascii_general_ci NOT NULL DEFAULT '' COMMENT 'The language code for this data item.',
  `delta` int(10) unsigned NOT NULL COMMENT 'The sequence number for this data item, used for multi-value fields',
  `field_userpoints_default_reason_value` varchar(255) NOT NULL,
  PRIMARY KEY (`entity_id`,`deleted`,`delta`,`langcode`),
  KEY `bundle` (`bundle`),
  KEY `revision_id` (`revision_id`)
) ENGINE=InnoDB DEFAULT CHARSET=utf8mb4 COLLATE=utf8mb4_general_ci COMMENT='Data storage for transaction field field_userpoints_default…';

--
-- Dumping data for table `transaction__field_userpoints_default_reason`
--

set autocommit=0;
commit;

--
-- Table structure for table `user__field_description`
--

CREATE TABLE `user__field_description` (
  `bundle` varchar(128) CHARACTER SET ascii COLLATE ascii_general_ci NOT NULL DEFAULT '' COMMENT 'The field instance bundle to which this row belongs, used when deleting a field instance',
  `deleted` tinyint(4) NOT NULL DEFAULT 0 COMMENT 'A boolean indicating whether this data item has been deleted',
  `entity_id` int(10) unsigned NOT NULL COMMENT 'The entity id this data is attached to',
  `revision_id` int(10) unsigned NOT NULL COMMENT 'The entity revision id this data is attached to, which for an unversioned entity type is the same as the entity id',
  `langcode` varchar(32) CHARACTER SET ascii COLLATE ascii_general_ci NOT NULL DEFAULT '' COMMENT 'The language code for this data item.',
  `delta` int(10) unsigned NOT NULL COMMENT 'The sequence number for this data item, used for multi-value fields',
  `field_description_value` longtext NOT NULL,
  `field_description_format` varchar(255) CHARACTER SET ascii COLLATE ascii_general_ci DEFAULT NULL,
  PRIMARY KEY (`entity_id`,`deleted`,`delta`,`langcode`),
  KEY `bundle` (`bundle`),
  KEY `revision_id` (`revision_id`),
  KEY `field_description_format` (`field_description_format`)
) ENGINE=InnoDB DEFAULT CHARSET=utf8mb4 COLLATE=utf8mb4_general_ci COMMENT='Data storage for user field field_description.';

--
-- Dumping data for table `user__field_description`
--

set autocommit=0;
INSERT INTO `user__field_description` VALUES
('user',0,768,768,'en',0,'Awroooo kinksters. I iz Sir\'s veeeery special boy down under and haz been lucky enough to help Sir with his site and stories. I hope you like dem :)','plain_text'),
('user',0,777,777,'en',0,'Dom looking for submissive men','plain_text'),
('user',0,806,806,'en',0,'Being in a CBT Chair with a Fucking Machine running makes for an interesting evening..','plain_text'),
('user',0,807,807,'en',0,'Master-Anders','plain_text'),
('user',0,837,837,'en',0,'sub boy logging on for the first time. Love predicament bondage. ','plain_text'),
('user',0,851,851,'en',0,'Tied and waiting...','plain_text'),
('user',0,949,949,'en',0,'46 guy next door.  ','plain_text'),
('user',0,1006,1006,'en',0,'24/7 male slave owned property of Master Tyler','plain_text'),
('user',0,1064,1064,'en',0,'horny fag slave locked in chastity for several years ,needs used by all alpha males ','plain_text'),
('user',0,1084,1084,'en',0,'I am a submissive mail that is 50+ years old. Married to My lovely Wife/Mistress for 32 years. I am a software engineer.  \r\nLikes:\r\nbondage\r\ntease and denial\r\nchastity\r\nFLR\r\nsensory deprivation \r\nedging\r\n\r\nLike to try\r\npegging\r\ncross dressing\r\nmaid service\r\n\r\nNot into\r\nscat\r\ngolden showers\r\nanything that causes me to bleed\r\n','plain_text'),
('user',0,1090,1090,'en',0,'Metalbond locked in darbies leg irons with a short chain','plain_text'),
('user',0,1112,1112,'en',0,'Chastity and predicament bondage boy ','plain_text'),
('user',0,1120,1120,'en',0,'Pain - Pleasure Exploration','plain_text'),
('user',0,1149,1149,'en',0,'Slave in training','plain_text'),
('user',0,1166,1166,'en',0,'Masculine muscular Italian sub bottom for safe pkay','plain_text'),
('user',0,1201,1201,'en',0,'Me...all tied up','plain_text'),
('user',0,1203,1203,'en',0,'Kinky bottom looking for Kinky Toop','plain_text'),
('user',0,1297,1297,'en',0,'Escape challenge.','plain_text'),
('user',0,1332,1332,'en',0,'my pathetic wee-wee, ready for punishment by e-stim, whipping, clothespins, paddling.\r\nthen cage it back up til next time.\r\nOrdered to get naked, walk around displaying in the gym locker room, people laugh at me. maximum humiliation.','plain_text'),
('user',0,1342,1342,'en',0,'piss drinker looking to be taken lower','plain_text'),
('user',0,1351,1351,'en',0,'Sub looking for fun. Check out my recon profile cslad for more info to what in into','plain_text'),
('user',0,1375,1375,'en',0,'Love feet ','plain_text'),
('user',0,1483,1483,'en',0,'Couple with playroom into bondage, tickling, impact play including spanking, flogging and Bastinado, edging/polishing, e-stim, safe anal, etc....\r\n\r\nVancouver, Canada based ','plain_text'),
('user',0,1562,1562,'en',0,'love kink, still new but happily exploring what gets my dick jumping haha','plain_text'),
('user',0,1580,1580,'en',0,'New to the site, so will update once I get a better feel for things here.\r\nI\'m a normal guy by day, but enjoy my kink after hours. I tend to be submissive by nature in the bedroom, but happy to switch and turn the tables.\r\nLooking forward to exploring this site!','plain_text'),
('user',0,1588,1588,'en',0,'sub seeking intense experiences.','plain_text'),
('user',0,1626,1626,'en',0,'me','plain_text'),
('user',0,1636,1636,'en',0,'Allow me the honor of submitting to torture. Teach me how to please you. andto serve you ','plain_text'),
('user',0,1637,1637,'en',0,'Chained as I should be  ...','plain_text'),
('user',0,1655,1655,'en',0,'Me','plain_text'),
('user',0,1710,1710,'en',0,'Locked and exposed in the field ','plain_text'),
('user',0,1770,1770,'en',0,'Calgary sissy locked for this Locktober. needing accepting friends.. very needy..','plain_text'),
('user',0,1777,1777,'en',0,'later','plain_text'),
('user',0,1793,1793,'en',0,'Slave ready to serve','plain_text'),
('user',0,1799,1799,'en',0,'Sub fag for the use of aggressively dominant real men','plain_text'),
('user',0,1813,1813,'en',0,'Houston pain pig redneck skin. ','plain_text'),
('user',0,1850,1850,'en',0,'Into Tickle torture, bondage, edging and milking ','plain_text'),
('user',0,1876,1876,'en',0,'Humble Sir','plain_text'),
('user',0,1890,1890,'en',0,'Just an european gay pig who loves bondage, piss, dogtraining, K9 and more...','plain_text'),
('user',0,1901,1901,'en',0,'hi','plain_text'),
('user',0,1903,1903,'en',0,'Michigan sub mostly into cbt and humiliation ','plain_text'),
('user',0,1918,1918,'en',0,'thats me,alpha slave','plain_text'),
('user',0,1945,1945,'en',0,'Just me','plain_text'),
('user',0,2023,2023,'en',0,'\r\n','plain_text'),
('user',0,2031,2031,'en',0,'just a mug','plain_text'),
('user',0,2032,2032,'en',0,'Nipple pig here','plain_text'),
('user',0,2037,2037,'en',0,'Locked in chastity and love all kinds of kink play','plain_text'),
('user',0,2057,2057,'en',0,'Curious and Inquisitive 50+ Man in the Country, likes to learn new things. Good head on my shoulders, and open to many scenes.','plain_text'),
('user',0,2071,2071,'en',0,'Just a horny kinky couple living in NYC that loves a good Dom/sub - SIR/boy relationship and play','plain_text'),
('user',0,2074,2074,'en',0,'Looking to hookup to receive CBT and predicament bondage near Indianapolis, Indiana.','plain_text'),
('user',0,2081,2081,'en',0,'Leatherpig looking for bondage training','plain_text'),
('user',0,2124,2124,'en',0,'binguo','plain_text'),
('user',0,2144,2144,'en',0,'Bondage btm vers looking for bondage tops vers','plain_text'),
('user',0,2181,2181,'en',0,'London based bondage sub','plain_text'),
('user',0,2183,2183,'en',0,'Gagged fag','plain_text'),
('user',0,2189,2189,'en',0,'54 172 60, wearing dirty coverall and waders : predicament bondage, strappado, forced barefooting, nipple play living in Normandy France','plain_text'),
('user',0,2225,2225,'en',0,'To serve & Obey','plain_text'),
('user',0,2231,2231,'en',0,'I\'m a mid 50s BISEXUAL not passable crossdresser very much into being in predicament bondage and bondage while used oral/anal and locked in a chastity device and high heels locked on plus mild to medium discipline. Enemas and plugs are great as are long dildo gags and electro shock.  I prefer to be blindfolded for anonymity of my Users and I like to be outside in the woods. I\'m in Woodinville, Washington state ','plain_text'),
('user',0,2249,2249,'en',0,'Gay, skinny, kinky, bondage loving, sub bottom.','plain_text'),
('user',0,2291,2291,'en',0,'Me','plain_text'),
('user',0,2299,2299,'en',0,'VA bondage sub','plain_text'),
('user',0,2303,2303,'en',0,'Hi just trying this out','plain_text'),
('user',0,2312,2312,'en',0,'Seattle bondage guy with playroom and lots of equipment, toys, and gear. 100% versatile. Mostly use the same name everywhere such as Recon but male_bndg on Twitter.','plain_text'),
('user',0,2345,2345,'en',0,'Hung switch up for filming ','plain_text'),
('user',0,2376,2376,'en',0,'Into leather gear, padlocks, and captivity... being controlled, played with.','plain_text'),
('user',0,2402,2402,'en',0,'I\'m your basic boy next door, computer geek, shy, intelligent and creative type; with an extremely KINKY side.  I\'m 50-ish  with a husky hairy stocky build. 5\' 10\" and 290 lbs.  If you are looking for body of death, a die hard gym bunny or don\'t like leather bears move on by and happy hunting. \r\n\r\nDefinitely a bondage bottom and I am into boots, leather, bondage, some S&M and the related scenes. Have limits, but limits are meant to be expanded while pleasing that special top.  Always safe and sane.\r\n\r\nKEYWORDS:\r\nLeather, Bondage, Cuffs, Shackles, Chastity, Boots, Bootslave,  Slave, Sub, Bootworship, Pain, Gloves, GOM, Collar, ESTIM, Electro, TENS, Strait Jacket, Sleep sack, cage, leg irons, steel restraints, hoods, masks, gags, flogging, floggers, impact play, paddles, slap, harness, stomping, racing leathers, uniforms, role pay, dominance submission, verbal degradation    ','plain_text'),
('user',0,2433,2433,'en',0,'jpg','plain_text'),
('user',0,2471,2471,'en',0,'Master who likes young subs.','plain_text'),
('user',0,2484,2484,'en',0,'Germany, Nürnberg, 38, Gay, into predicament bondage and stress positions :-)','plain_text'),
('user',0,2545,2545,'en',0,'Just a very grown diaper boy who either wears diapers or wet pants... the more humiliating, the better','plain_text'),
('user',0,2546,2546,'en',0,'\r\n\r\n','plain_text'),
('user',0,2555,2555,'en',0,'Looking for a Edging partner.....light bondage ','plain_text'),
('user',0,2600,2600,'en',0,'Sub who loves to play','plain_text'),
('user',0,2609,2609,'en',0,'submissive bttm cocksucker\r\n6\'2\" 205# blonde/blue goatee \r\n','plain_text'),
('user',0,2620,2620,'en',0,'Bondage bottom more than top','plain_text'),
('user',0,2646,2646,'en',0,'Similar to a bottom, but a specific variety. A power bottom tends to be in charge, and feels most powerful when bottoming; the one who bottoms is the one on the \"throne\" so to speak.','plain_text'),
('user',0,2656,2656,'en',0,'kinky bastard looking for fun','plain_text'),
('user',0,2670,2670,'en',0,'What am I looking for: Bondage AND Moderate to heavy CBT both giving and getting (LOVE my nuts to be abused and feel the ache and swelling for a few days), some anal, definitely oral, slow milking, teasing, forced multiple orgasms, sounding, and electro. I\'m a switch, 50/50. I\'m not a gym rat and you don\'t have to be either. Sling and several toys here. I have a men\'s underwear/jock-strap fetish. Evening/night availability and sometimes on weekends.  Casual, Non-Smoker, non-drug use. Poz undetectable. ','plain_text'),
('user',0,2711,2711,'en',0,'Sadist','plain_text'),
('user',0,2730,2730,'en',0,'\r\n','plain_text'),
('user',0,2749,2749,'en',0,'Hunting\' for Trouble!','plain_text'),
('user',0,2783,2783,'en',0,'Hello !\r\n\r\nSubmissive since 2003.\r\n\r\nTrust - Involvement - goodwill are essential.   Laughing is appreciated','plain_text'),
('user',0,2819,2819,'en',0,'I\'m new to this and would love to explore more, always down to try new things and see if it\'s something I like or not. Have any questions, don\'t hesitate to ask ','plain_text'),
('user',0,2858,2858,'en',0,'leh10402@eoopy.com','plain_text'),
('user',0,2861,2861,'en',0,'My boy. We are looking for dons to control him as Superboy while I join in','plain_text'),
('user',0,2885,2885,'en',0,'e','plain_text'),
('user',0,2900,2900,'en',0,'To be a slave boy','plain_text'),
('user',0,2922,2922,'en',0,'Nababasa n\'yo pa ba ito? \'musta naman o!','plain_text'),
('user',0,2964,2964,'en',0,'I am a Sub to a Mistress, just here for fun. ','plain_text'),
('user',0,2995,2995,'en',0,'Silver daddy here out for fun, mild to wild you name it.','plain_text'),
('user',0,2996,2996,'en',0,'ready for play','plain_text'),
('user',0,3049,3049,'en',0,'cum torture fanatic ','plain_text'),
('user',0,3111,3111,'en',0,'on my knees for a man in charge. ','plain_text'),
('user',0,3155,3155,'en',0,'5\'9\" Dominate switch, live with boy as a dom but also enjoy being sub in scenes with experts who can teach me new things','plain_text'),
('user',0,3161,3161,'en',0,'Hi','plain_text'),
('user',0,3169,3169,'en',0,'sub boy after dom dad\r\ninterests:\r\n- bondage\r\n- cbt\r\n- chastity\r\n- cum controll/denial\r\n- cmnm\r\n- oral training\r\n- dad/son','plain_text'),
('user',0,3196,3196,'en',0,'Submissive white male into bdsm','plain_text'),
('user',0,3197,3197,'en',0,'Just want to share experiences/desires for now. Kinky sub','plain_text'),
('user',0,3208,3208,'en',0,'soumis cherche chasteté et plus','plain_text'),
('user',0,3245,3245,'en',0,'No description','plain_text'),
('user',0,3266,3266,'en',0,'Sub looking for a Dom to put me in my place','plain_text'),
('user',0,3276,3276,'en',0,'jeg går den tunge vej ind i tortur cellen med mit hoved i en sæk, så jeg ikke kan se hvordan jeg straffes, og hvornår de stopper med at opdrage mig i cellen.','plain_text'),
('user',0,3282,3282,'en',0,'Hi, Dave from Westland here. Looking for friends and fun in and out of bondage. CBT and electro are my favorites, but willing to try lots more. 70/30 bottom/top.','plain_text'),
('user',0,3297,3297,'en',0,'This dog was trying to lick me,','plain_text'),
('user',0,3317,3317,'en',0,'Life in a Northern Town','plain_text'),
('user',0,3328,3328,'en',0,'Me','plain_text'),
('user',0,3331,3331,'en',0,'Me, in a mask :3','plain_text'),
('user',0,3346,3346,'en',0,'Dunno','plain_text'),
('user',0,3351,3351,'en',0,'Im a Young sub who likes bondage and chastity ','plain_text'),
('user',0,3364,3364,'en',0,'Kink bdsm','plain_text'),
('user',0,3386,3386,'en',0,'It\'s me.\r\n','plain_text'),
('user',0,3447,3447,'en',0,'I found this site through Recon.com and I\'m totally fascinated by it.','plain_text'),
('user',0,3448,3448,'en',0,'Rickbonda: leather bondage dom from Oz','plain_text'),
('user',0,3464,3464,'en',0,'Me playing lax.','plain_text'),
('user',0,3481,3481,'en',0,'Mid-50s, 185lbs, Fully vaxxed, HIV-, D/D free, not conservative, religious, or unstable. Tulsa area.\r\n\r\nBeautifully vulnerable for a deviant Master. I don\'t want who I am now to be the sum of me. I am disabled, w/chronic pain, desperately lonely, neglected, & strange but not a flake. Never mean any harm. Cyber for now, but just as genuine--the flesh is merely at a distance for a while. Many interests & areas of expertise.\r\n\r\nYou are a dragon. A devil. A crafter of perversions. You love that thrum of satisfaction & power that comes from being a successful Master. i have \"weird\" desires, but not to You. You see them as... exploitable. You\'ve tried others before me, but You felt Your lusts might be too esoteric for them. You\'ve grown bored w/everyday generic slaves & subs, & the doms who pair w/them. You know Your dark, perverse, taboo urges & odd cravings. In me you find your blood singing, knowing how deep you can go.\r\n\r\nNo lie: I am ready for things to be weird.\r\n-=-=-=-=-=-=-\r\nRitual, conditioning, dildos, psychological control, pleasure association, sexualized exotic animal training, catsuits, costume, bodysuits, masks, creative bondage, sensory control, sex magic, toilet slave, toy making, body paint, dehumanized, posture, grace, chocolate, scat bidet, behavioral mod, head box, hoods, objectification, coprophilia, kink furniture, trust, respect, honesty, courage, disabled, pony, pet, beast, anthro, furry, brainwashing, hypno, monster, devil, demon, affectionate cruelty, understanding, dirty talk, aftercare, control, secrets, triggers, fuck machines, lube, pig, intelligence, music, audio, sapiosexuality, mouth to ass, dirty messaging, rimming, rim seat, role play, ordered to masturbate, scent, cock worship, toys, anal hooks, cosplay, cyber sex, fursuits, humiliation, mental bondage, guided trance, food, eating, worship owner trainer master Lord as a God, sacred sexuality.','plain_text'),
('user',0,3506,3506,'en',0,'Love predicament and all other types of bondage!','plain_text');
commit;

--
-- Table structure for table `user__field_referred_by`
--

CREATE TABLE `user__field_referred_by` (
  `bundle` varchar(128) CHARACTER SET ascii COLLATE ascii_general_ci NOT NULL DEFAULT '' COMMENT 'The field instance bundle to which this row belongs, used when deleting a field instance',
  `deleted` tinyint(4) NOT NULL DEFAULT 0 COMMENT 'A boolean indicating whether this data item has been deleted',
  `entity_id` int(10) unsigned NOT NULL COMMENT 'The entity id this data is attached to',
  `revision_id` int(10) unsigned NOT NULL COMMENT 'The entity revision id this data is attached to, which for an unversioned entity type is the same as the entity id',
  `langcode` varchar(32) CHARACTER SET ascii COLLATE ascii_general_ci NOT NULL DEFAULT '' COMMENT 'The language code for this data item.',
  `delta` int(10) unsigned NOT NULL COMMENT 'The sequence number for this data item, used for multi-value fields',
  `field_referred_by_value` varchar(255) NOT NULL,
  PRIMARY KEY (`entity_id`,`deleted`,`delta`,`langcode`),
  KEY `bundle` (`bundle`),
  KEY `revision_id` (`revision_id`),
  KEY `field_referred_by_value` (`field_referred_by_value`(191))
) ENGINE=InnoDB DEFAULT CHARSET=utf8mb4 COLLATE=utf8mb4_general_ci COMMENT='Data storage for user field field_referred_by.';

--
-- Dumping data for table `user__field_referred_by`
--

set autocommit=0;
INSERT INTO `user__field_referred_by` VALUES
('user',0,1,1,'en',0,'Other'),
('user',0,280,280,'en',0,'MemberReferral'),
('user',0,293,293,'en',0,'MemberReferral'),
('user',0,439,439,'en',0,'Other'),
('user',0,460,460,'en',0,'Tumblr'),
('user',0,510,510,'en',0,'Google'),
('user',0,646,646,'en',0,'Facebook'),
('user',0,704,704,'en',0,'Recon'),
('user',0,705,705,'en',0,'MemberReferral'),
('user',0,708,708,'en',0,'MemberReferral'),
('user',0,712,712,'en',0,'MemberReferral'),
('user',0,715,715,'en',0,'Tumblr'),
('user',0,716,716,'en',0,'MemberReferral'),
('user',0,719,719,'en',0,'MemberReferral'),
('user',0,726,726,'en',0,'MemberReferral'),
('user',0,730,730,'en',0,'Tumblr'),
('user',0,731,731,'en',0,'Tumblr'),
('user',0,732,732,'en',0,'Tumblr'),
('user',0,733,733,'en',0,'Tumblr'),
('user',0,734,734,'en',0,'Tumblr'),
('user',0,735,735,'en',0,'Tumblr'),
('user',0,736,736,'en',0,'Tumblr'),
('user',0,737,737,'en',0,'Tumblr'),
('user',0,738,738,'en',0,'Tumblr'),
('user',0,739,739,'en',0,'Tumblr'),
('user',0,740,740,'en',0,'Tumblr'),
('user',0,741,741,'en',0,'Tumblr'),
('user',0,742,742,'en',0,'Tumblr'),
('user',0,743,743,'en',0,'Tumblr'),
('user',0,744,744,'en',0,'Tumblr'),
('user',0,745,745,'en',0,'Tumblr'),
('user',0,746,746,'en',0,'Tumblr'),
('user',0,747,747,'en',0,'Tumblr'),
('user',0,748,748,'en',0,'Tumblr'),
('user',0,749,749,'en',0,'Tumblr'),
('user',0,750,750,'en',0,'Tumblr'),
('user',0,751,751,'en',0,'Tumblr'),
('user',0,752,752,'en',0,'Tumblr'),
('user',0,753,753,'en',0,'Tumblr'),
('user',0,754,754,'en',0,'Tumblr'),
('user',0,755,755,'en',0,'Tumblr'),
('user',0,756,756,'en',0,'MemberReferral'),
('user',0,757,757,'en',0,'Tumblr'),
('user',0,758,758,'en',0,'Tumblr'),
('user',0,759,759,'en',0,'Tumblr'),
('user',0,760,760,'en',0,'Tumblr'),
('user',0,763,763,'en',0,'Tumblr'),
('user',0,764,764,'en',0,'Tumblr'),
('user',0,765,765,'en',0,'Tumblr'),
('user',0,766,766,'en',0,'Tumblr'),
('user',0,767,767,'en',0,'Tumblr'),
('user',0,768,768,'en',0,'MemberReferral'),
('user',0,769,769,'en',0,'Tumblr'),
('user',0,770,770,'en',0,'Tumblr'),
('user',0,772,772,'en',0,'Tumblr'),
('user',0,773,773,'en',0,'Tumblr'),
('user',0,774,774,'en',0,'Tumblr'),
('user',0,775,775,'en',0,'Tumblr'),
('user',0,776,776,'en',0,'Tumblr'),
('user',0,777,777,'en',0,'Tumblr'),
('user',0,778,778,'en',0,'Tumblr'),
('user',0,779,779,'en',0,'Tumblr'),
('user',0,781,781,'en',0,'MemberReferral'),
('user',0,782,782,'en',0,'Tumblr'),
('user',0,783,783,'en',0,'Tumblr'),
('user',0,784,784,'en',0,'Tumblr'),
('user',0,785,785,'en',0,'Tumblr'),
('user',0,786,786,'en',0,'Tumblr'),
('user',0,787,787,'en',0,'Tumblr'),
('user',0,788,788,'en',0,'Tumblr'),
('user',0,789,789,'en',0,'Tumblr'),
('user',0,791,791,'en',0,'Tumblr'),
('user',0,792,792,'en',0,'Tumblr'),
('user',0,793,793,'en',0,'Tumblr'),
('user',0,794,794,'en',0,'Tumblr'),
('user',0,795,795,'en',0,'Tumblr'),
('user',0,796,796,'en',0,'Google'),
('user',0,797,797,'en',0,'Tumblr'),
('user',0,798,798,'en',0,'Tumblr'),
('user',0,799,799,'en',0,'Tumblr'),
('user',0,800,800,'en',0,'Tumblr'),
('user',0,801,801,'en',0,'Tumblr'),
('user',0,802,802,'en',0,'Tumblr'),
('user',0,803,803,'en',0,'Tumblr'),
('user',0,804,804,'en',0,'Tumblr'),
('user',0,805,805,'en',0,'Tumblr'),
('user',0,806,806,'en',0,'Tumblr'),
('user',0,807,807,'en',0,'Tumblr'),
('user',0,808,808,'en',0,'Tumblr'),
('user',0,809,809,'en',0,'Tumblr'),
('user',0,810,810,'en',0,'Tumblr'),
('user',0,811,811,'en',0,'Tumblr'),
('user',0,812,812,'en',0,'Tumblr'),
('user',0,813,813,'en',0,'Tumblr'),
('user',0,814,814,'en',0,'Tumblr'),
('user',0,815,815,'en',0,'Tumblr'),
('user',0,816,816,'en',0,'Tumblr'),
('user',0,817,817,'en',0,'Tumblr'),
('user',0,818,818,'en',0,'Tumblr'),
('user',0,819,819,'en',0,'Tumblr'),
('user',0,820,820,'en',0,'Tumblr'),
('user',0,821,821,'en',0,'Tumblr'),
('user',0,822,822,'en',0,'Google'),
('user',0,823,823,'en',0,'Twitter'),
('user',0,824,824,'en',0,'Tumblr'),
('user',0,825,825,'en',0,'Tumblr'),
('user',0,826,826,'en',0,'Tumblr'),
('user',0,829,829,'en',0,'Tumblr'),
('user',0,831,831,'en',0,'Tumblr'),
('user',0,832,832,'en',0,'Tumblr'),
('user',0,833,833,'en',0,'Recon'),
('user',0,834,834,'en',0,'Tumblr'),
('user',0,835,835,'en',0,'Recon'),
('user',0,836,836,'en',0,'Tumblr'),
('user',0,837,837,'en',0,'Non-memberReferral'),
('user',0,838,838,'en',0,'Tumblr'),
('user',0,839,839,'en',0,'MemberReferral'),
('user',0,840,840,'en',0,'Recon'),
('user',0,841,841,'en',0,'MemberReferral'),
('user',0,842,842,'en',0,'Tumblr'),
('user',0,843,843,'en',0,'Tumblr'),
('user',0,844,844,'en',0,'Tumblr'),
('user',0,847,847,'en',0,'Tumblr'),
('user',0,848,848,'en',0,'Tumblr'),
('user',0,849,849,'en',0,'Tumblr'),
('user',0,850,850,'en',0,'Tumblr'),
('user',0,851,851,'en',0,'Tumblr'),
('user',0,852,852,'en',0,'Tumblr'),
('user',0,853,853,'en',0,'Tumblr'),
('user',0,854,854,'en',0,'Tumblr'),
('user',0,855,855,'en',0,'Tumblr'),
('user',0,856,856,'en',0,'OtherSearchEngine'),
('user',0,857,857,'en',0,'Tumblr'),
('user',0,858,858,'en',0,'Tumblr'),
('user',0,859,859,'en',0,'Tumblr'),
('user',0,860,860,'en',0,'Tumblr'),
('user',0,863,863,'en',0,'Non-memberReferral'),
('user',0,864,864,'en',0,'Tumblr'),
('user',0,865,865,'en',0,'MemberReferral'),
('user',0,866,866,'en',0,'Tumblr'),
('user',0,868,868,'en',0,'Tumblr'),
('user',0,869,869,'en',0,'Twitter'),
('user',0,871,871,'en',0,'Tumblr'),
('user',0,872,872,'en',0,'Recon'),
('user',0,875,875,'en',0,'Tumblr'),
('user',0,876,876,'en',0,'Other'),
('user',0,878,878,'en',0,'Recon'),
('user',0,879,879,'en',0,'Recon'),
('user',0,882,882,'en',0,'Recon'),
('user',0,883,883,'en',0,'GayDemon'),
('user',0,884,884,'en',0,'Recon'),
('user',0,885,885,'en',0,'Tumblr'),
('user',0,887,887,'en',0,'Google'),
('user',0,890,890,'en',0,'Other'),
('user',0,891,891,'en',0,'Google'),
('user',0,892,892,'en',0,'Tumblr'),
('user',0,893,893,'en',0,'GayDemon'),
('user',0,894,894,'en',0,'Tumblr'),
('user',0,897,897,'en',0,'Tumblr'),
('user',0,898,898,'en',0,'Tumblr'),
('user',0,899,899,'en',0,'Google'),
('user',0,901,901,'en',0,'Google'),
('user',0,902,902,'en',0,'Google'),
('user',0,904,904,'en',0,'Other'),
('user',0,907,907,'en',0,'Other'),
('user',0,908,908,'en',0,'Google'),
('user',0,910,910,'en',0,'Recon'),
('user',0,913,913,'en',0,'Tumblr'),
('user',0,914,914,'en',0,'Google'),
('user',0,915,915,'en',0,'Recon'),
('user',0,917,917,'en',0,'Tumblr'),
('user',0,919,919,'en',0,'Tumblr'),
('user',0,920,920,'en',0,'Recon'),
('user',0,922,922,'en',0,'Other'),
('user',0,924,924,'en',0,'Tumblr'),
('user',0,925,925,'en',0,'Google'),
('user',0,926,926,'en',0,'Recon'),
('user',0,928,928,'en',0,'Non-memberReferral'),
('user',0,929,929,'en',0,'Google'),
('user',0,930,930,'en',0,'Tumblr'),
('user',0,931,931,'en',0,'Recon'),
('user',0,932,932,'en',0,'Google'),
('user',0,934,934,'en',0,'OtherSearchEngine'),
('user',0,936,936,'en',0,'Facebook'),
('user',0,937,937,'en',0,'Recon'),
('user',0,938,938,'en',0,'Tumblr'),
('user',0,941,941,'en',0,'Google'),
('user',0,943,943,'en',0,'Other'),
('user',0,944,944,'en',0,'Recon'),
('user',0,946,946,'en',0,'Twitter'),
('user',0,948,948,'en',0,'Other'),
('user',0,949,949,'en',0,'Recon'),
('user',0,950,950,'en',0,'Google'),
('user',0,951,951,'en',0,'Tumblr'),
('user',0,952,952,'en',0,'Google'),
('user',0,955,955,'en',0,'Recon'),
('user',0,957,957,'en',0,'Recon'),
('user',0,959,959,'en',0,'Non-memberReferral'),
('user',0,960,960,'en',0,'Non-memberReferral'),
('user',0,961,961,'en',0,'Google'),
('user',0,962,962,'en',0,'Recon'),
('user',0,964,964,'en',0,'MemberReferral'),
('user',0,966,966,'en',0,'Tumblr'),
('user',0,967,967,'en',0,'Other'),
('user',0,969,969,'en',0,'Recon'),
('user',0,987,987,'en',0,'Recon'),
('user',0,990,990,'en',0,'Recon'),
('user',0,992,992,'en',0,'Recon'),
('user',0,993,993,'en',0,'Tumblr'),
('user',0,997,997,'en',0,'Other'),
('user',0,1002,1002,'en',0,'OtherSearchEngine'),
('user',0,1003,1003,'en',0,'Recon'),
('user',0,1005,1005,'en',0,'Recon'),
('user',0,1006,1006,'en',0,'Other'),
('user',0,1007,1007,'en',0,'Recon'),
('user',0,1009,1009,'en',0,'Recon'),
('user',0,1011,1011,'en',0,'Twitter'),
('user',0,1012,1012,'en',0,'Tumblr'),
('user',0,1013,1013,'en',0,'Google'),
('user',0,1015,1015,'en',0,'Tumblr'),
('user',0,1016,1016,'en',0,'MetalbondNYC'),
('user',0,1018,1018,'en',0,'Non-memberReferral'),
('user',0,1019,1019,'en',0,'Google'),
('user',0,1022,1022,'en',0,'Recon'),
('user',0,1024,1024,'en',0,'Nifty'),
('user',0,1027,1027,'en',0,'Recon'),
('user',0,1028,1028,'en',0,'Recon'),
('user',0,1029,1029,'en',0,'Google'),
('user',0,1032,1032,'en',0,'Recon'),
('user',0,1033,1033,'en',0,'Other'),
('user',0,1036,1036,'en',0,'Recon'),
('user',0,1038,1038,'en',0,'Recon'),
('user',0,1039,1039,'en',0,'MemberReferral'),
('user',0,1042,1042,'en',0,'MemberReferral'),
('user',0,1044,1044,'en',0,'Recon'),
('user',0,1045,1045,'en',0,'Google'),
('user',0,1047,1047,'en',0,'Recon'),
('user',0,1048,1048,'en',0,'Recon'),
('user',0,1050,1050,'en',0,'Recon'),
('user',0,1052,1052,'en',0,'Recon'),
('user',0,1053,1053,'en',0,'Other'),
('user',0,1061,1061,'en',0,'GayDemon'),
('user',0,1062,1062,'en',0,'Recon'),
('user',0,1064,1064,'en',0,'Other'),
('user',0,1066,1066,'en',0,'Tumblr'),
('user',0,1067,1067,'en',0,'Recon'),
('user',0,1068,1068,'en',0,'Other'),
('user',0,1069,1069,'en',0,'Recon'),
('user',0,1072,1072,'en',0,'Recon'),
('user',0,1075,1075,'en',0,'Recon'),
('user',0,1076,1076,'en',0,'Other'),
('user',0,1078,1078,'en',0,'Google'),
('user',0,1082,1082,'en',0,'Google'),
('user',0,1083,1083,'en',0,'Google'),
('user',0,1084,1084,'en',0,'Other'),
('user',0,1086,1086,'en',0,'Recon'),
('user',0,1088,1088,'en',0,'Other'),
('user',0,1089,1089,'en',0,'Google'),
('user',0,1090,1090,'en',0,'Recon'),
('user',0,1094,1094,'en',0,'Recon'),
('user',0,1095,1095,'en',0,'Other'),
('user',0,1096,1096,'en',0,'Recon'),
('user',0,1097,1097,'en',0,'Recon'),
('user',0,1098,1098,'en',0,'Other'),
('user',0,1099,1099,'en',0,'Other'),
('user',0,1100,1100,'en',0,'Recon'),
('user',0,1101,1101,'en',0,'Other'),
('user',0,1102,1102,'en',0,'Google'),
('user',0,1103,1103,'en',0,'MetalbondNYC'),
('user',0,1104,1104,'en',0,'MetalbondNYC'),
('user',0,1105,1105,'en',0,'MetalbondNYC'),
('user',0,1106,1106,'en',0,'MetalbondNYC'),
('user',0,1107,1107,'en',0,'MetalbondNYC'),
('user',0,1108,1108,'en',0,'MetalbondNYC'),
('user',0,1109,1109,'en',0,'MetalbondNYC'),
('user',0,1110,1110,'en',0,'MetalbondNYC'),
('user',0,1111,1111,'en',0,'MetalbondNYC'),
('user',0,1112,1112,'en',0,'MetalbondNYC'),
('user',0,1113,1113,'en',0,'MetalbondNYC'),
('user',0,1114,1114,'en',0,'MetalbondNYC'),
('user',0,1115,1115,'en',0,'MetalbondNYC'),
('user',0,1117,1117,'en',0,'MetalbondNYC'),
('user',0,1118,1118,'en',0,'MetalbondNYC'),
('user',0,1119,1119,'en',0,'MetalbondNYC'),
('user',0,1120,1120,'en',0,'MetalbondNYC'),
('user',0,1121,1121,'en',0,'MetalbondNYC'),
('user',0,1122,1122,'en',0,'Nifty'),
('user',0,1123,1123,'en',0,'MetalbondNYC'),
('user',0,1124,1124,'en',0,'MetalbondNYC'),
('user',0,1125,1125,'en',0,'MetalbondNYC'),
('user',0,1126,1126,'en',0,'MetalbondNYC'),
('user',0,1127,1127,'en',0,'MetalbondNYC'),
('user',0,1128,1128,'en',0,'MetalbondNYC'),
('user',0,1129,1129,'en',0,'Other'),
('user',0,1130,1130,'en',0,'MetalbondNYC'),
('user',0,1131,1131,'en',0,'MetalbondNYC'),
('user',0,1132,1132,'en',0,'MetalbondNYC'),
('user',0,1133,1133,'en',0,'MetalbondNYC'),
('user',0,1134,1134,'en',0,'Tumblr'),
('user',0,1138,1138,'en',0,'MetalbondNYC'),
('user',0,1140,1140,'en',0,'Tumblr'),
('user',0,1142,1142,'en',0,'MetalbondNYC'),
('user',0,1143,1143,'en',0,'MemberReferral'),
('user',0,1144,1144,'en',0,'Google'),
('user',0,1146,1146,'en',0,'Recon'),
('user',0,1147,1147,'en',0,'Recon'),
('user',0,1149,1149,'en',0,'Tumblr'),
('user',0,1151,1151,'en',0,'MetalbondNYC'),
('user',0,1154,1154,'en',0,'Google'),
('user',0,1155,1155,'en',0,'Tumblr'),
('user',0,1157,1157,'en',0,'MetalbondNYC'),
('user',0,1158,1158,'en',0,'Tumblr'),
('user',0,1159,1159,'en',0,'MetalbondNYC'),
('user',0,1164,1164,'en',0,'MetalbondNYC'),
('user',0,1166,1166,'en',0,'Recon'),
('user',0,1167,1167,'en',0,'Other'),
('user',0,1168,1168,'en',0,'Recon'),
('user',0,1169,1169,'en',0,'Recon'),
('user',0,1171,1171,'en',0,'MetalbondNYC'),
('user',0,1173,1173,'en',0,'GayDemon'),
('user',0,1176,1176,'en',0,'MemberReferral'),
('user',0,1184,1184,'en',0,'MetalbondNYC'),
('user',0,1186,1186,'en',0,'Recon'),
('user',0,1187,1187,'en',0,'Other'),
('user',0,1190,1190,'en',0,'GayDemon'),
('user',0,1191,1191,'en',0,'Recon'),
('user',0,1193,1193,'en',0,'Tumblr'),
('user',0,1194,1194,'en',0,'GayDemon'),
('user',0,1195,1195,'en',0,'OtherSearchEngine'),
('user',0,1198,1198,'en',0,'Tumblr'),
('user',0,1200,1200,'en',0,'Tumblr'),
('user',0,1201,1201,'en',0,'Recon'),
('user',0,1202,1202,'en',0,'Recon'),
('user',0,1203,1203,'en',0,'MetalbondNYC'),
('user',0,1209,1209,'en',0,'Tumblr'),
('user',0,1210,1210,'en',0,'MetalbondNYC'),
('user',0,1211,1211,'en',0,'Tumblr'),
('user',0,1212,1212,'en',0,'Tumblr'),
('user',0,1213,1213,'en',0,'Tumblr'),
('user',0,1214,1214,'en',0,'Tumblr'),
('user',0,1215,1215,'en',0,'Tumblr'),
('user',0,1216,1216,'en',0,'Tumblr'),
('user',0,1217,1217,'en',0,'MemberReferral'),
('user',0,1218,1218,'en',0,'Tumblr'),
('user',0,1219,1219,'en',0,'Nifty'),
('user',0,1220,1220,'en',0,'Tumblr'),
('user',0,1223,1223,'en',0,'MetalbondNYC'),
('user',0,1224,1224,'en',0,'Tumblr'),
('user',0,1226,1226,'en',0,'MetalbondNYC'),
('user',0,1227,1227,'en',0,'Tumblr'),
('user',0,1228,1228,'en',0,'Tumblr'),
('user',0,1229,1229,'en',0,'Tumblr'),
('user',0,1233,1233,'en',0,'Tumblr'),
('user',0,1234,1234,'en',0,'Other'),
('user',0,1238,1238,'en',0,'Other'),
('user',0,1243,1243,'en',0,'MemberReferral'),
('user',0,1244,1244,'en',0,'OtherSearchEngine'),
('user',0,1247,1247,'en',0,'Tumblr'),
('user',0,1248,1248,'en',0,'MemberReferral'),
('user',0,1249,1249,'en',0,'Tumblr'),
('user',0,1250,1250,'en',0,'Tumblr'),
('user',0,1260,1260,'en',0,'MetalbondNYC'),
('user',0,1261,1261,'en',0,'Recon'),
('user',0,1263,1263,'en',0,'MetalbondNYC'),
('user',0,1264,1264,'en',0,'Tumblr'),
('user',0,1267,1267,'en',0,'Recon'),
('user',0,1270,1270,'en',0,'Recon'),
('user',0,1271,1271,'en',0,'MemberReferral'),
('user',0,1274,1274,'en',0,'Tumblr'),
('user',0,1276,1276,'en',0,'Other'),
('user',0,1278,1278,'en',0,'Instagram'),
('user',0,1279,1279,'en',0,'Instagram'),
('user',0,1280,1280,'en',0,'Tumblr'),
('user',0,1281,1281,'en',0,'MetalbondNYC'),
('user',0,1282,1282,'en',0,'Tumblr'),
('user',0,1291,1291,'en',0,'Tumblr'),
('user',0,1294,1294,'en',0,'Other'),
('user',0,1295,1295,'en',0,'Recon'),
('user',0,1296,1296,'en',0,'Tumblr'),
('user',0,1297,1297,'en',0,'Tiedfeetguy'),
('user',0,1298,1298,'en',0,'Google'),
('user',0,1299,1299,'en',0,'Recon'),
('user',0,1300,1300,'en',0,'Tumblr'),
('user',0,1301,1301,'en',0,'Recon'),
('user',0,1302,1302,'en',0,'Tumblr'),
('user',0,1308,1308,'en',0,'GayDemon'),
('user',0,1310,1310,'en',0,'Google'),
('user',0,1312,1312,'en',0,'MemberReferral'),
('user',0,1313,1313,'en',0,'Tumblr'),
('user',0,1314,1314,'en',0,'Tiedfeetguy'),
('user',0,1315,1315,'en',0,'Twitter'),
('user',0,1316,1316,'en',0,'Other'),
('user',0,1317,1317,'en',0,'Facebook'),
('user',0,1318,1318,'en',0,'MetalbondNYC'),
('user',0,1319,1319,'en',0,'Instagram'),
('user',0,1320,1320,'en',0,'GayDemon'),
('user',0,1321,1321,'en',0,'Tumblr'),
('user',0,1322,1322,'en',0,'MetalbondNYC'),
('user',0,1324,1324,'en',0,'Recon'),
('user',0,1325,1325,'en',0,'Tumblr'),
('user',0,1326,1326,'en',0,'MemberReferral'),
('user',0,1328,1328,'en',0,'Other'),
('user',0,1329,1329,'en',0,'MetalbondNYC'),
('user',0,1330,1330,'en',0,'MetalbondNYC'),
('user',0,1331,1331,'en',0,'Recon'),
('user',0,1332,1332,'en',0,'Other'),
('user',0,1336,1336,'en',0,'Bdsmlr'),
('user',0,1337,1337,'en',0,'Recon'),
('user',0,1338,1338,'en',0,'Recon'),
('user',0,1339,1339,'en',0,'MetalbondNYC'),
('user',0,1340,1340,'en',0,'Google'),
('user',0,1341,1341,'en',0,'Tiedfeetguy'),
('user',0,1342,1342,'en',0,'Other'),
('user',0,1344,1344,'en',0,'Google'),
('user',0,1345,1345,'en',0,'Recon'),
('user',0,1346,1346,'en',0,'MemberReferral'),
('user',0,1347,1347,'en',0,'MemberReferral'),
('user',0,1349,1349,'en',0,'MetalbondNYC'),
('user',0,1350,1350,'en',0,'Bdsmlr'),
('user',0,1351,1351,'en',0,'Bdsmlr'),
('user',0,1352,1352,'en',0,'MetalbondNYC'),
('user',0,1353,1353,'en',0,'Recon'),
('user',0,1354,1354,'en',0,'MetalbondNYC'),
('user',0,1355,1355,'en',0,'MetalbondNYC'),
('user',0,1356,1356,'en',0,'Google'),
('user',0,1357,1357,'en',0,'Google'),
('user',0,1358,1358,'en',0,'Google'),
('user',0,1359,1359,'en',0,'Google'),
('user',0,1360,1360,'en',0,'GayDemon'),
('user',0,1361,1361,'en',0,'Recon'),
('user',0,1362,1362,'en',0,'MetalbondNYC'),
('user',0,1363,1363,'en',0,'Recon'),
('user',0,1364,1364,'en',0,'Google'),
('user',0,1367,1367,'en',0,'Tumblr'),
('user',0,1368,1368,'en',0,'Recon'),
('user',0,1369,1369,'en',0,'Recon'),
('user',0,1370,1370,'en',0,'Google'),
('user',0,1371,1371,'en',0,'Bdsmlr'),
('user',0,1373,1373,'en',0,'Google'),
('user',0,1374,1374,'en',0,'DuckDuckGo'),
('user',0,1375,1375,'en',0,'Recon'),
('user',0,1377,1377,'en',0,'Non-memberReferral'),
('user',0,1378,1378,'en',0,'sadOsam'),
('user',0,1379,1379,'en',0,'Google'),
('user',0,1380,1380,'en',0,'Recon'),
('user',0,1384,1384,'en',0,'Recon'),
('user',0,1385,1385,'en',0,'Google'),
('user',0,1386,1386,'en',0,'MemberReferral'),
('user',0,1388,1388,'en',0,'MetalbondNYC'),
('user',0,1390,1390,'en',0,'Google'),
('user',0,1391,1391,'en',0,'Bdsmlr'),
('user',0,1393,1393,'en',0,'Pinterest'),
('user',0,1394,1394,'en',0,'Tumblr'),
('user',0,1396,1396,'en',0,'Bdsmlr'),
('user',0,1397,1397,'en',0,'Google'),
('user',0,1399,1399,'en',0,'Tumblr'),
('user',0,1402,1402,'en',0,'Recon'),
('user',0,1403,1403,'en',0,'Recon'),
('user',0,1405,1405,'en',0,'MemberReferral'),
('user',0,1406,1406,'en',0,'Recon'),
('user',0,1408,1408,'en',0,'Recon'),
('user',0,1409,1409,'en',0,'Google'),
('user',0,1410,1410,'en',0,'Recon'),
('user',0,1411,1411,'en',0,'Tumblr'),
('user',0,1413,1413,'en',0,'Twitter'),
('user',0,1414,1414,'en',0,'Recon'),
('user',0,1415,1415,'en',0,'Bdsmlr'),
('user',0,1416,1416,'en',0,'Recon'),
('user',0,1417,1417,'en',0,'DuckDuckGo'),
('user',0,1418,1418,'en',0,'Google'),
('user',0,1420,1420,'en',0,'Tumblr'),
('user',0,1422,1422,'en',0,'Recon'),
('user',0,1423,1423,'en',0,'Google'),
('user',0,1424,1424,'en',0,'sadOsam'),
('user',0,1425,1425,'en',0,'Google'),
('user',0,1426,1426,'en',0,'MetalbondNYC'),
('user',0,1428,1428,'en',0,'sadOsam'),
('user',0,1429,1429,'en',0,'Recon'),
('user',0,1431,1431,'en',0,'DuckDuckGo'),
('user',0,1432,1432,'en',0,'Recon'),
('user',0,1434,1434,'en',0,'Recon'),
('user',0,1435,1435,'en',0,'Other'),
('user',0,1436,1436,'en',0,'Google'),
('user',0,1437,1437,'en',0,'Tumblr'),
('user',0,1438,1438,'en',0,'GayDemon'),
('user',0,1439,1439,'en',0,'Recon'),
('user',0,1440,1440,'en',0,'MetalbondNYC'),
('user',0,1441,1441,'en',0,'Google'),
('user',0,1442,1442,'en',0,'Bdsmlr'),
('user',0,1445,1445,'en',0,'Recon'),
('user',0,1446,1446,'en',0,'Google'),
('user',0,1447,1447,'en',0,'Tumblr'),
('user',0,1448,1448,'en',0,'Other'),
('user',0,1449,1449,'en',0,'Bdsmlr'),
('user',0,1450,1450,'en',0,'Tumblr'),
('user',0,1451,1451,'en',0,'sadOsam'),
('user',0,1452,1452,'en',0,'Tumblr'),
('user',0,1453,1453,'en',0,'MetalbondNYC'),
('user',0,1454,1454,'en',0,'GayDemon'),
('user',0,1456,1456,'en',0,'Tumblr'),
('user',0,1458,1458,'en',0,'Bdsmlr'),
('user',0,1459,1459,'en',0,'Google'),
('user',0,1461,1461,'en',0,'Twitter'),
('user',0,1462,1462,'en',0,'Recon'),
('user',0,1463,1463,'en',0,'Google'),
('user',0,1464,1464,'en',0,'Google'),
('user',0,1466,1466,'en',0,'Recon'),
('user',0,1467,1467,'en',0,'Google'),
('user',0,1469,1469,'en',0,'Tumblr'),
('user',0,1470,1470,'en',0,'Recon'),
('user',0,1471,1471,'en',0,'Tumblr'),
('user',0,1472,1472,'en',0,'Bdsmlr'),
('user',0,1473,1473,'en',0,'Tumblr'),
('user',0,1474,1474,'en',0,'Recon'),
('user',0,1475,1475,'en',0,'Tumblr'),
('user',0,1476,1476,'en',0,'Recon'),
('user',0,1477,1477,'en',0,'Bdsmlr'),
('user',0,1480,1480,'en',0,'Google'),
('user',0,1481,1481,'en',0,'Recon'),
('user',0,1482,1482,'en',0,'MetalbondNYC'),
('user',0,1483,1483,'en',0,'Non-memberReferral'),
('user',0,1484,1484,'en',0,'Recon'),
('user',0,1485,1485,'en',0,'Bdsmlr'),
('user',0,1486,1486,'en',0,'Nifty'),
('user',0,1487,1487,'en',0,'Bdsmlr'),
('user',0,1488,1488,'en',0,'Recon'),
('user',0,1490,1490,'en',0,'MetalbondNYC'),
('user',0,1492,1492,'en',0,'Nifty'),
('user',0,1493,1493,'en',0,'Recon'),
('user',0,1494,1494,'en',0,'Google'),
('user',0,1495,1495,'en',0,'Non-memberReferral'),
('user',0,1496,1496,'en',0,'Tiedfeetguy'),
('user',0,1500,1500,'en',0,'Google'),
('user',0,1501,1501,'en',0,'Bdsmlr'),
('user',0,1502,1502,'en',0,'Bdsmlr'),
('user',0,1504,1504,'en',0,'Tumblr'),
('user',0,1505,1505,'en',0,'Recon'),
('user',0,1506,1506,'en',0,'Tumblr'),
('user',0,1507,1507,'en',0,'Bdsmlr'),
('user',0,1508,1508,'en',0,'Bdsmlr'),
('user',0,1509,1509,'en',0,'Bdsmlr'),
('user',0,1513,1513,'en',0,'MetalbondNYC'),
('user',0,1515,1515,'en',0,'Other'),
('user',0,1516,1516,'en',0,'Recon'),
('user',0,1517,1517,'en',0,'GayDemon'),
('user',0,1518,1518,'en',0,'Recon'),
('user',0,1520,1520,'en',0,'Google'),
('user',0,1521,1521,'en',0,'Google'),
('user',0,1522,1522,'en',0,'Bdsmlr'),
('user',0,1523,1523,'en',0,'Tumblr'),
('user',0,1524,1524,'en',0,'Google'),
('user',0,1529,1529,'en',0,'Tumblr'),
('user',0,1530,1530,'en',0,'Twitter'),
('user',0,1531,1531,'en',0,'Tumblr'),
('user',0,1532,1532,'en',0,'Tumblr'),
('user',0,1533,1533,'en',0,'Tumblr'),
('user',0,1534,1534,'en',0,'Bdsmlr'),
('user',0,1535,1535,'en',0,'MetalbondNYC'),
('user',0,1536,1536,'en',0,'Tumblr'),
('user',0,1537,1537,'en',0,'Tumblr'),
('user',0,1538,1538,'en',0,'Tumblr'),
('user',0,1539,1539,'en',0,'Bdsmlr'),
('user',0,1540,1540,'en',0,'Tumblr'),
('user',0,1541,1541,'en',0,'Tumblr'),
('user',0,1542,1542,'en',0,'Tumblr'),
('user',0,1543,1543,'en',0,'Google'),
('user',0,1544,1544,'en',0,'Google'),
('user',0,1545,1545,'en',0,'Bdsmlr'),
('user',0,1546,1546,'en',0,'Tumblr'),
('user',0,1547,1547,'en',0,'Tumblr'),
('user',0,1548,1548,'en',0,'Recon'),
('user',0,1549,1549,'en',0,'Bdsmlr'),
('user',0,1550,1550,'en',0,'Google'),
('user',0,1551,1551,'en',0,'Google'),
('user',0,1552,1552,'en',0,'Bdsmlr'),
('user',0,1553,1553,'en',0,'Tiedfeetguy'),
('user',0,1554,1554,'en',0,'MetalbondNYC'),
('user',0,1555,1555,'en',0,'Tumblr'),
('user',0,1556,1556,'en',0,'Recon'),
('user',0,1557,1557,'en',0,'Tumblr'),
('user',0,1558,1558,'en',0,'Google'),
('user',0,1559,1559,'en',0,'Tumblr'),
('user',0,1560,1560,'en',0,'GayDemon'),
('user',0,1561,1561,'en',0,'Recon'),
('user',0,1562,1562,'en',0,'Google'),
('user',0,1563,1563,'en',0,'Bdsmlr'),
('user',0,1564,1564,'en',0,'Bdsmlr'),
('user',0,1565,1565,'en',0,'Recon'),
('user',0,1566,1566,'en',0,'Xtube'),
('user',0,1567,1567,'en',0,'Recon'),
('user',0,1568,1568,'en',0,'Recon'),
('user',0,1569,1569,'en',0,'MetalbondNYC'),
('user',0,1570,1570,'en',0,'Bdsmlr'),
('user',0,1571,1571,'en',0,'Google'),
('user',0,1572,1572,'en',0,'Recon'),
('user',0,1573,1573,'en',0,'Google'),
('user',0,1574,1574,'en',0,'Bdsmlr'),
('user',0,1575,1575,'en',0,'Recon'),
('user',0,1576,1576,'en',0,'Tumblr'),
('user',0,1577,1577,'en',0,'Recon'),
('user',0,1579,1579,'en',0,'MetalbondNYC'),
('user',0,1580,1580,'en',0,'MetalbondNYC'),
('user',0,1581,1581,'en',0,'MetalbondNYC'),
('user',0,1582,1582,'en',0,'MetalbondNYC'),
('user',0,1583,1583,'en',0,'MetalbondNYC'),
('user',0,1584,1584,'en',0,'MetalbondNYC'),
('user',0,1585,1585,'en',0,'MetalbondNYC'),
('user',0,1586,1586,'en',0,'MetalbondNYC'),
('user',0,1587,1587,'en',0,'MetalbondNYC'),
('user',0,1588,1588,'en',0,'MetalbondNYC'),
('user',0,1589,1589,'en',0,'MetalbondNYC'),
('user',0,1590,1590,'en',0,'MetalbondNYC'),
('user',0,1591,1591,'en',0,'MetalbondNYC'),
('user',0,1592,1592,'en',0,'MetalbondNYC'),
('user',0,1593,1593,'en',0,'MetalbondNYC'),
('user',0,1594,1594,'en',0,'MetalbondNYC'),
('user',0,1595,1595,'en',0,'MetalbondNYC'),
('user',0,1596,1596,'en',0,'MetalbondNYC'),
('user',0,1597,1597,'en',0,'Other'),
('user',0,1598,1598,'en',0,'MetalbondNYC'),
('user',0,1599,1599,'en',0,'MetalbondNYC'),
('user',0,1600,1600,'en',0,'MetalbondNYC'),
('user',0,1601,1601,'en',0,'Bdsmlr'),
('user',0,1602,1602,'en',0,'Other'),
('user',0,1603,1603,'en',0,'MetalbondNYC'),
('user',0,1604,1604,'en',0,'Google'),
('user',0,1606,1606,'en',0,'Tumblr'),
('user',0,1607,1607,'en',0,'Xtube'),
('user',0,1608,1608,'en',0,'Tumblr'),
('user',0,1609,1609,'en',0,'Tumblr'),
('user',0,1610,1610,'en',0,'Tumblr'),
('user',0,1611,1611,'en',0,'Bdsmlr'),
('user',0,1612,1612,'en',0,'MetalbondNYC'),
('user',0,1613,1613,'en',0,'Tumblr'),
('user',0,1614,1614,'en',0,'MetalbondNYC'),
('user',0,1615,1615,'en',0,'MetalbondNYC'),
('user',0,1616,1616,'en',0,'MetalbondNYC'),
('user',0,1617,1617,'en',0,'MetalbondNYC'),
('user',0,1618,1618,'en',0,'Google'),
('user',0,1619,1619,'en',0,'Google'),
('user',0,1620,1620,'en',0,'MetalbondNYC'),
('user',0,1621,1621,'en',0,'Bdsmlr'),
('user',0,1622,1622,'en',0,'MetalbondNYC'),
('user',0,1623,1623,'en',0,'MetalbondNYC'),
('user',0,1624,1624,'en',0,'Recon'),
('user',0,1625,1625,'en',0,'MetalbondNYC'),
('user',0,1626,1626,'en',0,'Recon'),
('user',0,1627,1627,'en',0,'MetalbondNYC'),
('user',0,1628,1628,'en',0,'Tumblr'),
('user',0,1629,1629,'en',0,'Tumblr'),
('user',0,1630,1630,'en',0,'Tumblr'),
('user',0,1631,1631,'en',0,'MetalbondNYC'),
('user',0,1632,1632,'en',0,'MemberReferral'),
('user',0,1633,1633,'en',0,'Tumblr'),
('user',0,1634,1634,'en',0,'Bdsmlr'),
('user',0,1635,1635,'en',0,'Nifty'),
('user',0,1636,1636,'en',0,'Tumblr'),
('user',0,1637,1637,'en',0,'Tumblr'),
('user',0,1638,1638,'en',0,'Tumblr'),
('user',0,1639,1639,'en',0,'Bdsmlr'),
('user',0,1640,1640,'en',0,'Tumblr'),
('user',0,1641,1641,'en',0,'Tumblr'),
('user',0,1642,1642,'en',0,'Tumblr'),
('user',0,1643,1643,'en',0,'Bdsmlr'),
('user',0,1644,1644,'en',0,'Bdsmlr'),
('user',0,1645,1645,'en',0,'Recon'),
('user',0,1646,1646,'en',0,'MetalbondNYC'),
('user',0,1647,1647,'en',0,'Recon'),
('user',0,1648,1648,'en',0,'MetalbondNYC'),
('user',0,1649,1649,'en',0,'Recon'),
('user',0,1650,1650,'en',0,'Google'),
('user',0,1652,1652,'en',0,'Tumblr'),
('user',0,1653,1653,'en',0,'Bdsmlr'),
('user',0,1655,1655,'en',0,'Google'),
('user',0,1659,1659,'en',0,'MemberReferral'),
('user',0,1660,1660,'en',0,'MetalbondNYC'),
('user',0,1661,1661,'en',0,'Bing'),
('user',0,1662,1662,'en',0,'MetalbondNYC'),
('user',0,1663,1663,'en',0,'Recon'),
('user',0,1665,1665,'en',0,'Tumblr'),
('user',0,1666,1666,'en',0,'Tumblr'),
('user',0,1667,1667,'en',0,'Tumblr'),
('user',0,1668,1668,'en',0,'Tumblr'),
('user',0,1669,1669,'en',0,'Bdsmlr'),
('user',0,1670,1670,'en',0,'Tumblr'),
('user',0,1671,1671,'en',0,'MetalbondNYC'),
('user',0,1672,1672,'en',0,'Google'),
('user',0,1673,1673,'en',0,'Google'),
('user',0,1674,1674,'en',0,'Tumblr'),
('user',0,1675,1675,'en',0,'Other'),
('user',0,1676,1676,'en',0,'Other'),
('user',0,1677,1677,'en',0,'Bdsmlr'),
('user',0,1678,1678,'en',0,'Tumblr'),
('user',0,1679,1679,'en',0,'Tumblr'),
('user',0,1680,1680,'en',0,'Tumblr'),
('user',0,1681,1681,'en',0,'Recon'),
('user',0,1682,1682,'en',0,'Recon'),
('user',0,1683,1683,'en',0,'Recon'),
('user',0,1684,1684,'en',0,'Xtube'),
('user',0,1685,1685,'en',0,'GayDemon'),
('user',0,1686,1686,'en',0,'Tumblr'),
('user',0,1690,1690,'en',0,'Bdsmlr'),
('user',0,1691,1691,'en',0,'Bdsmlr'),
('user',0,1693,1693,'en',0,'Recon'),
('user',0,1694,1694,'en',0,'Bdsmlr'),
('user',0,1695,1695,'en',0,'Bdsmlr'),
('user',0,1698,1698,'en',0,'Bdsmlr'),
('user',0,1699,1699,'en',0,'GayDemon'),
('user',0,1700,1700,'en',0,'Recon'),
('user',0,1701,1701,'en',0,'Non-memberReferral'),
('user',0,1702,1702,'en',0,'Bdsmlr'),
('user',0,1703,1703,'en',0,'MetalbondNYC'),
('user',0,1704,1704,'en',0,'Bdsmlr'),
('user',0,1705,1705,'en',0,'Recon'),
('user',0,1706,1706,'en',0,'Google'),
('user',0,1707,1707,'en',0,'MetalbondNYC'),
('user',0,1708,1708,'en',0,'Tumblr'),
('user',0,1709,1709,'en',0,'Google'),
('user',0,1710,1710,'en',0,'Bdsmlr'),
('user',0,1711,1711,'en',0,'Google'),
('user',0,1713,1713,'en',0,'Bdsmlr'),
('user',0,1714,1714,'en',0,'Bdsmlr'),
('user',0,1715,1715,'en',0,'Tumblr'),
('user',0,1716,1716,'en',0,'Tumblr'),
('user',0,1718,1718,'en',0,'MetalbondNYC'),
('user',0,1719,1719,'en',0,'OtherSearchEngine'),
('user',0,1722,1722,'en',0,'Google'),
('user',0,1723,1723,'en',0,'Bdsmlr'),
('user',0,1725,1725,'en',0,'Bdsmlr'),
('user',0,1727,1727,'en',0,'Google'),
('user',0,1729,1729,'en',0,'sadOsam'),
('user',0,1730,1730,'en',0,'Xtube'),
('user',0,1731,1731,'en',0,'Nifty'),
('user',0,1732,1732,'en',0,'Recon'),
('user',0,1734,1734,'en',0,'Recon'),
('user',0,1735,1735,'en',0,'Recon'),
('user',0,1736,1736,'en',0,'Tumblr'),
('user',0,1737,1737,'en',0,'Bdsmlr'),
('user',0,1739,1739,'en',0,'Bdsmlr'),
('user',0,1740,1740,'en',0,'Recon'),
('user',0,1741,1741,'en',0,'Google'),
('user',0,1742,1742,'en',0,'Twitter'),
('user',0,1749,1749,'en',0,'Tumblr'),
('user',0,1750,1750,'en',0,'Recon'),
('user',0,1751,1751,'en',0,'Recon'),
('user',0,1752,1752,'en',0,'Tumblr'),
('user',0,1753,1753,'en',0,'Tumblr'),
('user',0,1754,1754,'en',0,'Tumblr'),
('user',0,1755,1755,'en',0,'Bdsmlr'),
('user',0,1756,1756,'en',0,'Bdsmlr'),
('user',0,1758,1758,'en',0,'Recon'),
('user',0,1759,1759,'en',0,'Google'),
('user',0,1760,1760,'en',0,'Bdsmlr'),
('user',0,1761,1761,'en',0,'MemberReferral'),
('user',0,1762,1762,'en',0,'OtherSearchEngine'),
('user',0,1763,1763,'en',0,'Twitter'),
('user',0,1764,1764,'en',0,'MetalbondNYC'),
('user',0,1765,1765,'en',0,'Google'),
('user',0,1766,1766,'en',0,'MemberReferral'),
('user',0,1767,1767,'en',0,'Bdsmlr'),
('user',0,1768,1768,'en',0,'Bdsmlr'),
('user',0,1770,1770,'en',0,'MemberReferral'),
('user',0,1771,1771,'en',0,'Google'),
('user',0,1773,1773,'en',0,'Recon'),
('user',0,1774,1774,'en',0,'Bdsmlr'),
('user',0,1775,1775,'en',0,'Bdsmlr'),
('user',0,1776,1776,'en',0,'GayDemon'),
('user',0,1777,1777,'en',0,'Recon'),
('user',0,1778,1778,'en',0,'Tumblr'),
('user',0,1779,1779,'en',0,'MetalbondNYC'),
('user',0,1780,1780,'en',0,'Google'),
('user',0,1781,1781,'en',0,'Google'),
('user',0,1782,1782,'en',0,'Tumblr'),
('user',0,1784,1784,'en',0,'Bdsmlr'),
('user',0,1786,1786,'en',0,'Tumblr'),
('user',0,1787,1787,'en',0,'MetalbondNYC'),
('user',0,1788,1788,'en',0,'Google'),
('user',0,1789,1789,'en',0,'MetalbondNYC'),
('user',0,1791,1791,'en',0,'Bdsmlr'),
('user',0,1793,1793,'en',0,'Google'),
('user',0,1794,1794,'en',0,'Recon'),
('user',0,1796,1796,'en',0,'Bdsmlr'),
('user',0,1797,1797,'en',0,'Recon'),
('user',0,1799,1799,'en',0,'Bdsmlr'),
('user',0,1800,1800,'en',0,'OtherSearchEngine'),
('user',0,1801,1801,'en',0,'Bdsmlr'),
('user',0,1802,1802,'en',0,'Google'),
('user',0,1803,1803,'en',0,'Tumblr'),
('user',0,1805,1805,'en',0,'Google'),
('user',0,1806,1806,'en',0,'Tumblr'),
('user',0,1807,1807,'en',0,'Tumblr'),
('user',0,1808,1808,'en',0,'Tumblr'),
('user',0,1809,1809,'en',0,'Tumblr'),
('user',0,1811,1811,'en',0,'Recon'),
('user',0,1812,1812,'en',0,'GayDemon'),
('user',0,1813,1813,'en',0,'Bdsmlr'),
('user',0,1814,1814,'en',0,'GayDemon'),
('user',0,1816,1816,'en',0,'Tumblr'),
('user',0,1817,1817,'en',0,'Google'),
('user',0,1818,1818,'en',0,'Google'),
('user',0,1819,1819,'en',0,'Tumblr'),
('user',0,1820,1820,'en',0,'Tumblr'),
('user',0,1821,1821,'en',0,'GayDemon'),
('user',0,1822,1822,'en',0,'Other'),
('user',0,1823,1823,'en',0,'MemberReferral'),
('user',0,1824,1824,'en',0,'Other'),
('user',0,1825,1825,'en',0,'Other'),
('user',0,1826,1826,'en',0,'Tumblr'),
('user',0,1827,1827,'en',0,'Bdsmlr'),
('user',0,1828,1828,'en',0,'Recon'),
('user',0,1829,1829,'en',0,'Recon'),
('user',0,1830,1830,'en',0,'Google'),
('user',0,1832,1832,'en',0,'Twitter'),
('user',0,1833,1833,'en',0,'Twitter'),
('user',0,1834,1834,'en',0,'Bdsmlr'),
('user',0,1835,1835,'en',0,'GayDemon'),
('user',0,1836,1836,'en',0,'Google'),
('user',0,1837,1837,'en',0,'Google'),
('user',0,1838,1838,'en',0,'MemberReferral'),
('user',0,1839,1839,'en',0,'Tumblr'),
('user',0,1841,1841,'en',0,'sadOsam'),
('user',0,1842,1842,'en',0,'Google'),
('user',0,1843,1843,'en',0,'Google'),
('user',0,1844,1844,'en',0,'Bdsmlr'),
('user',0,1845,1845,'en',0,'Twitter'),
('user',0,1846,1846,'en',0,'Tumblr'),
('user',0,1847,1847,'en',0,'Bdsmlr'),
('user',0,1848,1848,'en',0,'Bdsmlr'),
('user',0,1849,1849,'en',0,'Recon'),
('user',0,1850,1850,'en',0,'Recon'),
('user',0,1851,1851,'en',0,'Tumblr'),
('user',0,1852,1852,'en',0,'Bdsmlr'),
('user',0,1853,1853,'en',0,'Recon'),
('user',0,1855,1855,'en',0,'Instagram'),
('user',0,1856,1856,'en',0,'MetalbondNYC'),
('user',0,1857,1857,'en',0,'Other'),
('user',0,1858,1858,'en',0,'Tumblr'),
('user',0,1859,1859,'en',0,'Google'),
('user',0,1861,1861,'en',0,'Bdsmlr'),
('user',0,1862,1862,'en',0,'GayDemon'),
('user',0,1863,1863,'en',0,'MetalbondNYC'),
('user',0,1864,1864,'en',0,'Google'),
('user',0,1865,1865,'en',0,'GayDemon'),
('user',0,1866,1866,'en',0,'Bdsmlr'),
('user',0,1867,1867,'en',0,'Bdsmlr'),
('user',0,1868,1868,'en',0,'Google'),
('user',0,1872,1872,'en',0,'Recon'),
('user',0,1876,1876,'en',0,'Google'),
('user',0,1877,1877,'en',0,'MetalbondNYC'),
('user',0,1878,1878,'en',0,'Google'),
('user',0,1879,1879,'en',0,'Tumblr'),
('user',0,1880,1880,'en',0,'Tumblr'),
('user',0,1883,1883,'en',0,'Google'),
('user',0,1884,1884,'en',0,'Tumblr'),
('user',0,1885,1885,'en',0,'Tumblr'),
('user',0,1886,1886,'en',0,'Recon'),
('user',0,1887,1887,'en',0,'Recon'),
('user',0,1888,1888,'en',0,'Recon'),
('user',0,1889,1889,'en',0,'Recon'),
('user',0,1890,1890,'en',0,'Bdsmlr'),
('user',0,1891,1891,'en',0,'Tumblr'),
('user',0,1892,1892,'en',0,'Bdsmlr'),
('user',0,1893,1893,'en',0,'Recon'),
('user',0,1894,1894,'en',0,'Recon'),
('user',0,1895,1895,'en',0,'Recon'),
('user',0,1897,1897,'en',0,'Tumblr'),
('user',0,1898,1898,'en',0,'MetalbondNYC'),
('user',0,1900,1900,'en',0,'Recon'),
('user',0,1901,1901,'en',0,'Tumblr'),
('user',0,1902,1902,'en',0,'Yahoo'),
('user',0,1903,1903,'en',0,'Recon'),
('user',0,1905,1905,'en',0,'Recon'),
('user',0,1906,1906,'en',0,'Tumblr'),
('user',0,1907,1907,'en',0,'Recon'),
('user',0,1908,1908,'en',0,'Google'),
('user',0,1909,1909,'en',0,'Bdsmlr'),
('user',0,1911,1911,'en',0,'Twitter'),
('user',0,1912,1912,'en',0,'Bdsmlr'),
('user',0,1913,1913,'en',0,'Google'),
('user',0,1914,1914,'en',0,'GayDemon'),
('user',0,1915,1915,'en',0,'Google'),
('user',0,1916,1916,'en',0,'Recon'),
('user',0,1917,1917,'en',0,'Bdsmlr'),
('user',0,1918,1918,'en',0,'Recon'),
('user',0,1919,1919,'en',0,'Google'),
('user',0,1924,1924,'en',0,'Xtube'),
('user',0,1926,1926,'en',0,'Google'),
('user',0,1927,1927,'en',0,'Bdsmlr'),
('user',0,1929,1929,'en',0,'Bdsmlr'),
('user',0,1930,1930,'en',0,'Bdsmlr'),
('user',0,1931,1931,'en',0,'Tumblr'),
('user',0,1932,1932,'en',0,'Tumblr'),
('user',0,1934,1934,'en',0,'Tumblr'),
('user',0,1935,1935,'en',0,'Tumblr'),
('user',0,1936,1936,'en',0,'MetalbondNYC'),
('user',0,1937,1937,'en',0,'Tumblr'),
('user',0,1938,1938,'en',0,'Bdsmlr'),
('user',0,1939,1939,'en',0,'Google'),
('user',0,1942,1942,'en',0,'Xtube'),
('user',0,1943,1943,'en',0,'Bdsmlr'),
('user',0,1944,1944,'en',0,'Tumblr'),
('user',0,1945,1945,'en',0,'Recon'),
('user',0,1946,1946,'en',0,'Google'),
('user',0,1947,1947,'en',0,'Google'),
('user',0,1948,1948,'en',0,'Recon'),
('user',0,1949,1949,'en',0,'Bdsmlr'),
('user',0,1950,1950,'en',0,'Google'),
('user',0,1951,1951,'en',0,'Tumblr'),
('user',0,1953,1953,'en',0,'Bdsmlr'),
('user',0,1954,1954,'en',0,'Recon'),
('user',0,1955,1955,'en',0,'sadOsam'),
('user',0,1956,1956,'en',0,'MetalbondNYC'),
('user',0,1957,1957,'en',0,'Twitter'),
('user',0,1959,1959,'en',0,'Bdsmlr'),
('user',0,1960,1960,'en',0,'Bdsmlr'),
('user',0,1962,1962,'en',0,'Google'),
('user',0,1963,1963,'en',0,'Recon'),
('user',0,1964,1964,'en',0,'Tumblr'),
('user',0,1965,1965,'en',0,'Google'),
('user',0,1966,1966,'en',0,'Recon'),
('user',0,1967,1967,'en',0,'Google'),
('user',0,1968,1968,'en',0,'Google'),
('user',0,1969,1969,'en',0,'Recon'),
('user',0,1970,1970,'en',0,'Bdsmlr'),
('user',0,1971,1971,'en',0,'Bing'),
('user',0,1972,1972,'en',0,'Google'),
('user',0,1973,1973,'en',0,'Recon'),
('user',0,1974,1974,'en',0,'GayDemon'),
('user',0,1975,1975,'en',0,'Tumblr'),
('user',0,1976,1976,'en',0,'sadOsam'),
('user',0,1977,1977,'en',0,'MemberReferral'),
('user',0,1978,1978,'en',0,'Tumblr'),
('user',0,1979,1979,'en',0,'Tiedfeetguy'),
('user',0,1980,1980,'en',0,'Tiedfeetguy'),
('user',0,1981,1981,'en',0,'Xtube'),
('user',0,1982,1982,'en',0,'Tumblr'),
('user',0,1983,1983,'en',0,'Bdsmlr'),
('user',0,1984,1984,'en',0,'Google'),
('user',0,1985,1985,'en',0,'MetalbondNYC'),
('user',0,1987,1987,'en',0,'Recon'),
('user',0,1989,1989,'en',0,'Tumblr'),
('user',0,1991,1991,'en',0,'Tumblr'),
('user',0,1992,1992,'en',0,'Tumblr'),
('user',0,1993,1993,'en',0,'Google'),
('user',0,1994,1994,'en',0,'sadOsam'),
('user',0,1995,1995,'en',0,'GayDemon'),
('user',0,1996,1996,'en',0,'Other'),
('user',0,2000,2000,'en',0,'Google'),
('user',0,2002,2002,'en',0,'Recon'),
('user',0,2003,2003,'en',0,'GooglePlus'),
('user',0,2004,2004,'en',0,'Bdsmlr'),
('user',0,2005,2005,'en',0,'Tumblr'),
('user',0,2006,2006,'en',0,'Google'),
('user',0,2007,2007,'en',0,'Tumblr'),
('user',0,2008,2008,'en',0,'Recon'),
('user',0,2009,2009,'en',0,'Bdsmlr'),
('user',0,2010,2010,'en',0,'Recon'),
('user',0,2011,2011,'en',0,'Recon'),
('user',0,2012,2012,'en',0,'Other'),
('user',0,2013,2013,'en',0,'Nifty'),
('user',0,2015,2015,'en',0,'Recon'),
('user',0,2017,2017,'en',0,'Recon'),
('user',0,2018,2018,'en',0,'GayDemon'),
('user',0,2019,2019,'en',0,'Recon'),
('user',0,2020,2020,'en',0,'Recon'),
('user',0,2021,2021,'en',0,'Google'),
('user',0,2023,2023,'en',0,'Tumblr'),
('user',0,2024,2024,'en',0,'Bdsmlr'),
('user',0,2025,2025,'en',0,'Recon'),
('user',0,2026,2026,'en',0,'Tumblr'),
('user',0,2028,2028,'en',0,'Tumblr'),
('user',0,2029,2029,'en',0,'Bdsmlr'),
('user',0,2030,2030,'en',0,'Recon'),
('user',0,2031,2031,'en',0,'Google'),
('user',0,2032,2032,'en',0,'Tumblr'),
('user',0,2033,2033,'en',0,'Tumblr'),
('user',0,2034,2034,'en',0,'Google'),
('user',0,2035,2035,'en',0,'Bdsmlr'),
('user',0,2036,2036,'en',0,'Tumblr'),
('user',0,2037,2037,'en',0,'Recon'),
('user',0,2038,2038,'en',0,'Google'),
('user',0,2039,2039,'en',0,'Bdsmlr'),
('user',0,2040,2040,'en',0,'Tumblr'),
('user',0,2041,2041,'en',0,'Bdsmlr'),
('user',0,2042,2042,'en',0,'Bdsmlr'),
('user',0,2043,2043,'en',0,'Bdsmlr'),
('user',0,2044,2044,'en',0,'Tumblr'),
('user',0,2045,2045,'en',0,'Bdsmlr'),
('user',0,2046,2046,'en',0,'Recon'),
('user',0,2047,2047,'en',0,'Tumblr'),
('user',0,2049,2049,'en',0,'Tumblr'),
('user',0,2050,2050,'en',0,'Tumblr'),
('user',0,2051,2051,'en',0,'Tumblr'),
('user',0,2053,2053,'en',0,'Tumblr'),
('user',0,2054,2054,'en',0,'Tumblr'),
('user',0,2055,2055,'en',0,'Tumblr'),
('user',0,2056,2056,'en',0,'Tumblr'),
('user',0,2057,2057,'en',0,'Bdsmlr'),
('user',0,2059,2059,'en',0,'Bdsmlr'),
('user',0,2060,2060,'en',0,'Non-memberReferral'),
('user',0,2062,2062,'en',0,'Tumblr'),
('user',0,2063,2063,'en',0,'Bdsmlr'),
('user',0,2064,2064,'en',0,'Google'),
('user',0,2065,2065,'en',0,'Xtube'),
('user',0,2066,2066,'en',0,'Tumblr'),
('user',0,2067,2067,'en',0,'Bdsmlr'),
('user',0,2068,2068,'en',0,'Tumblr'),
('user',0,2069,2069,'en',0,'Google'),
('user',0,2070,2070,'en',0,'Google'),
('user',0,2071,2071,'en',0,'GooglePlus'),
('user',0,2072,2072,'en',0,'Bdsmlr'),
('user',0,2073,2073,'en',0,'Bdsmlr'),
('user',0,2074,2074,'en',0,'Google'),
('user',0,2075,2075,'en',0,'Other'),
('user',0,2076,2076,'en',0,'Bdsmlr'),
('user',0,2077,2077,'en',0,'Tumblr'),
('user',0,2078,2078,'en',0,'Google'),
('user',0,2079,2079,'en',0,'Tumblr'),
('user',0,2081,2081,'en',0,'Tumblr'),
('user',0,2082,2082,'en',0,'Tumblr'),
('user',0,2083,2083,'en',0,'Bdsmlr'),
('user',0,2084,2084,'en',0,'Google'),
('user',0,2085,2085,'en',0,'Tumblr'),
('user',0,2086,2086,'en',0,'Bdsmlr'),
('user',0,2087,2087,'en',0,'Google'),
('user',0,2088,2088,'en',0,'Google'),
('user',0,2089,2089,'en',0,'Google'),
('user',0,2090,2090,'en',0,'Other'),
('user',0,2091,2091,'en',0,'Google'),
('user',0,2092,2092,'en',0,'Bdsmlr'),
('user',0,2093,2093,'en',0,'MetalbondNYC'),
('user',0,2094,2094,'en',0,'Google'),
('user',0,2095,2095,'en',0,'Google'),
('user',0,2096,2096,'en',0,'Tumblr'),
('user',0,2097,2097,'en',0,'Recon'),
('user',0,2098,2098,'en',0,'Recon'),
('user',0,2099,2099,'en',0,'Recon'),
('user',0,2100,2100,'en',0,'Bdsmlr'),
('user',0,2101,2101,'en',0,'Recon'),
('user',0,2102,2102,'en',0,'Recon'),
('user',0,2103,2103,'en',0,'DuckDuckGo'),
('user',0,2104,2104,'en',0,'Bdsmlr'),
('user',0,2105,2105,'en',0,'Bdsmlr'),
('user',0,2106,2106,'en',0,'Bdsmlr'),
('user',0,2107,2107,'en',0,'Google'),
('user',0,2108,2108,'en',0,'Tumblr'),
('user',0,2109,2109,'en',0,'Tumblr'),
('user',0,2110,2110,'en',0,'Google'),
('user',0,2111,2111,'en',0,'Recon'),
('user',0,2112,2112,'en',0,'Recon'),
('user',0,2113,2113,'en',0,'Recon'),
('user',0,2114,2114,'en',0,'Nifty'),
('user',0,2115,2115,'en',0,'Recon'),
('user',0,2116,2116,'en',0,'Recon'),
('user',0,2117,2117,'en',0,'GayDemon'),
('user',0,2118,2118,'en',0,'Recon'),
('user',0,2119,2119,'en',0,'Bdsmlr'),
('user',0,2120,2120,'en',0,'Bdsmlr'),
('user',0,2121,2121,'en',0,'Bdsmlr'),
('user',0,2122,2122,'en',0,'Tumblr'),
('user',0,2123,2123,'en',0,'MetalbondNYC'),
('user',0,2124,2124,'en',0,'Google'),
('user',0,2125,2125,'en',0,'Google'),
('user',0,2126,2126,'en',0,'Google'),
('user',0,2127,2127,'en',0,'Google'),
('user',0,2128,2128,'en',0,'Recon'),
('user',0,2130,2130,'en',0,'Recon'),
('user',0,2131,2131,'en',0,'Nifty'),
('user',0,2132,2132,'en',0,'Nifty'),
('user',0,2133,2133,'en',0,'OtherSearchEngine'),
('user',0,2134,2134,'en',0,'OtherSearchEngine'),
('user',0,2135,2135,'en',0,'Recon'),
('user',0,2136,2136,'en',0,'Google'),
('user',0,2137,2137,'en',0,'Tumblr'),
('user',0,2138,2138,'en',0,'Google'),
('user',0,2139,2139,'en',0,'Google'),
('user',0,2140,2140,'en',0,'Google'),
('user',0,2141,2141,'en',0,'Google'),
('user',0,2142,2142,'en',0,'Google'),
('user',0,2143,2143,'en',0,'Bdsmlr'),
('user',0,2144,2144,'en',0,'Google'),
('user',0,2145,2145,'en',0,'Xtube'),
('user',0,2146,2146,'en',0,'Google'),
('user',0,2147,2147,'en',0,'Google'),
('user',0,2148,2148,'en',0,'Google'),
('user',0,2149,2149,'en',0,'GayDemon'),
('user',0,2150,2150,'en',0,'Bdsmlr'),
('user',0,2151,2151,'en',0,'Bdsmlr'),
('user',0,2152,2152,'en',0,'Google'),
('user',0,2157,2157,'en',0,'MemberReferral'),
('user',0,2158,2158,'en',0,'Google'),
('user',0,2159,2159,'en',0,'Google'),
('user',0,2160,2160,'en',0,'Bdsmlr'),
('user',0,2161,2161,'en',0,'Twitter'),
('user',0,2162,2162,'en',0,'Bdsmlr'),
('user',0,2163,2163,'en',0,'MetalbondNYC'),
('user',0,2164,2164,'en',0,'Bdsmlr'),
('user',0,2165,2165,'en',0,'Bdsmlr'),
('user',0,2166,2166,'en',0,'Bdsmlr'),
('user',0,2167,2167,'en',0,'Google'),
('user',0,2168,2168,'en',0,'Tumblr'),
('user',0,2169,2169,'en',0,'Recon'),
('user',0,2170,2170,'en',0,'Tumblr'),
('user',0,2171,2171,'en',0,'Recon'),
('user',0,2172,2172,'en',0,'Tumblr'),
('user',0,2173,2173,'en',0,'Tumblr'),
('user',0,2174,2174,'en',0,'Recon'),
('user',0,2175,2175,'en',0,'Tumblr'),
('user',0,2176,2176,'en',0,'Twitter'),
('user',0,2177,2177,'en',0,'Recon'),
('user',0,2178,2178,'en',0,'Google'),
('user',0,2179,2179,'en',0,'MetalbondNYC'),
('user',0,2180,2180,'en',0,'Google'),
('user',0,2181,2181,'en',0,'Bdsmlr'),
('user',0,2182,2182,'en',0,'Tumblr'),
('user',0,2183,2183,'en',0,'DuckDuckGo'),
('user',0,2184,2184,'en',0,'Google'),
('user',0,2185,2185,'en',0,'Instagram'),
('user',0,2186,2186,'en',0,'MetalbondNYC'),
('user',0,2187,2187,'en',0,'Recon'),
('user',0,2188,2188,'en',0,'sadOsam'),
('user',0,2189,2189,'en',0,'Google'),
('user',0,2190,2190,'en',0,'sadOsam'),
('user',0,2191,2191,'en',0,'Bdsmlr'),
('user',0,2192,2192,'en',0,'Bdsmlr'),
('user',0,2193,2193,'en',0,'Other'),
('user',0,2194,2194,'en',0,'Other'),
('user',0,2195,2195,'en',0,'Twitter'),
('user',0,2196,2196,'en',0,'Bdsmlr'),
('user',0,2201,2201,'en',0,'Bdsmlr'),
('user',0,2202,2202,'en',0,'Recon'),
('user',0,2203,2203,'en',0,'Recon'),
('user',0,2204,2204,'en',0,'Recon'),
('user',0,2205,2205,'en',0,'MemberReferral'),
('user',0,2206,2206,'en',0,'Recon'),
('user',0,2207,2207,'en',0,'MemberReferral'),
('user',0,2208,2208,'en',0,'Tumblr'),
('user',0,2209,2209,'en',0,'Tumblr'),
('user',0,2210,2210,'en',0,'Tumblr'),
('user',0,2211,2211,'en',0,'Tumblr'),
('user',0,2212,2212,'en',0,'Tumblr'),
('user',0,2213,2213,'en',0,'OtherSearchEngine'),
('user',0,2214,2214,'en',0,'DuckDuckGo'),
('user',0,2215,2215,'en',0,'Google'),
('user',0,2216,2216,'en',0,'Xtube'),
('user',0,2217,2217,'en',0,'Recon'),
('user',0,2218,2218,'en',0,'Tumblr'),
('user',0,2219,2219,'en',0,'Bdsmlr'),
('user',0,2220,2220,'en',0,'Google'),
('user',0,2221,2221,'en',0,'Google'),
('user',0,2222,2222,'en',0,'Google'),
('user',0,2223,2223,'en',0,'Google'),
('user',0,2224,2224,'en',0,'GayDemon'),
('user',0,2225,2225,'en',0,'Google'),
('user',0,2226,2226,'en',0,'Google'),
('user',0,2227,2227,'en',0,'Google'),
('user',0,2228,2228,'en',0,'Bdsmlr'),
('user',0,2229,2229,'en',0,'Google'),
('user',0,2230,2230,'en',0,'Bdsmlr'),
('user',0,2231,2231,'en',0,'Google'),
('user',0,2232,2232,'en',0,'Recon'),
('user',0,2233,2233,'en',0,'Tiedfeetguy'),
('user',0,2234,2234,'en',0,'Non-memberReferral'),
('user',0,2235,2235,'en',0,'Recon'),
('user',0,2236,2236,'en',0,'Twitter'),
('user',0,2237,2237,'en',0,'Tumblr'),
('user',0,2238,2238,'en',0,'Bdsmlr'),
('user',0,2239,2239,'en',0,'Other'),
('user',0,2240,2240,'en',0,'Tumblr'),
('user',0,2241,2241,'en',0,'MetalbondNYC'),
('user',0,2242,2242,'en',0,'Google'),
('user',0,2243,2243,'en',0,'MetalbondNYC'),
('user',0,2244,2244,'en',0,'Bdsmlr'),
('user',0,2245,2245,'en',0,'Recon'),
('user',0,2246,2246,'en',0,'Google'),
('user',0,2247,2247,'en',0,'MetalbondNYC'),
('user',0,2248,2248,'en',0,'Tumblr'),
('user',0,2249,2249,'en',0,'Tumblr'),
('user',0,2250,2250,'en',0,'sadOsam'),
('user',0,2251,2251,'en',0,'Bdsmlr'),
('user',0,2253,2253,'en',0,'Google'),
('user',0,2254,2254,'en',0,'Google'),
('user',0,2256,2256,'en',0,'Nifty'),
('user',0,2257,2257,'en',0,'Google'),
('user',0,2258,2258,'en',0,'Tumblr'),
('user',0,2259,2259,'en',0,'Tumblr'),
('user',0,2260,2260,'en',0,'Bdsmlr'),
('user',0,2261,2261,'en',0,'Tumblr'),
('user',0,2262,2262,'en',0,'MetalbondNYC'),
('user',0,2263,2263,'en',0,'GayDemon'),
('user',0,2264,2264,'en',0,'GayDemon'),
('user',0,2265,2265,'en',0,'Tumblr'),
('user',0,2266,2266,'en',0,'Google'),
('user',0,2267,2267,'en',0,'Google'),
('user',0,2268,2268,'en',0,'Google'),
('user',0,2269,2269,'en',0,'Google'),
('user',0,2270,2270,'en',0,'GayDemon'),
('user',0,2271,2271,'en',0,'Recon'),
('user',0,2272,2272,'en',0,'Google'),
('user',0,2273,2273,'en',0,'Google'),
('user',0,2274,2274,'en',0,'Google'),
('user',0,2275,2275,'en',0,'MemberReferral'),
('user',0,2276,2276,'en',0,'Google'),
('user',0,2277,2277,'en',0,'Google'),
('user',0,2278,2278,'en',0,'Xtube'),
('user',0,2279,2279,'en',0,'Google'),
('user',0,2280,2280,'en',0,'MemberReferral'),
('user',0,2281,2281,'en',0,'Bdsmlr'),
('user',0,2282,2282,'en',0,'Google'),
('user',0,2283,2283,'en',0,'Twitter'),
('user',0,2284,2284,'en',0,'Google'),
('user',0,2285,2285,'en',0,'Google'),
('user',0,2286,2286,'en',0,'Recon'),
('user',0,2287,2287,'en',0,'Bdsmlr'),
('user',0,2288,2288,'en',0,'Google'),
('user',0,2289,2289,'en',0,'Google'),
('user',0,2290,2290,'en',0,'Bdsmlr'),
('user',0,2291,2291,'en',0,'Bdsmlr'),
('user',0,2292,2292,'en',0,'Xtube'),
('user',0,2293,2293,'en',0,'Recon'),
('user',0,2294,2294,'en',0,'Bdsmlr'),
('user',0,2295,2295,'en',0,'MemberReferral'),
('user',0,2296,2296,'en',0,'Other'),
('user',0,2297,2297,'en',0,'Other'),
('user',0,2298,2298,'en',0,'MemberReferral'),
('user',0,2299,2299,'en',0,'Google'),
('user',0,2300,2300,'en',0,'MetalbondNYC'),
('user',0,2301,2301,'en',0,'GayDemon'),
('user',0,2302,2302,'en',0,'Recon'),
('user',0,2303,2303,'en',0,'Tumblr'),
('user',0,2304,2304,'en',0,'Recon'),
('user',0,2305,2305,'en',0,'Google'),
('user',0,2306,2306,'en',0,'Recon'),
('user',0,2307,2307,'en',0,'Bdsmlr'),
('user',0,2308,2308,'en',0,'Recon'),
('user',0,2309,2309,'en',0,'Tumblr'),
('user',0,2310,2310,'en',0,'Tumblr'),
('user',0,2311,2311,'en',0,'Tumblr'),
('user',0,2312,2312,'en',0,'Recon'),
('user',0,2313,2313,'en',0,'Xtube'),
('user',0,2314,2314,'en',0,'Google'),
('user',0,2315,2315,'en',0,'Recon'),
('user',0,2316,2316,'en',0,'Xtube'),
('user',0,2317,2317,'en',0,'Recon'),
('user',0,2318,2318,'en',0,'Recon'),
('user',0,2319,2319,'en',0,'Recon'),
('user',0,2320,2320,'en',0,'Non-memberReferral'),
('user',0,2321,2321,'en',0,'Recon'),
('user',0,2322,2322,'en',0,'Google'),
('user',0,2323,2323,'en',0,'Recon'),
('user',0,2324,2324,'en',0,'Twitter'),
('user',0,2325,2325,'en',0,'Bdsmlr'),
('user',0,2326,2326,'en',0,'Google'),
('user',0,2327,2327,'en',0,'Google'),
('user',0,2328,2328,'en',0,'Bdsmlr'),
('user',0,2329,2329,'en',0,'Google'),
('user',0,2330,2330,'en',0,'MemberReferral'),
('user',0,2331,2331,'en',0,'Google'),
('user',0,2332,2332,'en',0,'MetalbondNYC'),
('user',0,2333,2333,'en',0,'Non-memberReferral'),
('user',0,2334,2334,'en',0,'Google'),
('user',0,2335,2335,'en',0,'Twitter'),
('user',0,2336,2336,'en',0,'Bing'),
('user',0,2337,2337,'en',0,'Bdsmlr'),
('user',0,2338,2338,'en',0,'Recon'),
('user',0,2339,2339,'en',0,'Google'),
('user',0,2340,2340,'en',0,'Google'),
('user',0,2341,2341,'en',0,'Bdsmlr'),
('user',0,2342,2342,'en',0,'Google'),
('user',0,2343,2343,'en',0,'Twitter'),
('user',0,2344,2344,'en',0,'Google'),
('user',0,2345,2345,'en',0,'Bdsmlr'),
('user',0,2346,2346,'en',0,'Recon'),
('user',0,2347,2347,'en',0,'Google'),
('user',0,2348,2348,'en',0,'Tumblr'),
('user',0,2349,2349,'en',0,'Recon'),
('user',0,2350,2350,'en',0,'Tumblr'),
('user',0,2351,2351,'en',0,'Bdsmlr'),
('user',0,2352,2352,'en',0,'Google'),
('user',0,2353,2353,'en',0,'Recon'),
('user',0,2354,2354,'en',0,'Google'),
('user',0,2355,2355,'en',0,'Google'),
('user',0,2356,2356,'en',0,'Tumblr'),
('user',0,2357,2357,'en',0,'Google'),
('user',0,2358,2358,'en',0,'Google'),
('user',0,2359,2359,'en',0,'MetalbondNYC'),
('user',0,2360,2360,'en',0,'Google'),
('user',0,2361,2361,'en',0,'Bdsmlr'),
('user',0,2362,2362,'en',0,'Recon'),
('user',0,2363,2363,'en',0,'Google'),
('user',0,2364,2364,'en',0,'Google'),
('user',0,2366,2366,'en',0,'Recon'),
('user',0,2367,2367,'en',0,'Google'),
('user',0,2368,2368,'en',0,'DuckDuckGo'),
('user',0,2369,2369,'en',0,'Recon'),
('user',0,2370,2370,'en',0,'Google'),
('user',0,2371,2371,'en',0,'Xtube'),
('user',0,2372,2372,'en',0,'Tumblr'),
('user',0,2374,2374,'en',0,'Google'),
('user',0,2375,2375,'en',0,'MetalbondNYC'),
('user',0,2376,2376,'en',0,'Recon'),
('user',0,2377,2377,'en',0,'Other'),
('user',0,2378,2378,'en',0,'Bdsmlr'),
('user',0,2379,2379,'en',0,'Google'),
('user',0,2380,2380,'en',0,'GooglePlus'),
('user',0,2381,2381,'en',0,'MetalbondNYC'),
('user',0,2382,2382,'en',0,'Google'),
('user',0,2383,2383,'en',0,'Bdsmlr'),
('user',0,2384,2384,'en',0,'Recon'),
('user',0,2385,2385,'en',0,'Recon'),
('user',0,2386,2386,'en',0,'Recon'),
('user',0,2387,2387,'en',0,'Tumblr'),
('user',0,2388,2388,'en',0,'Recon'),
('user',0,2389,2389,'en',0,'Recon'),
('user',0,2390,2390,'en',0,'Google'),
('user',0,2392,2392,'en',0,'Google'),
('user',0,2393,2393,'en',0,'Bdsmlr'),
('user',0,2394,2394,'en',0,'Google'),
('user',0,2395,2395,'en',0,'Bdsmlr'),
('user',0,2396,2396,'en',0,'Bdsmlr'),
('user',0,2397,2397,'en',0,'Google'),
('user',0,2398,2398,'en',0,'Google'),
('user',0,2399,2399,'en',0,'Google'),
('user',0,2400,2400,'en',0,'Recon'),
('user',0,2401,2401,'en',0,'Google'),
('user',0,2402,2402,'en',0,'Recon'),
('user',0,2403,2403,'en',0,'Google'),
('user',0,2404,2404,'en',0,'Recon'),
('user',0,2405,2405,'en',0,'Nifty'),
('user',0,2406,2406,'en',0,'Recon'),
('user',0,2407,2407,'en',0,'Bdsmlr'),
('user',0,2408,2408,'en',0,'Google'),
('user',0,2409,2409,'en',0,'Tumblr'),
('user',0,2410,2410,'en',0,'Tumblr'),
('user',0,2411,2411,'en',0,'Tumblr'),
('user',0,2412,2412,'en',0,'Tumblr'),
('user',0,2414,2414,'en',0,'Google'),
('user',0,2415,2415,'en',0,'Bdsmlr'),
('user',0,2416,2416,'en',0,'Bdsmlr'),
('user',0,2417,2417,'en',0,'Google'),
('user',0,2418,2418,'en',0,'Recon'),
('user',0,2419,2419,'en',0,'Google'),
('user',0,2420,2420,'en',0,'Google'),
('user',0,2421,2421,'en',0,'Google'),
('user',0,2422,2422,'en',0,'DuckDuckGo'),
('user',0,2423,2423,'en',0,'Google'),
('user',0,2424,2424,'en',0,'GayDemon'),
('user',0,2425,2425,'en',0,'Tumblr'),
('user',0,2426,2426,'en',0,'Google'),
('user',0,2427,2427,'en',0,'Twitter'),
('user',0,2428,2428,'en',0,'Twitter'),
('user',0,2429,2429,'en',0,'Recon'),
('user',0,2430,2430,'en',0,'Tumblr'),
('user',0,2431,2431,'en',0,'Recon'),
('user',0,2432,2432,'en',0,'Google'),
('user',0,2433,2433,'en',0,'Bdsmlr'),
('user',0,2434,2434,'en',0,'Recon'),
('user',0,2435,2435,'en',0,'Google'),
('user',0,2436,2436,'en',0,'Google'),
('user',0,2437,2437,'en',0,'Google'),
('user',0,2438,2438,'en',0,'Bdsmlr'),
('user',0,2439,2439,'en',0,'Bdsmlr'),
('user',0,2440,2440,'en',0,'sadOsam'),
('user',0,2441,2441,'en',0,'Tumblr'),
('user',0,2442,2442,'en',0,'Recon'),
('user',0,2443,2443,'en',0,'Recon'),
('user',0,2444,2444,'en',0,'Pinterest'),
('user',0,2445,2445,'en',0,'Google'),
('user',0,2446,2446,'en',0,'Google'),
('user',0,2447,2447,'en',0,'Google'),
('user',0,2448,2448,'en',0,'Google'),
('user',0,2449,2449,'en',0,'Google'),
('user',0,2450,2450,'en',0,'Recon'),
('user',0,2451,2451,'en',0,'Recon'),
('user',0,2452,2452,'en',0,'Google'),
('user',0,2453,2453,'en',0,'Google'),
('user',0,2454,2454,'en',0,'DuckDuckGo'),
('user',0,2455,2455,'en',0,'Recon'),
('user',0,2456,2456,'en',0,'Google'),
('user',0,2457,2457,'en',0,'Google'),
('user',0,2458,2458,'en',0,'Tumblr'),
('user',0,2459,2459,'en',0,'Other'),
('user',0,2460,2460,'en',0,'Tiedfeetguy'),
('user',0,2461,2461,'en',0,'Google'),
('user',0,2462,2462,'en',0,'sadOsam'),
('user',0,2463,2463,'en',0,'GayDemon'),
('user',0,2464,2464,'en',0,'Recon'),
('user',0,2465,2465,'en',0,'Tumblr'),
('user',0,2466,2466,'en',0,'Bdsmlr'),
('user',0,2467,2467,'en',0,'Recon'),
('user',0,2468,2468,'en',0,'Xtube'),
('user',0,2469,2469,'en',0,'Recon'),
('user',0,2470,2470,'en',0,'MetalbondNYC'),
('user',0,2471,2471,'en',0,'GayDemon'),
('user',0,2473,2473,'en',0,'Recon'),
('user',0,2474,2474,'en',0,'Tumblr'),
('user',0,2475,2475,'en',0,'Recon'),
('user',0,2476,2476,'en',0,'Google'),
('user',0,2477,2477,'en',0,'Tumblr'),
('user',0,2478,2478,'en',0,'Bdsmlr'),
('user',0,2479,2479,'en',0,'Recon'),
('user',0,2480,2480,'en',0,'Tumblr'),
('user',0,2481,2481,'en',0,'Google'),
('user',0,2482,2482,'en',0,'Recon'),
('user',0,2483,2483,'en',0,'Recon'),
('user',0,2484,2484,'en',0,'Google'),
('user',0,2485,2485,'en',0,'Tumblr'),
('user',0,2486,2486,'en',0,'Google'),
('user',0,2487,2487,'en',0,'Google'),
('user',0,2488,2488,'en',0,'OtherSearchEngine'),
('user',0,2489,2489,'en',0,'Tumblr'),
('user',0,2490,2490,'en',0,'Tumblr'),
('user',0,2491,2491,'en',0,'Tumblr'),
('user',0,2492,2492,'en',0,'Recon'),
('user',0,2493,2493,'en',0,'Twitter'),
('user',0,2494,2494,'en',0,'Google'),
('user',0,2495,2495,'en',0,'sadOsam'),
('user',0,2496,2496,'en',0,'Google'),
('user',0,2497,2497,'en',0,'Bing'),
('user',0,2498,2498,'en',0,'Bdsmlr'),
('user',0,2499,2499,'en',0,'Tumblr'),
('user',0,2502,2502,'en',0,'Bdsmlr'),
('user',0,2503,2503,'en',0,'GayDemon'),
('user',0,2504,2504,'en',0,'Google'),
('user',0,2505,2505,'en',0,'Google'),
('user',0,2506,2506,'en',0,'Bing'),
('user',0,2507,2507,'en',0,'Twitter'),
('user',0,2508,2508,'en',0,'GayDemon'),
('user',0,2509,2509,'en',0,'Google'),
('user',0,2510,2510,'en',0,'Google'),
('user',0,2511,2511,'en',0,'Recon'),
('user',0,2512,2512,'en',0,'GayDemon'),
('user',0,2513,2513,'en',0,'Google'),
('user',0,2514,2514,'en',0,'Tumblr'),
('user',0,2515,2515,'en',0,'Google'),
('user',0,2516,2516,'en',0,'Tumblr'),
('user',0,2517,2517,'en',0,'Bdsmlr'),
('user',0,2518,2518,'en',0,'Google'),
('user',0,2519,2519,'en',0,'Google'),
('user',0,2520,2520,'en',0,'Tumblr'),
('user',0,2521,2521,'en',0,'Tumblr'),
('user',0,2522,2522,'en',0,'Tumblr'),
('user',0,2523,2523,'en',0,'Tumblr'),
('user',0,2524,2524,'en',0,'Google'),
('user',0,2525,2525,'en',0,'Xtube'),
('user',0,2526,2526,'en',0,'sadOsam'),
('user',0,2527,2527,'en',0,'Tumblr'),
('user',0,2528,2528,'en',0,'Google'),
('user',0,2529,2529,'en',0,'Google'),
('user',0,2530,2530,'en',0,'Google'),
('user',0,2531,2531,'en',0,'Recon'),
('user',0,2532,2532,'en',0,'Google'),
('user',0,2533,2533,'en',0,'Instagram'),
('user',0,2534,2534,'en',0,'GayDemon'),
('user',0,2535,2535,'en',0,'Other'),
('user',0,2536,2536,'en',0,'Google'),
('user',0,2537,2537,'en',0,'Recon'),
('user',0,2538,2538,'en',0,'Other'),
('user',0,2539,2539,'en',0,'GayDemon'),
('user',0,2540,2540,'en',0,'Yahoo'),
('user',0,2541,2541,'en',0,'Recon'),
('user',0,2542,2542,'en',0,'Recon'),
('user',0,2543,2543,'en',0,'Twitter'),
('user',0,2544,2544,'en',0,'Google'),
('user',0,2545,2545,'en',0,'Twitter'),
('user',0,2546,2546,'en',0,'Google'),
('user',0,2547,2547,'en',0,'Tumblr'),
('user',0,2548,2548,'en',0,'Tumblr'),
('user',0,2549,2549,'en',0,'MetalbondNYC'),
('user',0,2550,2550,'en',0,'Tumblr'),
('user',0,2551,2551,'en',0,'Tumblr'),
('user',0,2552,2552,'en',0,'Google'),
('user',0,2553,2553,'en',0,'Google'),
('user',0,2554,2554,'en',0,'Google'),
('user',0,2555,2555,'en',0,'Google'),
('user',0,2556,2556,'en',0,'GooglePlus'),
('user',0,2557,2557,'en',0,'Other'),
('user',0,2558,2558,'en',0,'GayDemon'),
('user',0,2559,2559,'en',0,'Recon'),
('user',0,2560,2560,'en',0,'Recon'),
('user',0,2561,2561,'en',0,'Bdsmlr'),
('user',0,2562,2562,'en',0,'DuckDuckGo'),
('user',0,2563,2563,'en',0,'Bdsmlr'),
('user',0,2564,2564,'en',0,'Tumblr'),
('user',0,2565,2565,'en',0,'Recon'),
('user',0,2566,2566,'en',0,'Xtube'),
('user',0,2567,2567,'en',0,'Recon'),
('user',0,2568,2568,'en',0,'Google'),
('user',0,2569,2569,'en',0,'Recon'),
('user',0,2570,2570,'en',0,'Tumblr'),
('user',0,2571,2571,'en',0,'Tumblr'),
('user',0,2572,2572,'en',0,'Google'),
('user',0,2573,2573,'en',0,'Recon'),
('user',0,2574,2574,'en',0,'Recon'),
('user',0,2575,2575,'en',0,'Bdsmlr'),
('user',0,2576,2576,'en',0,'Tumblr'),
('user',0,2577,2577,'en',0,'Google'),
('user',0,2578,2578,'en',0,'Non-memberReferral'),
('user',0,2579,2579,'en',0,'Twitter'),
('user',0,2580,2580,'en',0,'Google'),
('user',0,2581,2581,'en',0,'Tumblr'),
('user',0,2582,2582,'en',0,'Tumblr'),
('user',0,2583,2583,'en',0,'Tumblr'),
('user',0,2584,2584,'en',0,'Tumblr'),
('user',0,2585,2585,'en',0,'Google'),
('user',0,2587,2587,'en',0,'Recon'),
('user',0,2588,2588,'en',0,'Recon'),
('user',0,2589,2589,'en',0,'Google'),
('user',0,2590,2590,'en',0,'GayDemon'),
('user',0,2591,2591,'en',0,'Bdsmlr'),
('user',0,2592,2592,'en',0,'Recon'),
('user',0,2593,2593,'en',0,'Bdsmlr'),
('user',0,2594,2594,'en',0,'MetalbondNYC'),
('user',0,2595,2595,'en',0,'Tumblr'),
('user',0,2596,2596,'en',0,'Tumblr'),
('user',0,2597,2597,'en',0,'Tumblr'),
('user',0,2598,2598,'en',0,'Bdsmlr'),
('user',0,2599,2599,'en',0,'Google'),
('user',0,2600,2600,'en',0,'Google'),
('user',0,2601,2601,'en',0,'MetalbondNYC'),
('user',0,2602,2602,'en',0,'Bdsmlr'),
('user',0,2603,2603,'en',0,'Tumblr'),
('user',0,2604,2604,'en',0,'Bdsmlr'),
('user',0,2605,2605,'en',0,'Google'),
('user',0,2606,2606,'en',0,'Recon'),
('user',0,2607,2607,'en',0,'Tumblr'),
('user',0,2608,2608,'en',0,'sadOsam'),
('user',0,2609,2609,'en',0,'Recon'),
('user',0,2610,2610,'en',0,'Google'),
('user',0,2611,2611,'en',0,'Recon'),
('user',0,2612,2612,'en',0,'Google'),
('user',0,2613,2613,'en',0,'Bdsmlr'),
('user',0,2614,2614,'en',0,'Google'),
('user',0,2615,2615,'en',0,'Other'),
('user',0,2616,2616,'en',0,'Google'),
('user',0,2617,2617,'en',0,'Google'),
('user',0,2618,2618,'en',0,'MetalbondNYC'),
('user',0,2619,2619,'en',0,'Bdsmlr'),
('user',0,2620,2620,'en',0,'Bdsmlr'),
('user',0,2621,2621,'en',0,'Google'),
('user',0,2622,2622,'en',0,'Other'),
('user',0,2623,2623,'en',0,'GayDemon'),
('user',0,2624,2624,'en',0,'Bdsmlr'),
('user',0,2625,2625,'en',0,'Google'),
('user',0,2626,2626,'en',0,'MetalbondNYC'),
('user',0,2627,2627,'en',0,'Bing'),
('user',0,2628,2628,'en',0,'Xtube'),
('user',0,2629,2629,'en',0,'sadOsam'),
('user',0,2630,2630,'en',0,'Bdsmlr'),
('user',0,2631,2631,'en',0,'Google'),
('user',0,2632,2632,'en',0,'Google'),
('user',0,2633,2633,'en',0,'sadOsam'),
('user',0,2634,2634,'en',0,'Bdsmlr'),
('user',0,2635,2635,'en',0,'Bdsmlr'),
('user',0,2636,2636,'en',0,'Tumblr'),
('user',0,2637,2637,'en',0,'Tumblr'),
('user',0,2638,2638,'en',0,'Google'),
('user',0,2639,2639,'en',0,'Recon'),
('user',0,2640,2640,'en',0,'Recon'),
('user',0,2641,2641,'en',0,'OtherSearchEngine'),
('user',0,2642,2642,'en',0,'Google'),
('user',0,2643,2643,'en',0,'Recon'),
('user',0,2644,2644,'en',0,'Recon'),
('user',0,2645,2645,'en',0,'Other'),
('user',0,2646,2646,'en',0,'Bdsmlr'),
('user',0,2647,2647,'en',0,'OtherSearchEngine'),
('user',0,2648,2648,'en',0,'Recon'),
('user',0,2649,2649,'en',0,'Bdsmlr'),
('user',0,2650,2650,'en',0,'Bdsmlr'),
('user',0,2651,2651,'en',0,'Bdsmlr'),
('user',0,2652,2652,'en',0,'Recon'),
('user',0,2653,2653,'en',0,'Google'),
('user',0,2654,2654,'en',0,'Google'),
('user',0,2655,2655,'en',0,'Google'),
('user',0,2656,2656,'en',0,'Recon'),
('user',0,2657,2657,'en',0,'Recon'),
('user',0,2658,2658,'en',0,'Google'),
('user',0,2659,2659,'en',0,'Google'),
('user',0,2660,2660,'en',0,'Recon'),
('user',0,2661,2661,'en',0,'Recon'),
('user',0,2662,2662,'en',0,'Google'),
('user',0,2663,2663,'en',0,'Tumblr'),
('user',0,2664,2664,'en',0,'OtherSearchEngine'),
('user',0,2665,2665,'en',0,'Tumblr'),
('user',0,2666,2666,'en',0,'Bdsmlr'),
('user',0,2667,2667,'en',0,'Google'),
('user',0,2668,2668,'en',0,'GayDemon'),
('user',0,2669,2669,'en',0,'GayDemon'),
('user',0,2670,2670,'en',0,'Recon'),
('user',0,2671,2671,'en',0,'sadOsam'),
('user',0,2672,2672,'en',0,'MemberReferral'),
('user',0,2673,2673,'en',0,'GayDemon'),
('user',0,2674,2674,'en',0,'DuckDuckGo'),
('user',0,2675,2675,'en',0,'Recon'),
('user',0,2676,2676,'en',0,'Recon'),
('user',0,2677,2677,'en',0,'Google'),
('user',0,2678,2678,'en',0,'Nifty'),
('user',0,2679,2679,'en',0,'MetalbondNYC'),
('user',0,2680,2680,'en',0,'GayDemon'),
('user',0,2681,2681,'en',0,'Recon'),
('user',0,2682,2682,'en',0,'Yahoo'),
('user',0,2683,2683,'en',0,'Google'),
('user',0,2684,2684,'en',0,'Google'),
('user',0,2686,2686,'en',0,'Recon'),
('user',0,2687,2687,'en',0,'Google'),
('user',0,2688,2688,'en',0,'Google'),
('user',0,2689,2689,'en',0,'Twitter'),
('user',0,2690,2690,'en',0,'Bdsmlr'),
('user',0,2691,2691,'en',0,'Google'),
('user',0,2692,2692,'en',0,'Tumblr'),
('user',0,2693,2693,'en',0,'Google'),
('user',0,2694,2694,'en',0,'Recon'),
('user',0,2695,2695,'en',0,'MetalbondNYC'),
('user',0,2696,2696,'en',0,'sadOsam'),
('user',0,2697,2697,'en',0,'Recon'),
('user',0,2698,2698,'en',0,'GayDemon'),
('user',0,2699,2699,'en',0,'Recon'),
('user',0,2700,2700,'en',0,'Recon'),
('user',0,2701,2701,'en',0,'Recon'),
('user',0,2702,2702,'en',0,'Twitter'),
('user',0,2703,2703,'en',0,'Google'),
('user',0,2704,2704,'en',0,'Google'),
('user',0,2705,2705,'en',0,'Google'),
('user',0,2706,2706,'en',0,'Recon'),
('user',0,2707,2707,'en',0,'Xtube'),
('user',0,2708,2708,'en',0,'Google'),
('user',0,2709,2709,'en',0,'Recon'),
('user',0,2710,2710,'en',0,'Google'),
('user',0,2711,2711,'en',0,'Bdsmlr'),
('user',0,2712,2712,'en',0,'Bdsmlr'),
('user',0,2713,2713,'en',0,'Recon'),
('user',0,2714,2714,'en',0,'Google'),
('user',0,2715,2715,'en',0,'Google'),
('user',0,2716,2716,'en',0,'Other'),
('user',0,2717,2717,'en',0,'Google'),
('user',0,2718,2718,'en',0,'Yahoo'),
('user',0,2719,2719,'en',0,'Bdsmlr'),
('user',0,2720,2720,'en',0,'Recon'),
('user',0,2722,2722,'en',0,'MetalbondNYC'),
('user',0,2723,2723,'en',0,'Recon'),
('user',0,2724,2724,'en',0,'MetalbondNYC'),
('user',0,2725,2725,'en',0,'Recon'),
('user',0,2726,2726,'en',0,'Google'),
('user',0,2727,2727,'en',0,'Google'),
('user',0,2728,2728,'en',0,'Tumblr'),
('user',0,2729,2729,'en',0,'Other'),
('user',0,2730,2730,'en',0,'Non-memberReferral'),
('user',0,2731,2731,'en',0,'Bdsmlr'),
('user',0,2732,2732,'en',0,'Recon'),
('user',0,2733,2733,'en',0,'Google'),
('user',0,2734,2734,'en',0,'Google'),
('user',0,2735,2735,'en',0,'Google'),
('user',0,2736,2736,'en',0,'DuckDuckGo'),
('user',0,2737,2737,'en',0,'GooglePlus'),
('user',0,2738,2738,'en',0,'Bdsmlr'),
('user',0,2739,2739,'en',0,'Bdsmlr'),
('user',0,2740,2740,'en',0,'Tumblr'),
('user',0,2741,2741,'en',0,'Google'),
('user',0,2742,2742,'en',0,'GayDemon'),
('user',0,2743,2743,'en',0,'Tumblr'),
('user',0,2744,2744,'en',0,'Recon'),
('user',0,2745,2745,'en',0,'Google'),
('user',0,2746,2746,'en',0,'Google'),
('user',0,2747,2747,'en',0,'Recon'),
('user',0,2748,2748,'en',0,'Google'),
('user',0,2749,2749,'en',0,'MetalbondNYC'),
('user',0,2750,2750,'en',0,'Recon'),
('user',0,2751,2751,'en',0,'Bdsmlr'),
('user',0,2752,2752,'en',0,'Recon'),
('user',0,2753,2753,'en',0,'Recon'),
('user',0,2754,2754,'en',0,'Recon'),
('user',0,2755,2755,'en',0,'Recon'),
('user',0,2756,2756,'en',0,'DuckDuckGo'),
('user',0,2757,2757,'en',0,'Google'),
('user',0,2758,2758,'en',0,'Bdsmlr'),
('user',0,2759,2759,'en',0,'MetalbondNYC'),
('user',0,2760,2760,'en',0,'Tumblr'),
('user',0,2761,2761,'en',0,'Other'),
('user',0,2762,2762,'en',0,'GayDemon'),
('user',0,2763,2763,'en',0,'Google'),
('user',0,2764,2764,'en',0,'MemberReferral'),
('user',0,2765,2765,'en',0,'Xtube'),
('user',0,2766,2766,'en',0,'Google'),
('user',0,2767,2767,'en',0,'Recon'),
('user',0,2768,2768,'en',0,'Google'),
('user',0,2769,2769,'en',0,'Google'),
('user',0,2770,2770,'en',0,'Yahoo'),
('user',0,2771,2771,'en',0,'Bdsmlr'),
('user',0,2772,2772,'en',0,'Xtube'),
('user',0,2773,2773,'en',0,'Google'),
('user',0,2774,2774,'en',0,'sadOsam'),
('user',0,2775,2775,'en',0,'Recon'),
('user',0,2776,2776,'en',0,'Google'),
('user',0,2777,2777,'en',0,'GayDemon'),
('user',0,2778,2778,'en',0,'GooglePlus'),
('user',0,2779,2779,'en',0,'Google'),
('user',0,2780,2780,'en',0,'GooglePlus'),
('user',0,2781,2781,'en',0,'Google'),
('user',0,2782,2782,'en',0,'Tiedfeetguy'),
('user',0,2783,2783,'en',0,'Google'),
('user',0,2784,2784,'en',0,'MemberReferral'),
('user',0,2785,2785,'en',0,'MetalbondNYC'),
('user',0,2786,2786,'en',0,'GayDemon'),
('user',0,2787,2787,'en',0,'Tumblr'),
('user',0,2788,2788,'en',0,'Google'),
('user',0,2789,2789,'en',0,'Google'),
('user',0,2790,2790,'en',0,'Tumblr'),
('user',0,2791,2791,'en',0,'DuckDuckGo'),
('user',0,2792,2792,'en',0,'MetalbondNYC'),
('user',0,2793,2793,'en',0,'Google'),
('user',0,2794,2794,'en',0,'Recon'),
('user',0,2795,2795,'en',0,'Xtube'),
('user',0,2796,2796,'en',0,'Google'),
('user',0,2797,2797,'en',0,'Google'),
('user',0,2798,2798,'en',0,'Google'),
('user',0,2799,2799,'en',0,'Bdsmlr'),
('user',0,2800,2800,'en',0,'Bdsmlr'),
('user',0,2801,2801,'en',0,'Google'),
('user',0,2802,2802,'en',0,'Tiedfeetguy'),
('user',0,2803,2803,'en',0,'Google'),
('user',0,2804,2804,'en',0,'Google'),
('user',0,2805,2805,'en',0,'GayDemon'),
('user',0,2806,2806,'en',0,'Google'),
('user',0,2807,2807,'en',0,'Google'),
('user',0,2808,2808,'en',0,'Google'),
('user',0,2809,2809,'en',0,'Google'),
('user',0,2810,2810,'en',0,'Xtube'),
('user',0,2811,2811,'en',0,'Google'),
('user',0,2812,2812,'en',0,'Google'),
('user',0,2813,2813,'en',0,'Google'),
('user',0,2814,2814,'en',0,'Non-memberReferral'),
('user',0,2815,2815,'en',0,'Other'),
('user',0,2816,2816,'en',0,'GayDemon'),
('user',0,2817,2817,'en',0,'Google'),
('user',0,2818,2818,'en',0,'Recon'),
('user',0,2819,2819,'en',0,'Recon'),
('user',0,2820,2820,'en',0,'OtherSearchEngine'),
('user',0,2821,2821,'en',0,'Recon'),
('user',0,2822,2822,'en',0,'Twitter'),
('user',0,2823,2823,'en',0,'Twitter'),
('user',0,2824,2824,'en',0,'Google'),
('user',0,2825,2825,'en',0,'Google'),
('user',0,2826,2826,'en',0,'DuckDuckGo'),
('user',0,2827,2827,'en',0,'Google'),
('user',0,2828,2828,'en',0,'Google'),
('user',0,2829,2829,'en',0,'Google'),
('user',0,2830,2830,'en',0,'Google'),
('user',0,2831,2831,'en',0,'Recon'),
('user',0,2832,2832,'en',0,'Recon'),
('user',0,2833,2833,'en',0,'Google'),
('user',0,2834,2834,'en',0,'MetalbondNYC'),
('user',0,2835,2835,'en',0,'Google'),
('user',0,2836,2836,'en',0,'Google'),
('user',0,2837,2837,'en',0,'Twitter'),
('user',0,2838,2838,'en',0,'Tumblr'),
('user',0,2839,2839,'en',0,'Non-memberReferral'),
('user',0,2840,2840,'en',0,'Xtube'),
('user',0,2841,2841,'en',0,'Google'),
('user',0,2842,2842,'en',0,'Google'),
('user',0,2843,2843,'en',0,'Recon'),
('user',0,2844,2844,'en',0,'Google'),
('user',0,2845,2845,'en',0,'Xtube'),
('user',0,2846,2846,'en',0,'Google'),
('user',0,2847,2847,'en',0,'Google'),
('user',0,2848,2848,'en',0,'Google'),
('user',0,2849,2849,'en',0,'Tiedfeetguy'),
('user',0,2850,2850,'en',0,'Twitter'),
('user',0,2851,2851,'en',0,'Other'),
('user',0,2852,2852,'en',0,'Google'),
('user',0,2853,2853,'en',0,'OtherSearchEngine'),
('user',0,2854,2854,'en',0,'Tumblr'),
('user',0,2855,2855,'en',0,'Xtube'),
('user',0,2856,2856,'en',0,'Recon'),
('user',0,2857,2857,'en',0,'Google'),
('user',0,2858,2858,'en',0,'DuckDuckGo'),
('user',0,2859,2859,'en',0,'Google'),
('user',0,2860,2860,'en',0,'Other'),
('user',0,2861,2861,'en',0,'Recon'),
('user',0,2862,2862,'en',0,'DuckDuckGo'),
('user',0,2863,2863,'en',0,'Bing'),
('user',0,2864,2864,'en',0,'MetalbondNYC'),
('user',0,2865,2865,'en',0,'Google'),
('user',0,2866,2866,'en',0,'Google'),
('user',0,2867,2867,'en',0,'Google'),
('user',0,2868,2868,'en',0,'Google'),
('user',0,2869,2869,'en',0,'Google'),
('user',0,2870,2870,'en',0,'Tumblr'),
('user',0,2871,2871,'en',0,'GayDemon'),
('user',0,2872,2872,'en',0,'DuckDuckGo'),
('user',0,2873,2873,'en',0,'Other'),
('user',0,2874,2874,'en',0,'MetalbondNYC'),
('user',0,2875,2875,'en',0,'Recon'),
('user',0,2876,2876,'en',0,'Non-memberReferral'),
('user',0,2877,2877,'en',0,'Google'),
('user',0,2878,2878,'en',0,'Google'),
('user',0,2879,2879,'en',0,'Recon'),
('user',0,2880,2880,'en',0,'Recon'),
('user',0,2881,2881,'en',0,'Recon'),
('user',0,2882,2882,'en',0,'MetalbondNYC'),
('user',0,2883,2883,'en',0,'Google'),
('user',0,2885,2885,'en',0,'Google'),
('user',0,2886,2886,'en',0,'Bdsmlr'),
('user',0,2887,2887,'en',0,'Other'),
('user',0,2888,2888,'en',0,'Google'),
('user',0,2889,2889,'en',0,'Google'),
('user',0,2890,2890,'en',0,'Google'),
('user',0,2891,2891,'en',0,'Bdsmlr'),
('user',0,2892,2892,'en',0,'Recon'),
('user',0,2893,2893,'en',0,'Recon'),
('user',0,2894,2894,'en',0,'Google'),
('user',0,2895,2895,'en',0,'Google'),
('user',0,2896,2896,'en',0,'sadOsam'),
('user',0,2897,2897,'en',0,'Tumblr'),
('user',0,2898,2898,'en',0,'OtherSearchEngine'),
('user',0,2899,2899,'en',0,'Google'),
('user',0,2900,2900,'en',0,'Recon'),
('user',0,2901,2901,'en',0,'DuckDuckGo'),
('user',0,2902,2902,'en',0,'Non-memberReferral'),
('user',0,2903,2903,'en',0,'Google'),
('user',0,2904,2904,'en',0,'Facebook'),
('user',0,2906,2906,'en',0,'GooglePlus'),
('user',0,2907,2907,'en',0,'Google'),
('user',0,2908,2908,'en',0,'Google'),
('user',0,2909,2909,'en',0,'Google'),
('user',0,2910,2910,'en',0,'Recon'),
('user',0,2911,2911,'en',0,'GayDemon'),
('user',0,2912,2912,'en',0,'Google'),
('user',0,2913,2913,'en',0,'Recon'),
('user',0,2914,2914,'en',0,'Recon'),
('user',0,2915,2915,'en',0,'Google'),
('user',0,2916,2916,'en',0,'GooglePlus'),
('user',0,2917,2917,'en',0,'MetalbondNYC'),
('user',0,2918,2918,'en',0,'Nifty'),
('user',0,2919,2919,'en',0,'Google'),
('user',0,2920,2920,'en',0,'Google'),
('user',0,2921,2921,'en',0,'Google'),
('user',0,2922,2922,'en',0,'GayDemon'),
('user',0,2923,2923,'en',0,'Tumblr'),
('user',0,2924,2924,'en',0,'GayDemon'),
('user',0,2925,2925,'en',0,'Google'),
('user',0,2926,2926,'en',0,'Recon'),
('user',0,2927,2927,'en',0,'Google'),
('user',0,2928,2928,'en',0,'Google'),
('user',0,2929,2929,'en',0,'MemberReferral'),
('user',0,2930,2930,'en',0,'Google'),
('user',0,2931,2931,'en',0,'Xtube'),
('user',0,2932,2932,'en',0,'Google'),
('user',0,2933,2933,'en',0,'Twitter'),
('user',0,2934,2934,'en',0,'Recon'),
('user',0,2935,2935,'en',0,'Twitter'),
('user',0,2936,2936,'en',0,'Recon'),
('user',0,2937,2937,'en',0,'Tumblr'),
('user',0,2938,2938,'en',0,'Google'),
('user',0,2939,2939,'en',0,'Non-memberReferral'),
('user',0,2940,2940,'en',0,'Google'),
('user',0,2941,2941,'en',0,'Google'),
('user',0,2942,2942,'en',0,'sadOsam'),
('user',0,2943,2943,'en',0,'Recon'),
('user',0,2944,2944,'en',0,'OtherSearchEngine'),
('user',0,2945,2945,'en',0,'Tumblr'),
('user',0,2946,2946,'en',0,'Google'),
('user',0,2947,2947,'en',0,'Google'),
('user',0,2948,2948,'en',0,'Google'),
('user',0,2949,2949,'en',0,'Twitter'),
('user',0,2950,2950,'en',0,'OtherSearchEngine'),
('user',0,2951,2951,'en',0,'Xtube'),
('user',0,2952,2952,'en',0,'Google'),
('user',0,2953,2953,'en',0,'Google'),
('user',0,2954,2954,'en',0,'Tumblr'),
('user',0,2955,2955,'en',0,'Google'),
('user',0,2956,2956,'en',0,'Other'),
('user',0,2957,2957,'en',0,'Xtube'),
('user',0,2958,2958,'en',0,'Google'),
('user',0,2959,2959,'en',0,'MemberReferral'),
('user',0,2960,2960,'en',0,'Nifty'),
('user',0,2961,2961,'en',0,'Recon'),
('user',0,2962,2962,'en',0,'Tumblr'),
('user',0,2963,2963,'en',0,'MemberReferral'),
('user',0,2964,2964,'en',0,'Google'),
('user',0,2965,2965,'en',0,'Google'),
('user',0,2966,2966,'en',0,'Google'),
('user',0,2967,2967,'en',0,'Tumblr'),
('user',0,2968,2968,'en',0,'Tumblr'),
('user',0,2969,2969,'en',0,'Google'),
('user',0,2970,2970,'en',0,'Google'),
('user',0,2971,2971,'en',0,'Other'),
('user',0,2972,2972,'en',0,'Other'),
('user',0,2973,2973,'en',0,'Recon'),
('user',0,2974,2974,'en',0,'sadOsam'),
('user',0,2975,2975,'en',0,'sadOsam'),
('user',0,2976,2976,'en',0,'Google'),
('user',0,2977,2977,'en',0,'Google'),
('user',0,2978,2978,'en',0,'Google'),
('user',0,2979,2979,'en',0,'Google'),
('user',0,2980,2980,'en',0,'Tumblr'),
('user',0,2981,2981,'en',0,'MetalbondNYC'),
('user',0,2982,2982,'en',0,'GooglePlus'),
('user',0,2983,2983,'en',0,'GooglePlus'),
('user',0,2984,2984,'en',0,'Google'),
('user',0,2985,2985,'en',0,'Google'),
('user',0,2986,2986,'en',0,'Bing'),
('user',0,2987,2987,'en',0,'Google'),
('user',0,2988,2988,'en',0,'Google'),
('user',0,2989,2989,'en',0,'GooglePlus'),
('user',0,2990,2990,'en',0,'Recon'),
('user',0,2991,2991,'en',0,'Xtube'),
('user',0,2992,2992,'en',0,'Non-memberReferral'),
('user',0,2993,2993,'en',0,'Google'),
('user',0,2994,2994,'en',0,'Tumblr'),
('user',0,2995,2995,'en',0,'Recon'),
('user',0,2996,2996,'en',0,'Recon'),
('user',0,2997,2997,'en',0,'Twitter'),
('user',0,2998,2998,'en',0,'Google'),
('user',0,2999,2999,'en',0,'Recon'),
('user',0,3000,3000,'en',0,'Recon'),
('user',0,3001,3001,'en',0,'Google'),
('user',0,3002,3002,'en',0,'Tumblr'),
('user',0,3003,3003,'en',0,'Nifty'),
('user',0,3004,3004,'en',0,'Tiedfeetguy'),
('user',0,3005,3005,'en',0,'Google'),
('user',0,3006,3006,'en',0,'GayDemon'),
('user',0,3007,3007,'en',0,'GayDemon'),
('user',0,3008,3008,'en',0,'Google'),
('user',0,3009,3009,'en',0,'Recon'),
('user',0,3010,3010,'en',0,'Google'),
('user',0,3011,3011,'en',0,'Nifty'),
('user',0,3012,3012,'en',0,'GayDemon'),
('user',0,3013,3013,'en',0,'Google'),
('user',0,3014,3014,'en',0,'MemberReferral'),
('user',0,3015,3015,'en',0,'Google'),
('user',0,3016,3016,'en',0,'Recon'),
('user',0,3017,3017,'en',0,'Google'),
('user',0,3018,3018,'en',0,'Recon'),
('user',0,3019,3019,'en',0,'Recon'),
('user',0,3020,3020,'en',0,'Recon'),
('user',0,3021,3021,'en',0,'MetalbondNYC'),
('user',0,3022,3022,'en',0,'Google'),
('user',0,3023,3023,'en',0,'sadOsam'),
('user',0,3024,3024,'en',0,'Tumblr'),
('user',0,3025,3025,'en',0,'Google'),
('user',0,3026,3026,'en',0,'MemberReferral'),
('user',0,3027,3027,'en',0,'Google'),
('user',0,3028,3028,'en',0,'Nifty'),
('user',0,3029,3029,'en',0,'Google'),
('user',0,3030,3030,'en',0,'Google'),
('user',0,3031,3031,'en',0,'Tumblr'),
('user',0,3032,3032,'en',0,'DuckDuckGo'),
('user',0,3033,3033,'en',0,'MetalbondNYC'),
('user',0,3034,3034,'en',0,'Recon'),
('user',0,3035,3035,'en',0,'Recon'),
('user',0,3036,3036,'en',0,'MetalbondNYC'),
('user',0,3037,3037,'en',0,'Google'),
('user',0,3038,3038,'en',0,'Google'),
('user',0,3039,3039,'en',0,'MetalbondNYC'),
('user',0,3040,3040,'en',0,'Nifty'),
('user',0,3041,3041,'en',0,'sadOsam'),
('user',0,3042,3042,'en',0,'Google'),
('user',0,3043,3043,'en',0,'Google'),
('user',0,3044,3044,'en',0,'Google'),
('user',0,3045,3045,'en',0,'Recon'),
('user',0,3046,3046,'en',0,'Google'),
('user',0,3047,3047,'en',0,'Tumblr'),
('user',0,3048,3048,'en',0,'Bdsmlr'),
('user',0,3049,3049,'en',0,'Other'),
('user',0,3050,3050,'en',0,'GayDemon'),
('user',0,3051,3051,'en',0,'Google'),
('user',0,3052,3052,'en',0,'Google'),
('user',0,3053,3053,'en',0,'Google'),
('user',0,3054,3054,'en',0,'Recon'),
('user',0,3055,3055,'en',0,'Google'),
('user',0,3056,3056,'en',0,'Recon'),
('user',0,3057,3057,'en',0,'Google'),
('user',0,3058,3058,'en',0,'Recon'),
('user',0,3059,3059,'en',0,'Google'),
('user',0,3060,3060,'en',0,'Google'),
('user',0,3061,3061,'en',0,'MetalbondNYC'),
('user',0,3062,3062,'en',0,'Google'),
('user',0,3063,3063,'en',0,'Google'),
('user',0,3064,3064,'en',0,'Google'),
('user',0,3065,3065,'en',0,'GayDemon'),
('user',0,3066,3066,'en',0,'Google'),
('user',0,3067,3067,'en',0,'Tumblr'),
('user',0,3068,3068,'en',0,'GayDemon'),
('user',0,3069,3069,'en',0,'Recon'),
('user',0,3070,3070,'en',0,'Nifty'),
('user',0,3071,3071,'en',0,'Tumblr'),
('user',0,3072,3072,'en',0,'Google'),
('user',0,3073,3073,'en',0,'Recon'),
('user',0,3074,3074,'en',0,'Google'),
('user',0,3075,3075,'en',0,'Other'),
('user',0,3076,3076,'en',0,'GayDemon'),
('user',0,3077,3077,'en',0,'Recon'),
('user',0,3078,3078,'en',0,'Google'),
('user',0,3079,3079,'en',0,'MetalbondNYC'),
('user',0,3080,3080,'en',0,'Google'),
('user',0,3081,3081,'en',0,'Tumblr'),
('user',0,3082,3082,'en',0,'Google'),
('user',0,3083,3083,'en',0,'Xtube'),
('user',0,3084,3084,'en',0,'Tumblr'),
('user',0,3085,3085,'en',0,'Twitter'),
('user',0,3086,3086,'en',0,'Other'),
('user',0,3087,3087,'en',0,'Recon'),
('user',0,3088,3088,'en',0,'Xtube'),
('user',0,3089,3089,'en',0,'Twitter'),
('user',0,3090,3090,'en',0,'Nifty'),
('user',0,3091,3091,'en',0,'GayDemon'),
('user',0,3092,3092,'en',0,'Recon'),
('user',0,3093,3093,'en',0,'DuckDuckGo'),
('user',0,3094,3094,'en',0,'Google'),
('user',0,3095,3095,'en',0,'Twitter'),
('user',0,3096,3096,'en',0,'Bdsmlr'),
('user',0,3097,3097,'en',0,'Google'),
('user',0,3098,3098,'en',0,'Google'),
('user',0,3099,3099,'en',0,'Recon'),
('user',0,3100,3100,'en',0,'Bdsmlr'),
('user',0,3101,3101,'en',0,'Twitter'),
('user',0,3102,3102,'en',0,'Twitter'),
('user',0,3103,3103,'en',0,'Recon'),
('user',0,3104,3104,'en',0,'GooglePlus'),
('user',0,3105,3105,'en',0,'Twitter'),
('user',0,3106,3106,'en',0,'Tumblr'),
('user',0,3107,3107,'en',0,'Google'),
('user',0,3108,3108,'en',0,'GayDemon'),
('user',0,3109,3109,'en',0,'Recon'),
('user',0,3110,3110,'en',0,'DuckDuckGo'),
('user',0,3111,3111,'en',0,'Tumblr'),
('user',0,3112,3112,'en',0,'Google'),
('user',0,3113,3113,'en',0,'Google'),
('user',0,3114,3114,'en',0,'Recon'),
('user',0,3115,3115,'en',0,'Google'),
('user',0,3116,3116,'en',0,'GooglePlus'),
('user',0,3117,3117,'en',0,'Recon'),
('user',0,3118,3118,'en',0,'Recon'),
('user',0,3119,3119,'en',0,'Google'),
('user',0,3120,3120,'en',0,'Twitter'),
('user',0,3121,3121,'en',0,'Bdsmlr'),
('user',0,3122,3122,'en',0,'Google'),
('user',0,3123,3123,'en',0,'Recon'),
('user',0,3124,3124,'en',0,'Recon'),
('user',0,3125,3125,'en',0,'Google'),
('user',0,3126,3126,'en',0,'Google'),
('user',0,3127,3127,'en',0,'Xtube'),
('user',0,3128,3128,'en',0,'DuckDuckGo'),
('user',0,3129,3129,'en',0,'Google'),
('user',0,3130,3130,'en',0,'Recon'),
('user',0,3131,3131,'en',0,'Recon'),
('user',0,3132,3132,'en',0,'Twitter'),
('user',0,3133,3133,'en',0,'GooglePlus'),
('user',0,3134,3134,'en',0,'Google'),
('user',0,3135,3135,'en',0,'Bing'),
('user',0,3136,3136,'en',0,'Recon'),
('user',0,3137,3137,'en',0,'MemberReferral'),
('user',0,3138,3138,'en',0,'MemberReferral'),
('user',0,3139,3139,'en',0,'GayDemon'),
('user',0,3140,3140,'en',0,'GayDemon'),
('user',0,3141,3141,'en',0,'Other'),
('user',0,3142,3142,'en',0,'Recon'),
('user',0,3143,3143,'en',0,'MetalbondNYC'),
('user',0,3144,3144,'en',0,'Bdsmlr'),
('user',0,3145,3145,'en',0,'Google'),
('user',0,3146,3146,'en',0,'GayDemon'),
('user',0,3147,3147,'en',0,'Twitter'),
('user',0,3148,3148,'en',0,'Bdsmlr'),
('user',0,3149,3149,'en',0,'Other'),
('user',0,3150,3150,'en',0,'Google'),
('user',0,3151,3151,'en',0,'MetalbondNYC'),
('user',0,3152,3152,'en',0,'Recon'),
('user',0,3153,3153,'en',0,'Recon'),
('user',0,3154,3154,'en',0,'Recon'),
('user',0,3155,3155,'en',0,'Google'),
('user',0,3156,3156,'en',0,'Google'),
('user',0,3157,3157,'en',0,'MetalbondNYC'),
('user',0,3158,3158,'en',0,'Tumblr'),
('user',0,3159,3159,'en',0,'Google'),
('user',0,3160,3160,'en',0,'Xtube'),
('user',0,3161,3161,'en',0,'MemberReferral'),
('user',0,3162,3162,'en',0,'MemberReferral'),
('user',0,3163,3163,'en',0,'Google'),
('user',0,3164,3164,'en',0,'Google'),
('user',0,3165,3165,'en',0,'Google'),
('user',0,3166,3166,'en',0,'Google'),
('user',0,3167,3167,'en',0,'Google'),
('user',0,3168,3168,'en',0,'Google'),
('user',0,3169,3169,'en',0,'Recon'),
('user',0,3170,3170,'en',0,'Tumblr'),
('user',0,3171,3171,'en',0,'MetalbondNYC'),
('user',0,3172,3172,'en',0,'Bdsmlr'),
('user',0,3173,3173,'en',0,'Google'),
('user',0,3174,3174,'en',0,'Google'),
('user',0,3175,3175,'en',0,'Bdsmlr'),
('user',0,3176,3176,'en',0,'Facebook'),
('user',0,3177,3177,'en',0,'Google'),
('user',0,3178,3178,'en',0,'Recon'),
('user',0,3179,3179,'en',0,'Nifty'),
('user',0,3180,3180,'en',0,'Twitter'),
('user',0,3181,3181,'en',0,'Google'),
('user',0,3182,3182,'en',0,'Google'),
('user',0,3183,3183,'en',0,'GayDemon'),
('user',0,3184,3184,'en',0,'MemberReferral'),
('user',0,3185,3185,'en',0,'Google'),
('user',0,3186,3186,'en',0,'Bdsmlr'),
('user',0,3187,3187,'en',0,'Tumblr'),
('user',0,3188,3188,'en',0,'MetalbondNYC'),
('user',0,3189,3189,'en',0,'Google'),
('user',0,3190,3190,'en',0,'sadOsam'),
('user',0,3191,3191,'en',0,'GayDemon'),
('user',0,3192,3192,'en',0,'Recon'),
('user',0,3193,3193,'en',0,'Recon'),
('user',0,3194,3194,'en',0,'Recon'),
('user',0,3195,3195,'en',0,'GayDemon'),
('user',0,3196,3196,'en',0,'Recon'),
('user',0,3197,3197,'en',0,'Google'),
('user',0,3198,3198,'en',0,'Google'),
('user',0,3199,3199,'en',0,'Bing'),
('user',0,3200,3200,'en',0,'Google'),
('user',0,3201,3201,'en',0,'Google'),
('user',0,3202,3202,'en',0,'Recon'),
('user',0,3203,3203,'en',0,'Google'),
('user',0,3204,3204,'en',0,'Google'),
('user',0,3205,3205,'en',0,'Google'),
('user',0,3206,3206,'en',0,'Recon'),
('user',0,3207,3207,'en',0,'Google'),
('user',0,3208,3208,'en',0,'GayDemon'),
('user',0,3209,3209,'en',0,'MetalbondNYC'),
('user',0,3210,3210,'en',0,'Nifty'),
('user',0,3211,3211,'en',0,'Google'),
('user',0,3212,3212,'en',0,'Recon'),
('user',0,3213,3213,'en',0,'Bdsmlr'),
('user',0,3214,3214,'en',0,'Other'),
('user',0,3215,3215,'en',0,'Google'),
('user',0,3216,3216,'en',0,'Tumblr'),
('user',0,3217,3217,'en',0,'Recon'),
('user',0,3218,3218,'en',0,'Google'),
('user',0,3219,3219,'en',0,'MetalbondNYC'),
('user',0,3220,3220,'en',0,'Google'),
('user',0,3221,3221,'en',0,'Google'),
('user',0,3222,3222,'en',0,'Google'),
('user',0,3223,3223,'en',0,'Recon'),
('user',0,3224,3224,'en',0,'Google'),
('user',0,3225,3225,'en',0,'Google'),
('user',0,3226,3226,'en',0,'GayDemon'),
('user',0,3227,3227,'en',0,'Google'),
('user',0,3228,3228,'en',0,'GayDemon'),
('user',0,3229,3229,'en',0,'Recon'),
('user',0,3230,3230,'en',0,'Recon'),
('user',0,3231,3231,'en',0,'Bdsmlr'),
('user',0,3232,3232,'en',0,'Recon'),
('user',0,3233,3233,'en',0,'MetalbondNYC'),
('user',0,3234,3234,'en',0,'Google'),
('user',0,3235,3235,'en',0,'Yahoo'),
('user',0,3236,3236,'en',0,'Google'),
('user',0,3237,3237,'en',0,'Google'),
('user',0,3238,3238,'en',0,'Google'),
('user',0,3239,3239,'en',0,'Instagram'),
('user',0,3240,3240,'en',0,'Twitter'),
('user',0,3241,3241,'en',0,'Recon'),
('user',0,3242,3242,'en',0,'Google'),
('user',0,3243,3243,'en',0,'Twitter'),
('user',0,3244,3244,'en',0,'Other'),
('user',0,3245,3245,'en',0,'Google'),
('user',0,3246,3246,'en',0,'Google'),
('user',0,3248,3248,'en',0,'Recon'),
('user',0,3249,3249,'en',0,'Google'),
('user',0,3250,3250,'en',0,'Non-memberReferral'),
('user',0,3251,3251,'en',0,'Google'),
('user',0,3252,3252,'en',0,'MetalbondNYC'),
('user',0,3253,3253,'en',0,'Google'),
('user',0,3254,3254,'en',0,'Nifty'),
('user',0,3255,3255,'en',0,'Google'),
('user',0,3256,3256,'en',0,'Xtube'),
('user',0,3257,3257,'en',0,'Google'),
('user',0,3258,3258,'en',0,'Google'),
('user',0,3259,3259,'en',0,'Tiedfeetguy'),
('user',0,3260,3260,'en',0,'Google'),
('user',0,3261,3261,'en',0,'MetalbondNYC'),
('user',0,3262,3262,'en',0,'Recon'),
('user',0,3263,3263,'en',0,'Google'),
('user',0,3264,3264,'en',0,'Google'),
('user',0,3265,3265,'en',0,'Google'),
('user',0,3266,3266,'en',0,'Recon'),
('user',0,3267,3267,'en',0,'Other'),
('user',0,3268,3268,'en',0,'MemberReferral'),
('user',0,3269,3269,'en',0,'MemberReferral'),
('user',0,3270,3270,'en',0,'Google'),
('user',0,3271,3271,'en',0,'Non-memberReferral'),
('user',0,3272,3272,'en',0,'Google'),
('user',0,3273,3273,'en',0,'Recon'),
('user',0,3274,3274,'en',0,'Xtube'),
('user',0,3275,3275,'en',0,'Recon'),
('user',0,3276,3276,'en',0,'GooglePlus'),
('user',0,3277,3277,'en',0,'GooglePlus'),
('user',0,3278,3278,'en',0,'Recon'),
('user',0,3279,3279,'en',0,'Google'),
('user',0,3280,3280,'en',0,'Recon'),
('user',0,3281,3281,'en',0,'Bdsmlr'),
('user',0,3282,3282,'en',0,'Recon'),
('user',0,3283,3283,'en',0,'Google'),
('user',0,3284,3284,'en',0,'Google'),
('user',0,3285,3285,'en',0,'Google'),
('user',0,3286,3286,'en',0,'Google'),
('user',0,3287,3287,'en',0,'Recon'),
('user',0,3288,3288,'en',0,'Google'),
('user',0,3289,3289,'en',0,'Twitter'),
('user',0,3290,3290,'en',0,'Bdsmlr'),
('user',0,3291,3291,'en',0,'Google'),
('user',0,3292,3292,'en',0,'Google'),
('user',0,3293,3293,'en',0,'Google'),
('user',0,3294,3294,'en',0,'Google'),
('user',0,3295,3295,'en',0,'GooglePlus'),
('user',0,3296,3296,'en',0,'GayDemon'),
('user',0,3297,3297,'en',0,'Recon'),
('user',0,3298,3298,'en',0,'Recon'),
('user',0,3299,3299,'en',0,'Tumblr'),
('user',0,3300,3300,'en',0,'Google'),
('user',0,3301,3301,'en',0,'Pinterest'),
('user',0,3302,3302,'en',0,'Nifty'),
('user',0,3303,3303,'en',0,'GayDemon'),
('user',0,3304,3304,'en',0,'OtherSearchEngine'),
('user',0,3305,3305,'en',0,'Twitter'),
('user',0,3306,3306,'en',0,'Google'),
('user',0,3307,3307,'en',0,'Google'),
('user',0,3308,3308,'en',0,'Bdsmlr'),
('user',0,3309,3309,'en',0,'Google'),
('user',0,3310,3310,'en',0,'Recon'),
('user',0,3311,3311,'en',0,'Recon'),
('user',0,3312,3312,'en',0,'Google'),
('user',0,3313,3313,'en',0,'Google'),
('user',0,3314,3314,'en',0,'GayDemon'),
('user',0,3315,3315,'en',0,'Google'),
('user',0,3316,3316,'en',0,'OtherSearchEngine'),
('user',0,3317,3317,'en',0,'Recon'),
('user',0,3318,3318,'en',0,'Recon'),
('user',0,3319,3319,'en',0,'MetalbondNYC'),
('user',0,3320,3320,'en',0,'Google'),
('user',0,3321,3321,'en',0,'Google'),
('user',0,3322,3322,'en',0,'Other'),
('user',0,3323,3323,'en',0,'Google'),
('user',0,3324,3324,'en',0,'Google'),
('user',0,3325,3325,'en',0,'Google'),
('user',0,3326,3326,'en',0,'MetalbondNYC'),
('user',0,3327,3327,'en',0,'Google'),
('user',0,3328,3328,'en',0,'Recon'),
('user',0,3329,3329,'en',0,'Google'),
('user',0,3330,3330,'en',0,'Recon'),
('user',0,3331,3331,'en',0,'Google'),
('user',0,3332,3332,'en',0,'GayDemon'),
('user',0,3333,3333,'en',0,'Recon'),
('user',0,3334,3334,'en',0,'Recon'),
('user',0,3335,3335,'en',0,'Recon'),
('user',0,3336,3336,'en',0,'Recon'),
('user',0,3337,3337,'en',0,'Recon'),
('user',0,3338,3338,'en',0,'Google'),
('user',0,3339,3339,'en',0,'sadOsam'),
('user',0,3340,3340,'en',0,'Other'),
('user',0,3341,3341,'en',0,'Google'),
('user',0,3342,3342,'en',0,'Google'),
('user',0,3343,3343,'en',0,'Google'),
('user',0,3344,3344,'en',0,'Google'),
('user',0,3345,3345,'en',0,'Google'),
('user',0,3346,3346,'en',0,'Google'),
('user',0,3347,3347,'en',0,'Google'),
('user',0,3348,3348,'en',0,'Bdsmlr'),
('user',0,3349,3349,'en',0,'Bdsmlr'),
('user',0,3350,3350,'en',0,'GayDemon'),
('user',0,3351,3351,'en',0,'Google'),
('user',0,3352,3352,'en',0,'GayDemon'),
('user',0,3353,3353,'en',0,'Recon'),
('user',0,3354,3354,'en',0,'Google'),
('user',0,3355,3355,'en',0,'Bdsmlr'),
('user',0,3356,3356,'en',0,'Xtube'),
('user',0,3357,3357,'en',0,'GayDemon'),
('user',0,3358,3358,'en',0,'Google'),
('user',0,3359,3359,'en',0,'Google'),
('user',0,3360,3360,'en',0,'MetalbondNYC'),
('user',0,3361,3361,'en',0,'Google'),
('user',0,3362,3362,'en',0,'Google'),
('user',0,3363,3363,'en',0,'Recon'),
('user',0,3364,3364,'en',0,'Recon'),
('user',0,3365,3365,'en',0,'sadOsam'),
('user',0,3366,3366,'en',0,'Google'),
('user',0,3367,3367,'en',0,'Google'),
('user',0,3368,3368,'en',0,'Google'),
('user',0,3369,3369,'en',0,'Google'),
('user',0,3370,3370,'en',0,'Other'),
('user',0,3371,3371,'en',0,'Google'),
('user',0,3372,3372,'en',0,'Google'),
('user',0,3373,3373,'en',0,'Google'),
('user',0,3374,3374,'en',0,'Xtube'),
('user',0,3375,3375,'en',0,'DuckDuckGo'),
('user',0,3376,3376,'en',0,'Non-memberReferral'),
('user',0,3377,3377,'en',0,'Tumblr'),
('user',0,3378,3378,'en',0,'GayDemon'),
('user',0,3379,3379,'en',0,'Recon'),
('user',0,3380,3380,'en',0,'GayDemon'),
('user',0,3381,3381,'en',0,'Google'),
('user',0,3382,3382,'en',0,'Google'),
('user',0,3383,3383,'en',0,'Tumblr'),
('user',0,3384,3384,'en',0,'OtherSearchEngine'),
('user',0,3385,3385,'en',0,'Google'),
('user',0,3386,3386,'en',0,'MetalbondNYC'),
('user',0,3387,3387,'en',0,'Google'),
('user',0,3388,3388,'en',0,'Google'),
('user',0,3389,3389,'en',0,'MetalbondNYC'),
('user',0,3390,3390,'en',0,'GayDemon'),
('user',0,3391,3391,'en',0,'Google'),
('user',0,3392,3392,'en',0,'DuckDuckGo'),
('user',0,3393,3393,'en',0,'Recon'),
('user',0,3394,3394,'en',0,'GayDemon'),
('user',0,3395,3395,'en',0,'MetalbondNYC'),
('user',0,3396,3396,'en',0,'Google'),
('user',0,3397,3397,'en',0,'OtherSearchEngine'),
('user',0,3398,3398,'en',0,'GayDemon'),
('user',0,3399,3399,'en',0,'Google'),
('user',0,3400,3400,'en',0,'Google'),
('user',0,3401,3401,'en',0,'Tumblr'),
('user',0,3402,3402,'en',0,'Google'),
('user',0,3403,3403,'en',0,'Bdsmlr'),
('user',0,3404,3404,'en',0,'Bdsmlr'),
('user',0,3405,3405,'en',0,'Nifty'),
('user',0,3406,3406,'en',0,'Google'),
('user',0,3407,3407,'en',0,'Google'),
('user',0,3408,3408,'en',0,'Google'),
('user',0,3409,3409,'en',0,'Google'),
('user',0,3410,3410,'en',0,'Recon'),
('user',0,3411,3411,'en',0,'Other'),
('user',0,3412,3412,'en',0,'Google'),
('user',0,3413,3413,'en',0,'Google'),
('user',0,3414,3414,'en',0,'Other'),
('user',0,3415,3415,'en',0,'Recon'),
('user',0,3416,3416,'en',0,'Google'),
('user',0,3417,3417,'en',0,'Twitter'),
('user',0,3418,3418,'en',0,'GayDemon'),
('user',0,3419,3419,'en',0,'Recon'),
('user',0,3420,3420,'en',0,'Recon'),
('user',0,3421,3421,'en',0,'Google'),
('user',0,3422,3422,'en',0,'Recon'),
('user',0,3423,3423,'en',0,'Recon'),
('user',0,3425,3425,'en',0,'Google'),
('user',0,3426,3426,'en',0,'MemberReferral'),
('user',0,3427,3427,'en',0,'Google'),
('user',0,3428,3428,'en',0,'Google'),
('user',0,3429,3429,'en',0,'MemberReferral'),
('user',0,3430,3430,'en',0,'Google'),
('user',0,3431,3431,'en',0,'GayDemon'),
('user',0,3432,3432,'en',0,'Recon'),
('user',0,3433,3433,'en',0,'Recon'),
('user',0,3434,3434,'en',0,'Google'),
('user',0,3435,3435,'en',0,'Twitter'),
('user',0,3436,3436,'en',0,'Recon'),
('user',0,3437,3437,'en',0,'Google'),
('user',0,3438,3438,'en',0,'OtherSearchEngine'),
('user',0,3439,3439,'en',0,'Recon'),
('user',0,3440,3440,'en',0,'Nifty'),
('user',0,3441,3441,'en',0,'Google'),
('user',0,3442,3442,'en',0,'Google'),
('user',0,3443,3443,'en',0,'Google'),
('user',0,3444,3444,'en',0,'Google'),
('user',0,3445,3445,'en',0,'Non-memberReferral'),
('user',0,3446,3446,'en',0,'Recon'),
('user',0,3447,3447,'en',0,'Recon'),
('user',0,3448,3448,'en',0,'Recon'),
('user',0,3449,3449,'en',0,'Recon'),
('user',0,3450,3450,'en',0,'MetalbondNYC'),
('user',0,3451,3451,'en',0,'Yahoo'),
('user',0,3452,3452,'en',0,'Recon'),
('user',0,3453,3453,'en',0,'Google'),
('user',0,3454,3454,'en',0,'DuckDuckGo'),
('user',0,3455,3455,'en',0,'DuckDuckGo'),
('user',0,3456,3456,'en',0,'Google'),
('user',0,3457,3457,'en',0,'Recon'),
('user',0,3458,3458,'en',0,'Google'),
('user',0,3459,3459,'en',0,'Google'),
('user',0,3460,3460,'en',0,'Google'),
('user',0,3461,3461,'en',0,'Recon'),
('user',0,3462,3462,'en',0,'Google'),
('user',0,3463,3463,'en',0,'Nifty'),
('user',0,3464,3464,'en',0,'Google'),
('user',0,3465,3465,'en',0,'Google'),
('user',0,3466,3466,'en',0,'Recon'),
('user',0,3467,3467,'en',0,'Bdsmlr'),
('user',0,3468,3468,'en',0,'Google'),
('user',0,3469,3469,'en',0,'Google'),
('user',0,3470,3470,'en',0,'Other'),
('user',0,3471,3471,'en',0,'Google'),
('user',0,3472,3472,'en',0,'GooglePlus'),
('user',0,3473,3473,'en',0,'Google'),
('user',0,3474,3474,'en',0,'Google'),
('user',0,3475,3475,'en',0,'DuckDuckGo'),
('user',0,3476,3476,'en',0,'Tumblr'),
('user',0,3477,3477,'en',0,'Google'),
('user',0,3478,3478,'en',0,'Google'),
('user',0,3479,3479,'en',0,'Recon'),
('user',0,3480,3480,'en',0,'Recon'),
('user',0,3481,3481,'en',0,'Recon'),
('user',0,3482,3482,'en',0,'MetalbondNYC'),
('user',0,3483,3483,'en',0,'Tumblr'),
('user',0,3484,3484,'en',0,'Non-memberReferral'),
('user',0,3485,3485,'en',0,'Non-memberReferral'),
('user',0,3486,3486,'en',0,'Google'),
('user',0,3487,3487,'en',0,'MemberReferral'),
('user',0,3488,3488,'en',0,'Tumblr'),
('user',0,3489,3489,'en',0,'Google'),
('user',0,3490,3490,'en',0,'Google'),
('user',0,3491,3491,'en',0,'Other'),
('user',0,3492,3492,'en',0,'Google'),
('user',0,3493,3493,'en',0,'Twitter'),
('user',0,3494,3494,'en',0,'Recon'),
('user',0,3495,3495,'en',0,'Xtube'),
('user',0,3496,3496,'en',0,'Xtube'),
('user',0,3497,3497,'en',0,'Google'),
('user',0,3498,3498,'en',0,'Google'),
('user',0,3499,3499,'en',0,'sadOsam'),
('user',0,3500,3500,'en',0,'DuckDuckGo'),
('user',0,3501,3501,'en',0,'Other'),
('user',0,3502,3502,'en',0,'GooglePlus'),
('user',0,3503,3503,'en',0,'Google'),
('user',0,3504,3504,'en',0,'Tumblr'),
('user',0,3505,3505,'en',0,'MetalbondNYC'),
('user',0,3506,3506,'en',0,'Bdsmlr'),
('user',0,3507,3507,'en',0,'Google'),
('user',0,3508,3508,'en',0,'Recon'),
('user',0,3509,3509,'en',0,'Xtube'),
('user',0,3510,3510,'en',0,'MetalbondNYC'),
('user',0,3511,3511,'en',0,'Bdsmlr'),
('user',0,3512,3512,'en',0,'Other'),
('user',0,3513,3513,'en',0,'Google'),
('user',0,3514,3514,'en',0,'Google'),
('user',0,3515,3515,'en',0,'Google');
commit;

--
-- Table structure for table `user__field_tags`
--

CREATE TABLE `user__field_tags` (
  `bundle` varchar(128) CHARACTER SET ascii COLLATE ascii_general_ci NOT NULL DEFAULT '' COMMENT 'The field instance bundle to which this row belongs, used when deleting a field instance',
  `deleted` tinyint(4) NOT NULL DEFAULT 0 COMMENT 'A boolean indicating whether this data item has been deleted',
  `entity_id` int(10) unsigned NOT NULL COMMENT 'The entity id this data is attached to',
  `revision_id` int(10) unsigned NOT NULL COMMENT 'The entity revision id this data is attached to, which for an unversioned entity type is the same as the entity id',
  `langcode` varchar(32) CHARACTER SET ascii COLLATE ascii_general_ci NOT NULL DEFAULT '' COMMENT 'The language code for this data item.',
  `delta` int(10) unsigned NOT NULL COMMENT 'The sequence number for this data item, used for multi-value fields',
  `field_tags_target_id` int(10) unsigned NOT NULL COMMENT 'The ID of the target entity.',
  PRIMARY KEY (`entity_id`,`deleted`,`delta`,`langcode`),
  KEY `bundle` (`bundle`),
  KEY `revision_id` (`revision_id`),
  KEY `field_tags_target_id` (`field_tags_target_id`)
) ENGINE=InnoDB DEFAULT CHARSET=utf8mb4 COLLATE=utf8mb4_general_ci COMMENT='Data storage for user field field_tags.';

--
-- Dumping data for table `user__field_tags`
--

set autocommit=0;
INSERT INTO `user__field_tags` VALUES
('user',0,1,1,'en',0,229),
('user',0,1,1,'en',1,230),
('user',0,1,1,'en',2,231),
('user',0,1,1,'en',3,131),
('user',0,1,1,'en',4,132),
('user',0,1,1,'en',5,221),
('user',0,1,1,'en',6,133),
('user',0,1,1,'en',7,135),
('user',0,1,1,'en',8,134),
('user',0,1,1,'en',9,136),
('user',0,1,1,'en',10,140),
('user',0,1,1,'en',11,44),
('user',0,1,1,'en',12,143),
('user',0,1,1,'en',13,144),
('user',0,1,1,'en',14,146),
('user',0,1,1,'en',15,147),
('user',0,280,280,'en',0,130),
('user',0,280,280,'en',1,131),
('user',0,280,280,'en',2,132),
('user',0,280,280,'en',3,133),
('user',0,280,280,'en',4,135),
('user',0,280,280,'en',5,134),
('user',0,280,280,'en',6,154),
('user',0,280,280,'en',7,139),
('user',0,280,280,'en',8,152),
('user',0,280,280,'en',9,140),
('user',0,280,280,'en',10,44),
('user',0,280,280,'en',11,169),
('user',0,280,280,'en',12,144),
('user',0,280,280,'en',13,145),
('user',0,280,280,'en',14,146),
('user',0,280,280,'en',15,42),
('user',0,280,280,'en',16,148),
('user',0,280,280,'en',17,149),
('user',0,280,280,'en',18,150),
('user',0,439,439,'en',0,188),
('user',0,439,439,'en',1,43),
('user',0,439,439,'en',2,132),
('user',0,439,439,'en',3,133),
('user',0,439,439,'en',4,156),
('user',0,439,439,'en',5,136),
('user',0,439,439,'en',6,44),
('user',0,460,460,'en',0,130),
('user',0,460,460,'en',1,188),
('user',0,460,460,'en',2,131),
('user',0,460,460,'en',3,43),
('user',0,460,460,'en',4,132),
('user',0,460,460,'en',5,133),
('user',0,460,460,'en',6,151),
('user',0,460,460,'en',7,135),
('user',0,460,460,'en',8,134),
('user',0,460,460,'en',9,156),
('user',0,460,460,'en',10,136),
('user',0,460,460,'en',11,154),
('user',0,460,460,'en',12,137),
('user',0,460,460,'en',13,138),
('user',0,460,460,'en',14,139),
('user',0,460,460,'en',15,152),
('user',0,460,460,'en',16,140),
('user',0,460,460,'en',17,141),
('user',0,460,460,'en',18,44),
('user',0,460,460,'en',19,142),
('user',0,460,460,'en',20,143),
('user',0,460,460,'en',21,169),
('user',0,460,460,'en',22,144),
('user',0,460,460,'en',23,145),
('user',0,460,460,'en',24,146),
('user',0,460,460,'en',25,147),
('user',0,460,460,'en',26,42),
('user',0,460,460,'en',27,148),
('user',0,460,460,'en',28,149),
('user',0,460,460,'en',29,205),
('user',0,460,460,'en',30,153),
('user',0,460,460,'en',31,150),
('user',0,712,712,'en',0,130),
('user',0,712,712,'en',1,188),
('user',0,712,712,'en',2,131),
('user',0,712,712,'en',3,43),
('user',0,712,712,'en',4,132),
('user',0,712,712,'en',5,133),
('user',0,712,712,'en',6,151),
('user',0,712,712,'en',7,135),
('user',0,712,712,'en',8,134),
('user',0,712,712,'en',9,136),
('user',0,712,712,'en',10,137),
('user',0,712,712,'en',11,138),
('user',0,712,712,'en',12,139),
('user',0,712,712,'en',13,152),
('user',0,712,712,'en',14,140),
('user',0,712,712,'en',15,199),
('user',0,712,712,'en',16,44),
('user',0,712,712,'en',17,143),
('user',0,712,712,'en',18,144),
('user',0,712,712,'en',19,146),
('user',0,712,712,'en',20,147),
('user',0,712,712,'en',21,42),
('user',0,712,712,'en',22,148),
('user',0,712,712,'en',23,149),
('user',0,712,712,'en',24,153),
('user',0,712,712,'en',25,150),
('user',0,715,715,'en',0,131),
('user',0,715,715,'en',1,43),
('user',0,715,715,'en',2,132),
('user',0,715,715,'en',3,133),
('user',0,715,715,'en',4,134),
('user',0,715,715,'en',5,138),
('user',0,715,715,'en',6,140),
('user',0,715,715,'en',7,44),
('user',0,715,715,'en',8,146),
('user',0,719,719,'en',0,131),
('user',0,719,719,'en',1,43),
('user',0,719,719,'en',2,134),
('user',0,719,719,'en',3,137),
('user',0,719,719,'en',4,138),
('user',0,719,719,'en',5,140),
('user',0,719,719,'en',6,44),
('user',0,719,719,'en',7,144),
('user',0,726,726,'en',0,188),
('user',0,726,726,'en',1,143),
('user',0,731,731,'en',0,130),
('user',0,731,731,'en',1,131),
('user',0,731,731,'en',2,43),
('user',0,731,731,'en',3,132),
('user',0,731,731,'en',4,133),
('user',0,731,731,'en',5,135),
('user',0,731,731,'en',6,136),
('user',0,731,731,'en',7,154),
('user',0,731,731,'en',8,137),
('user',0,731,731,'en',9,138),
('user',0,731,731,'en',10,152),
('user',0,731,731,'en',11,143),
('user',0,731,731,'en',12,144),
('user',0,731,731,'en',13,145),
('user',0,731,731,'en',14,146),
('user',0,731,731,'en',15,42),
('user',0,731,731,'en',16,153),
('user',0,733,733,'en',0,131),
('user',0,733,733,'en',1,43),
('user',0,733,733,'en',2,132),
('user',0,733,733,'en',3,133),
('user',0,733,733,'en',4,135),
('user',0,733,733,'en',5,134),
('user',0,733,733,'en',6,136),
('user',0,733,733,'en',7,154),
('user',0,733,733,'en',8,137),
('user',0,733,733,'en',9,138),
('user',0,733,733,'en',10,139),
('user',0,733,733,'en',11,140),
('user',0,733,733,'en',12,199),
('user',0,733,733,'en',13,141),
('user',0,733,733,'en',14,44),
('user',0,733,733,'en',15,142),
('user',0,733,733,'en',16,143),
('user',0,733,733,'en',17,144),
('user',0,733,733,'en',18,145),
('user',0,733,733,'en',19,146),
('user',0,733,733,'en',20,147),
('user',0,733,733,'en',21,42),
('user',0,733,733,'en',22,148),
('user',0,733,733,'en',23,149),
('user',0,733,733,'en',24,153),
('user',0,733,733,'en',25,150),
('user',0,734,734,'en',0,130),
('user',0,734,734,'en',1,188),
('user',0,734,734,'en',2,131),
('user',0,734,734,'en',3,132),
('user',0,734,734,'en',4,133),
('user',0,734,734,'en',5,151),
('user',0,734,734,'en',6,135),
('user',0,734,734,'en',7,134),
('user',0,734,734,'en',8,136),
('user',0,734,734,'en',9,154),
('user',0,734,734,'en',10,137),
('user',0,734,734,'en',11,138),
('user',0,734,734,'en',12,139),
('user',0,734,734,'en',13,152),
('user',0,734,734,'en',14,140),
('user',0,734,734,'en',15,199),
('user',0,734,734,'en',16,141),
('user',0,734,734,'en',17,44),
('user',0,734,734,'en',18,143),
('user',0,734,734,'en',19,169),
('user',0,734,734,'en',20,144),
('user',0,734,734,'en',21,145),
('user',0,734,734,'en',22,146),
('user',0,734,734,'en',23,147),
('user',0,734,734,'en',24,42),
('user',0,734,734,'en',25,148),
('user',0,734,734,'en',26,149),
('user',0,734,734,'en',27,153),
('user',0,734,734,'en',28,150),
('user',0,735,735,'en',0,151),
('user',0,735,735,'en',1,134),
('user',0,735,735,'en',2,136),
('user',0,735,735,'en',3,154),
('user',0,735,735,'en',4,152),
('user',0,735,735,'en',5,141),
('user',0,735,735,'en',6,44),
('user',0,735,735,'en',7,145),
('user',0,736,736,'en',0,130),
('user',0,736,736,'en',1,188),
('user',0,736,736,'en',2,131),
('user',0,736,736,'en',3,43),
('user',0,736,736,'en',4,132),
('user',0,736,736,'en',5,133),
('user',0,736,736,'en',6,151),
('user',0,736,736,'en',7,135),
('user',0,736,736,'en',8,134),
('user',0,736,736,'en',9,156),
('user',0,736,736,'en',10,136),
('user',0,736,736,'en',11,154),
('user',0,736,736,'en',12,137),
('user',0,736,736,'en',13,138),
('user',0,736,736,'en',14,139),
('user',0,736,736,'en',15,152),
('user',0,736,736,'en',16,140),
('user',0,736,736,'en',17,199),
('user',0,736,736,'en',18,141),
('user',0,736,736,'en',19,44),
('user',0,736,736,'en',20,142),
('user',0,736,736,'en',21,143),
('user',0,736,736,'en',22,169),
('user',0,736,736,'en',23,144),
('user',0,736,736,'en',24,145),
('user',0,736,736,'en',25,146),
('user',0,736,736,'en',26,147),
('user',0,736,736,'en',27,42),
('user',0,736,736,'en',28,148),
('user',0,736,736,'en',29,149),
('user',0,736,736,'en',30,153),
('user',0,736,736,'en',31,150),
('user',0,737,737,'en',0,188),
('user',0,737,737,'en',1,131),
('user',0,737,737,'en',2,135),
('user',0,737,737,'en',3,134),
('user',0,737,737,'en',4,156),
('user',0,737,737,'en',5,137),
('user',0,737,737,'en',6,140),
('user',0,737,737,'en',7,44),
('user',0,737,737,'en',8,143),
('user',0,737,737,'en',9,144),
('user',0,737,737,'en',10,145),
('user',0,737,737,'en',11,147),
('user',0,739,739,'en',0,131),
('user',0,739,739,'en',1,43),
('user',0,739,739,'en',2,132),
('user',0,739,739,'en',3,133),
('user',0,739,739,'en',4,135),
('user',0,739,739,'en',5,134),
('user',0,739,739,'en',6,156),
('user',0,739,739,'en',7,138),
('user',0,739,739,'en',8,139),
('user',0,739,739,'en',9,140),
('user',0,739,739,'en',10,199),
('user',0,739,739,'en',11,44),
('user',0,739,739,'en',12,147),
('user',0,739,739,'en',13,148),
('user',0,739,739,'en',14,149),
('user',0,739,739,'en',15,150),
('user',0,741,741,'en',0,130),
('user',0,741,741,'en',1,188),
('user',0,741,741,'en',2,131),
('user',0,741,741,'en',3,43),
('user',0,741,741,'en',4,132),
('user',0,741,741,'en',5,133),
('user',0,741,741,'en',6,151),
('user',0,741,741,'en',7,135),
('user',0,741,741,'en',8,134),
('user',0,741,741,'en',9,156),
('user',0,741,741,'en',10,136),
('user',0,741,741,'en',11,154),
('user',0,741,741,'en',12,137),
('user',0,741,741,'en',13,138),
('user',0,741,741,'en',14,139),
('user',0,741,741,'en',15,152),
('user',0,741,741,'en',16,140),
('user',0,741,741,'en',17,199),
('user',0,741,741,'en',18,141),
('user',0,741,741,'en',19,44),
('user',0,741,741,'en',20,142),
('user',0,741,741,'en',21,143),
('user',0,741,741,'en',22,169),
('user',0,741,741,'en',23,144),
('user',0,741,741,'en',24,145),
('user',0,741,741,'en',25,146),
('user',0,741,741,'en',26,147),
('user',0,741,741,'en',27,42),
('user',0,741,741,'en',28,148),
('user',0,741,741,'en',29,149),
('user',0,741,741,'en',30,153),
('user',0,741,741,'en',31,150),
('user',0,743,743,'en',0,131),
('user',0,743,743,'en',1,43),
('user',0,743,743,'en',2,132),
('user',0,743,743,'en',3,133),
('user',0,743,743,'en',4,134),
('user',0,743,743,'en',5,137),
('user',0,743,743,'en',6,44),
('user',0,743,743,'en',7,144),
('user',0,743,743,'en',8,146),
('user',0,743,743,'en',9,42),
('user',0,745,745,'en',0,130),
('user',0,745,745,'en',1,133),
('user',0,745,745,'en',2,135),
('user',0,745,745,'en',3,134),
('user',0,745,745,'en',4,154),
('user',0,745,745,'en',5,137),
('user',0,745,745,'en',6,138),
('user',0,745,745,'en',7,199),
('user',0,745,745,'en',8,44),
('user',0,745,745,'en',9,149),
('user',0,746,746,'en',0,130),
('user',0,746,746,'en',1,131),
('user',0,746,746,'en',2,43),
('user',0,746,746,'en',3,133),
('user',0,746,746,'en',4,151),
('user',0,746,746,'en',5,135),
('user',0,746,746,'en',6,134),
('user',0,746,746,'en',7,136),
('user',0,746,746,'en',8,154),
('user',0,746,746,'en',9,137),
('user',0,746,746,'en',10,138),
('user',0,746,746,'en',11,139),
('user',0,746,746,'en',12,152),
('user',0,746,746,'en',13,140),
('user',0,746,746,'en',14,199),
('user',0,746,746,'en',15,141),
('user',0,746,746,'en',16,44),
('user',0,746,746,'en',17,142),
('user',0,746,746,'en',18,143),
('user',0,746,746,'en',19,169),
('user',0,746,746,'en',20,144),
('user',0,746,746,'en',21,145),
('user',0,746,746,'en',22,146),
('user',0,746,746,'en',23,147),
('user',0,746,746,'en',24,42),
('user',0,746,746,'en',25,148),
('user',0,746,746,'en',26,149),
('user',0,746,746,'en',27,153),
('user',0,746,746,'en',28,150),
('user',0,747,747,'en',0,130),
('user',0,747,747,'en',1,131),
('user',0,747,747,'en',2,43),
('user',0,747,747,'en',3,133),
('user',0,747,747,'en',4,137),
('user',0,747,747,'en',5,138),
('user',0,747,747,'en',6,140),
('user',0,747,747,'en',7,44),
('user',0,747,747,'en',8,144),
('user',0,747,747,'en',9,145),
('user',0,747,747,'en',10,147),
('user',0,747,747,'en',11,150),
('user',0,749,749,'en',0,132),
('user',0,749,749,'en',1,133),
('user',0,749,749,'en',2,135),
('user',0,749,749,'en',3,140),
('user',0,749,749,'en',4,145),
('user',0,749,749,'en',5,42),
('user',0,749,749,'en',6,148),
('user',0,749,749,'en',7,149),
('user',0,750,750,'en',0,130),
('user',0,750,750,'en',1,131),
('user',0,750,750,'en',2,43),
('user',0,750,750,'en',3,132),
('user',0,750,750,'en',4,133),
('user',0,750,750,'en',5,151),
('user',0,750,750,'en',6,135),
('user',0,750,750,'en',7,134),
('user',0,750,750,'en',8,136),
('user',0,750,750,'en',9,154),
('user',0,750,750,'en',10,137),
('user',0,750,750,'en',11,138),
('user',0,750,750,'en',12,139),
('user',0,750,750,'en',13,152),
('user',0,750,750,'en',14,140),
('user',0,750,750,'en',15,199),
('user',0,750,750,'en',16,141),
('user',0,750,750,'en',17,44),
('user',0,750,750,'en',18,142),
('user',0,750,750,'en',19,169),
('user',0,750,750,'en',20,144),
('user',0,750,750,'en',21,145),
('user',0,750,750,'en',22,146),
('user',0,750,750,'en',23,42),
('user',0,750,750,'en',24,148),
('user',0,750,750,'en',25,149),
('user',0,750,750,'en',26,153),
('user',0,750,750,'en',27,150),
('user',0,751,751,'en',0,130),
('user',0,751,751,'en',1,131),
('user',0,751,751,'en',2,43),
('user',0,751,751,'en',3,132),
('user',0,751,751,'en',4,133),
('user',0,751,751,'en',5,151),
('user',0,751,751,'en',6,135),
('user',0,751,751,'en',7,134),
('user',0,751,751,'en',8,136),
('user',0,751,751,'en',9,154),
('user',0,751,751,'en',10,137),
('user',0,751,751,'en',11,138),
('user',0,751,751,'en',12,139),
('user',0,751,751,'en',13,152),
('user',0,751,751,'en',14,140),
('user',0,751,751,'en',15,199),
('user',0,751,751,'en',16,44),
('user',0,751,751,'en',17,143),
('user',0,751,751,'en',18,169),
('user',0,751,751,'en',19,144),
('user',0,751,751,'en',20,145),
('user',0,751,751,'en',21,146),
('user',0,751,751,'en',22,147),
('user',0,751,751,'en',23,42),
('user',0,751,751,'en',24,148),
('user',0,751,751,'en',25,149),
('user',0,751,751,'en',26,150),
('user',0,752,752,'en',0,132),
('user',0,752,752,'en',1,133),
('user',0,752,752,'en',2,135),
('user',0,752,752,'en',3,134),
('user',0,752,752,'en',4,139),
('user',0,752,752,'en',5,140),
('user',0,752,752,'en',6,42),
('user',0,752,752,'en',7,205),
('user',0,753,753,'en',0,130),
('user',0,753,753,'en',1,131),
('user',0,753,753,'en',2,43),
('user',0,753,753,'en',3,132),
('user',0,753,753,'en',4,133),
('user',0,753,753,'en',5,151),
('user',0,753,753,'en',6,135),
('user',0,753,753,'en',7,134),
('user',0,753,753,'en',8,154),
('user',0,753,753,'en',9,137),
('user',0,753,753,'en',10,138),
('user',0,753,753,'en',11,152),
('user',0,753,753,'en',12,140),
('user',0,753,753,'en',13,199),
('user',0,753,753,'en',14,44),
('user',0,753,753,'en',15,142),
('user',0,753,753,'en',16,169),
('user',0,753,753,'en',17,146),
('user',0,753,753,'en',18,148),
('user',0,758,758,'en',0,130),
('user',0,758,758,'en',1,131),
('user',0,758,758,'en',2,43),
('user',0,758,758,'en',3,132),
('user',0,758,758,'en',4,133),
('user',0,758,758,'en',5,135),
('user',0,758,758,'en',6,134),
('user',0,758,758,'en',7,137),
('user',0,758,758,'en',8,138),
('user',0,758,758,'en',9,140),
('user',0,758,758,'en',10,199),
('user',0,758,758,'en',11,44),
('user',0,758,758,'en',12,144),
('user',0,758,758,'en',13,145),
('user',0,758,758,'en',14,146),
('user',0,758,758,'en',15,42),
('user',0,758,758,'en',16,148),
('user',0,760,760,'en',0,131),
('user',0,760,760,'en',1,43),
('user',0,760,760,'en',2,133),
('user',0,760,760,'en',3,135),
('user',0,760,760,'en',4,136),
('user',0,760,760,'en',5,137),
('user',0,760,760,'en',6,138),
('user',0,760,760,'en',7,152),
('user',0,760,760,'en',8,142),
('user',0,760,760,'en',9,153),
('user',0,760,760,'en',10,150),
('user',0,764,764,'en',0,130),
('user',0,764,764,'en',1,188),
('user',0,764,764,'en',2,131),
('user',0,764,764,'en',3,43),
('user',0,764,764,'en',4,132),
('user',0,764,764,'en',5,133),
('user',0,764,764,'en',6,135),
('user',0,764,764,'en',7,134),
('user',0,764,764,'en',8,156),
('user',0,764,764,'en',9,154),
('user',0,764,764,'en',10,137),
('user',0,764,764,'en',11,138),
('user',0,764,764,'en',12,140),
('user',0,764,764,'en',13,199),
('user',0,764,764,'en',14,44),
('user',0,764,764,'en',15,143),
('user',0,764,764,'en',16,169),
('user',0,764,764,'en',17,144),
('user',0,764,764,'en',18,145),
('user',0,764,764,'en',19,146),
('user',0,764,764,'en',20,42),
('user',0,764,764,'en',21,148),
('user',0,764,764,'en',22,149),
('user',0,764,764,'en',23,153),
('user',0,765,765,'en',0,221),
('user',0,765,765,'en',1,131),
('user',0,765,765,'en',2,43),
('user',0,765,765,'en',3,132),
('user',0,765,765,'en',4,133),
('user',0,765,765,'en',5,135),
('user',0,765,765,'en',6,134),
('user',0,765,765,'en',7,138),
('user',0,765,765,'en',8,139),
('user',0,765,765,'en',9,152),
('user',0,765,765,'en',10,140),
('user',0,765,765,'en',11,199),
('user',0,765,765,'en',12,141),
('user',0,765,765,'en',13,44),
('user',0,765,765,'en',14,143),
('user',0,765,765,'en',15,144),
('user',0,765,765,'en',16,146),
('user',0,765,765,'en',17,42),
('user',0,765,765,'en',18,148),
('user',0,765,765,'en',19,149),
('user',0,765,765,'en',20,205),
('user',0,766,766,'en',0,130),
('user',0,766,766,'en',1,188),
('user',0,766,766,'en',2,131),
('user',0,766,766,'en',3,43),
('user',0,766,766,'en',4,132),
('user',0,766,766,'en',5,133),
('user',0,766,766,'en',6,151),
('user',0,766,766,'en',7,135),
('user',0,766,766,'en',8,134),
('user',0,766,766,'en',9,156),
('user',0,766,766,'en',10,136),
('user',0,766,766,'en',11,154),
('user',0,766,766,'en',12,137),
('user',0,766,766,'en',13,138),
('user',0,766,766,'en',14,139),
('user',0,766,766,'en',15,152),
('user',0,766,766,'en',16,140),
('user',0,766,766,'en',17,44),
('user',0,766,766,'en',18,143),
('user',0,766,766,'en',19,169),
('user',0,766,766,'en',20,144),
('user',0,766,766,'en',21,145),
('user',0,766,766,'en',22,146),
('user',0,766,766,'en',23,148),
('user',0,766,766,'en',24,153),
('user',0,766,766,'en',25,150),
('user',0,767,767,'en',0,131),
('user',0,767,767,'en',1,43),
('user',0,767,767,'en',2,132),
('user',0,767,767,'en',3,133),
('user',0,767,767,'en',4,151),
('user',0,767,767,'en',5,136),
('user',0,767,767,'en',6,137),
('user',0,767,767,'en',7,138),
('user',0,767,767,'en',8,139),
('user',0,767,767,'en',9,141),
('user',0,767,767,'en',10,44),
('user',0,767,767,'en',11,144),
('user',0,767,767,'en',12,145),
('user',0,767,767,'en',13,146),
('user',0,767,767,'en',14,147),
('user',0,767,767,'en',15,42),
('user',0,767,767,'en',16,153),
('user',0,767,767,'en',17,150),
('user',0,768,768,'en',0,130),
('user',0,768,768,'en',1,131),
('user',0,768,768,'en',2,43),
('user',0,768,768,'en',3,132),
('user',0,768,768,'en',4,133),
('user',0,768,768,'en',5,151),
('user',0,768,768,'en',6,135),
('user',0,768,768,'en',7,134),
('user',0,768,768,'en',8,136),
('user',0,768,768,'en',9,154),
('user',0,768,768,'en',10,137),
('user',0,768,768,'en',11,138),
('user',0,768,768,'en',12,139),
('user',0,768,768,'en',13,152),
('user',0,768,768,'en',14,140),
('user',0,768,768,'en',15,199),
('user',0,768,768,'en',16,141),
('user',0,768,768,'en',17,44),
('user',0,768,768,'en',18,142),
('user',0,768,768,'en',19,143),
('user',0,768,768,'en',20,169),
('user',0,768,768,'en',21,144),
('user',0,768,768,'en',22,145),
('user',0,768,768,'en',23,146),
('user',0,768,768,'en',24,147),
('user',0,768,768,'en',25,42),
('user',0,768,768,'en',26,148),
('user',0,768,768,'en',27,149),
('user',0,768,768,'en',28,153),
('user',0,768,768,'en',29,150),
('user',0,769,769,'en',0,131),
('user',0,769,769,'en',1,132),
('user',0,769,769,'en',2,133),
('user',0,769,769,'en',3,135),
('user',0,769,769,'en',4,134),
('user',0,769,769,'en',5,154),
('user',0,769,769,'en',6,138),
('user',0,769,769,'en',7,140),
('user',0,769,769,'en',8,141),
('user',0,769,769,'en',9,44),
('user',0,769,769,'en',10,145),
('user',0,769,769,'en',11,149),
('user',0,769,769,'en',12,153),
('user',0,769,769,'en',13,150),
('user',0,770,770,'en',0,130),
('user',0,770,770,'en',1,131),
('user',0,770,770,'en',2,43),
('user',0,770,770,'en',3,132),
('user',0,770,770,'en',4,133),
('user',0,770,770,'en',5,135),
('user',0,770,770,'en',6,136),
('user',0,770,770,'en',7,138),
('user',0,770,770,'en',8,139),
('user',0,770,770,'en',9,152),
('user',0,770,770,'en',10,140),
('user',0,770,770,'en',11,141),
('user',0,770,770,'en',12,44),
('user',0,770,770,'en',13,142),
('user',0,770,770,'en',14,144),
('user',0,770,770,'en',15,146),
('user',0,770,770,'en',16,42),
('user',0,770,770,'en',17,153),
('user',0,773,773,'en',0,188),
('user',0,773,773,'en',1,132),
('user',0,773,773,'en',2,134),
('user',0,773,773,'en',3,156),
('user',0,773,773,'en',4,199),
('user',0,773,773,'en',5,44),
('user',0,773,773,'en',6,143),
('user',0,773,773,'en',7,144),
('user',0,773,773,'en',8,145),
('user',0,773,773,'en',9,147),
('user',0,773,773,'en',10,148),
('user',0,773,773,'en',11,153),
('user',0,773,773,'en',12,150),
('user',0,774,774,'en',0,130),
('user',0,774,774,'en',1,131),
('user',0,774,774,'en',2,43),
('user',0,774,774,'en',3,132),
('user',0,774,774,'en',4,133),
('user',0,774,774,'en',5,135),
('user',0,774,774,'en',6,134),
('user',0,774,774,'en',7,156),
('user',0,774,774,'en',8,136),
('user',0,774,774,'en',9,154),
('user',0,774,774,'en',10,137),
('user',0,774,774,'en',11,138),
('user',0,774,774,'en',12,152),
('user',0,774,774,'en',13,140),
('user',0,774,774,'en',14,44),
('user',0,774,774,'en',15,142),
('user',0,774,774,'en',16,169),
('user',0,774,774,'en',17,145),
('user',0,774,774,'en',18,42),
('user',0,774,774,'en',19,153),
('user',0,774,774,'en',20,150),
('user',0,775,775,'en',0,130),
('user',0,775,775,'en',1,131),
('user',0,775,775,'en',2,43),
('user',0,775,775,'en',3,132),
('user',0,775,775,'en',4,133),
('user',0,775,775,'en',5,135),
('user',0,775,775,'en',6,134),
('user',0,775,775,'en',7,154),
('user',0,775,775,'en',8,137),
('user',0,775,775,'en',9,138),
('user',0,775,775,'en',10,140),
('user',0,775,775,'en',11,44),
('user',0,775,775,'en',12,142),
('user',0,775,775,'en',13,143),
('user',0,775,775,'en',14,169),
('user',0,775,775,'en',15,144),
('user',0,775,775,'en',16,146),
('user',0,775,775,'en',17,148),
('user',0,775,775,'en',18,149),
('user',0,775,775,'en',19,153),
('user',0,775,775,'en',20,150),
('user',0,777,777,'en',0,188),
('user',0,777,777,'en',1,131),
('user',0,777,777,'en',2,132),
('user',0,777,777,'en',3,133),
('user',0,777,777,'en',4,135),
('user',0,777,777,'en',5,137),
('user',0,777,777,'en',6,152),
('user',0,777,777,'en',7,44),
('user',0,777,777,'en',8,169),
('user',0,777,777,'en',9,144),
('user',0,777,777,'en',10,42),
('user',0,777,777,'en',11,153),
('user',0,778,778,'en',0,188),
('user',0,778,778,'en',1,133),
('user',0,778,778,'en',2,156),
('user',0,778,778,'en',3,152),
('user',0,778,778,'en',4,44),
('user',0,778,778,'en',5,147),
('user',0,778,778,'en',6,153),
('user',0,779,779,'en',0,135),
('user',0,779,779,'en',1,134),
('user',0,779,779,'en',2,140),
('user',0,779,779,'en',3,227),
('user',0,779,779,'en',4,44),
('user',0,779,779,'en',5,150),
('user',0,781,781,'en',0,130),
('user',0,781,781,'en',1,131),
('user',0,781,781,'en',2,132),
('user',0,781,781,'en',3,133),
('user',0,781,781,'en',4,135),
('user',0,781,781,'en',5,134),
('user',0,781,781,'en',6,136),
('user',0,781,781,'en',7,137),
('user',0,781,781,'en',8,138),
('user',0,781,781,'en',9,44),
('user',0,782,782,'en',0,130),
('user',0,782,782,'en',1,131),
('user',0,782,782,'en',2,43),
('user',0,782,782,'en',3,132),
('user',0,782,782,'en',4,133),
('user',0,782,782,'en',5,151),
('user',0,782,782,'en',6,135),
('user',0,782,782,'en',7,134),
('user',0,782,782,'en',8,136),
('user',0,782,782,'en',9,137),
('user',0,782,782,'en',10,138),
('user',0,782,782,'en',11,139),
('user',0,782,782,'en',12,152),
('user',0,782,782,'en',13,140),
('user',0,782,782,'en',14,199),
('user',0,782,782,'en',15,141),
('user',0,782,782,'en',16,44),
('user',0,782,782,'en',17,144),
('user',0,782,782,'en',18,145),
('user',0,782,782,'en',19,146),
('user',0,782,782,'en',20,148),
('user',0,782,782,'en',21,149),
('user',0,782,782,'en',22,205),
('user',0,782,782,'en',23,150),
('user',0,783,783,'en',0,131),
('user',0,783,783,'en',1,43),
('user',0,783,783,'en',2,132),
('user',0,783,783,'en',3,134),
('user',0,783,783,'en',4,156),
('user',0,783,783,'en',5,136),
('user',0,783,783,'en',6,137),
('user',0,783,783,'en',7,139),
('user',0,783,783,'en',8,169),
('user',0,783,783,'en',9,144),
('user',0,783,783,'en',10,147),
('user',0,784,784,'en',0,130),
('user',0,784,784,'en',1,131),
('user',0,784,784,'en',2,43),
('user',0,784,784,'en',3,133),
('user',0,784,784,'en',4,135),
('user',0,784,784,'en',5,134),
('user',0,784,784,'en',6,136),
('user',0,784,784,'en',7,154),
('user',0,784,784,'en',8,137),
('user',0,784,784,'en',9,138),
('user',0,784,784,'en',10,139),
('user',0,784,784,'en',11,152),
('user',0,784,784,'en',12,140),
('user',0,784,784,'en',13,199),
('user',0,784,784,'en',14,44),
('user',0,784,784,'en',15,143),
('user',0,784,784,'en',16,169),
('user',0,784,784,'en',17,144),
('user',0,784,784,'en',18,145),
('user',0,784,784,'en',19,146),
('user',0,784,784,'en',20,42),
('user',0,784,784,'en',21,150),
('user',0,785,785,'en',0,131),
('user',0,785,785,'en',1,132),
('user',0,785,785,'en',2,135),
('user',0,785,785,'en',3,134),
('user',0,785,785,'en',4,138),
('user',0,785,785,'en',5,140),
('user',0,785,785,'en',6,44),
('user',0,785,785,'en',7,146),
('user',0,786,786,'en',0,221),
('user',0,786,786,'en',1,131),
('user',0,786,786,'en',2,43),
('user',0,786,786,'en',3,133),
('user',0,786,786,'en',4,151),
('user',0,786,786,'en',5,135),
('user',0,786,786,'en',6,134),
('user',0,786,786,'en',7,136),
('user',0,786,786,'en',8,140),
('user',0,786,786,'en',9,44),
('user',0,786,786,'en',10,142),
('user',0,786,786,'en',11,150),
('user',0,788,788,'en',0,130),
('user',0,788,788,'en',1,131),
('user',0,788,788,'en',2,43),
('user',0,788,788,'en',3,132),
('user',0,788,788,'en',4,133),
('user',0,788,788,'en',5,134),
('user',0,788,788,'en',6,136),
('user',0,788,788,'en',7,138),
('user',0,788,788,'en',8,140),
('user',0,788,788,'en',9,44),
('user',0,788,788,'en',10,169),
('user',0,788,788,'en',11,144),
('user',0,788,788,'en',12,146),
('user',0,788,788,'en',13,147),
('user',0,788,788,'en',14,42),
('user',0,788,788,'en',15,149),
('user',0,788,788,'en',16,153),
('user',0,788,788,'en',17,150),
('user',0,789,789,'en',0,131),
('user',0,789,789,'en',1,135),
('user',0,789,789,'en',2,134),
('user',0,789,789,'en',3,156),
('user',0,789,789,'en',4,136),
('user',0,789,789,'en',5,140),
('user',0,789,789,'en',6,199),
('user',0,789,789,'en',7,44),
('user',0,789,789,'en',8,143),
('user',0,789,789,'en',9,144),
('user',0,789,789,'en',10,145),
('user',0,789,789,'en',11,146),
('user',0,789,789,'en',12,147),
('user',0,789,789,'en',13,42),
('user',0,789,789,'en',14,148),
('user',0,789,789,'en',15,149),
('user',0,789,789,'en',16,150),
('user',0,791,791,'en',0,131),
('user',0,791,791,'en',1,154),
('user',0,791,791,'en',2,152),
('user',0,791,791,'en',3,199),
('user',0,791,791,'en',4,144),
('user',0,791,791,'en',5,145),
('user',0,791,791,'en',6,42),
('user',0,791,791,'en',7,148),
('user',0,791,791,'en',8,149),
('user',0,792,792,'en',0,131),
('user',0,792,792,'en',1,43),
('user',0,792,792,'en',2,132),
('user',0,792,792,'en',3,133),
('user',0,792,792,'en',4,135),
('user',0,792,792,'en',5,134),
('user',0,792,792,'en',6,136),
('user',0,792,792,'en',7,137),
('user',0,792,792,'en',8,140),
('user',0,792,792,'en',9,44),
('user',0,792,792,'en',10,144),
('user',0,792,792,'en',11,146),
('user',0,792,792,'en',12,147),
('user',0,794,794,'en',0,130),
('user',0,794,794,'en',1,131),
('user',0,794,794,'en',2,43),
('user',0,794,794,'en',3,132),
('user',0,794,794,'en',4,133),
('user',0,794,794,'en',5,135),
('user',0,794,794,'en',6,134),
('user',0,794,794,'en',7,154),
('user',0,794,794,'en',8,137),
('user',0,794,794,'en',9,140),
('user',0,794,794,'en',10,44),
('user',0,794,794,'en',11,143),
('user',0,794,794,'en',12,144),
('user',0,794,794,'en',13,145),
('user',0,794,794,'en',14,146),
('user',0,795,795,'en',0,131),
('user',0,795,795,'en',1,43),
('user',0,795,795,'en',2,132),
('user',0,795,795,'en',3,133),
('user',0,795,795,'en',4,134),
('user',0,795,795,'en',5,137),
('user',0,795,795,'en',6,152),
('user',0,795,795,'en',7,140),
('user',0,795,795,'en',8,44),
('user',0,795,795,'en',9,143),
('user',0,795,795,'en',10,144),
('user',0,795,795,'en',11,145),
('user',0,795,795,'en',12,146),
('user',0,795,795,'en',13,42),
('user',0,795,795,'en',14,148),
('user',0,796,796,'en',0,130),
('user',0,796,796,'en',1,43),
('user',0,796,796,'en',2,151),
('user',0,796,796,'en',3,136),
('user',0,796,796,'en',4,154),
('user',0,796,796,'en',5,137),
('user',0,796,796,'en',6,138),
('user',0,796,796,'en',7,139),
('user',0,796,796,'en',8,152),
('user',0,796,796,'en',9,140),
('user',0,796,796,'en',10,199),
('user',0,796,796,'en',11,142),
('user',0,796,796,'en',12,169),
('user',0,796,796,'en',13,145),
('user',0,796,796,'en',14,146),
('user',0,796,796,'en',15,42),
('user',0,796,796,'en',16,148),
('user',0,796,796,'en',17,150),
('user',0,798,798,'en',0,130),
('user',0,798,798,'en',1,131),
('user',0,798,798,'en',2,132),
('user',0,798,798,'en',3,135),
('user',0,798,798,'en',4,134),
('user',0,798,798,'en',5,154),
('user',0,798,798,'en',6,138),
('user',0,798,798,'en',7,152),
('user',0,798,798,'en',8,140),
('user',0,798,798,'en',9,44),
('user',0,798,798,'en',10,143),
('user',0,798,798,'en',11,169),
('user',0,798,798,'en',12,144),
('user',0,798,798,'en',13,148),
('user',0,798,798,'en',14,149),
('user',0,798,798,'en',15,153),
('user',0,798,798,'en',16,150),
('user',0,799,799,'en',0,130),
('user',0,799,799,'en',1,188),
('user',0,799,799,'en',2,131),
('user',0,799,799,'en',3,43),
('user',0,799,799,'en',4,132),
('user',0,799,799,'en',5,133),
('user',0,799,799,'en',6,151),
('user',0,799,799,'en',7,135),
('user',0,799,799,'en',8,134),
('user',0,799,799,'en',9,156),
('user',0,799,799,'en',10,136),
('user',0,799,799,'en',11,154),
('user',0,799,799,'en',12,137),
('user',0,799,799,'en',13,138),
('user',0,799,799,'en',14,139),
('user',0,799,799,'en',15,152),
('user',0,799,799,'en',16,140),
('user',0,799,799,'en',17,227),
('user',0,799,799,'en',18,199),
('user',0,799,799,'en',19,141),
('user',0,799,799,'en',20,44),
('user',0,799,799,'en',21,142),
('user',0,799,799,'en',22,169),
('user',0,799,799,'en',23,144),
('user',0,799,799,'en',24,145),
('user',0,799,799,'en',25,146),
('user',0,799,799,'en',26,147),
('user',0,799,799,'en',27,42),
('user',0,799,799,'en',28,148),
('user',0,799,799,'en',29,149),
('user',0,799,799,'en',30,205),
('user',0,799,799,'en',31,153),
('user',0,799,799,'en',32,150),
('user',0,800,800,'en',0,131),
('user',0,800,800,'en',1,43),
('user',0,800,800,'en',2,132),
('user',0,800,800,'en',3,133),
('user',0,800,800,'en',4,135),
('user',0,800,800,'en',5,134),
('user',0,800,800,'en',6,136),
('user',0,800,800,'en',7,154),
('user',0,800,800,'en',8,137),
('user',0,800,800,'en',9,138),
('user',0,800,800,'en',10,152),
('user',0,800,800,'en',11,140),
('user',0,800,800,'en',12,141),
('user',0,800,800,'en',13,44),
('user',0,800,800,'en',14,142),
('user',0,800,800,'en',15,147),
('user',0,801,801,'en',0,188),
('user',0,801,801,'en',1,131),
('user',0,801,801,'en',2,134),
('user',0,801,801,'en',3,156),
('user',0,801,801,'en',4,140),
('user',0,801,801,'en',5,143),
('user',0,801,801,'en',6,144),
('user',0,801,801,'en',7,147),
('user',0,802,802,'en',0,130),
('user',0,802,802,'en',1,135),
('user',0,802,802,'en',2,154),
('user',0,802,802,'en',3,199),
('user',0,802,802,'en',4,44),
('user',0,802,802,'en',5,145),
('user',0,802,802,'en',6,148),
('user',0,803,803,'en',0,188),
('user',0,803,803,'en',1,131),
('user',0,803,803,'en',2,43),
('user',0,803,803,'en',3,132),
('user',0,803,803,'en',4,134),
('user',0,803,803,'en',5,156),
('user',0,803,803,'en',6,137),
('user',0,803,803,'en',7,138),
('user',0,803,803,'en',8,152),
('user',0,803,803,'en',9,44),
('user',0,803,803,'en',10,143),
('user',0,803,803,'en',11,144),
('user',0,803,803,'en',12,146),
('user',0,803,803,'en',13,150),
('user',0,804,804,'en',0,130),
('user',0,804,804,'en',1,131),
('user',0,804,804,'en',2,43),
('user',0,804,804,'en',3,132),
('user',0,804,804,'en',4,133),
('user',0,804,804,'en',5,134),
('user',0,804,804,'en',6,156),
('user',0,804,804,'en',7,136),
('user',0,804,804,'en',8,137),
('user',0,804,804,'en',9,138),
('user',0,804,804,'en',10,140),
('user',0,804,804,'en',11,44),
('user',0,804,804,'en',12,142),
('user',0,804,804,'en',13,146),
('user',0,804,804,'en',14,42),
('user',0,804,804,'en',15,148),
('user',0,804,804,'en',16,153),
('user',0,804,804,'en',17,150),
('user',0,805,805,'en',0,132),
('user',0,805,805,'en',1,133),
('user',0,805,805,'en',2,151),
('user',0,805,805,'en',3,134),
('user',0,805,805,'en',4,156),
('user',0,805,805,'en',5,136),
('user',0,805,805,'en',6,138),
('user',0,805,805,'en',7,152),
('user',0,805,805,'en',8,145),
('user',0,806,806,'en',0,130),
('user',0,806,806,'en',1,131),
('user',0,806,806,'en',2,43),
('user',0,806,806,'en',3,132),
('user',0,806,806,'en',4,133),
('user',0,806,806,'en',5,154),
('user',0,806,806,'en',6,137),
('user',0,806,806,'en',7,199),
('user',0,806,806,'en',8,44),
('user',0,806,806,'en',9,144),
('user',0,806,806,'en',10,145),
('user',0,806,806,'en',11,147),
('user',0,806,806,'en',12,153),
('user',0,806,806,'en',13,150),
('user',0,807,807,'en',0,43),
('user',0,807,807,'en',1,132),
('user',0,807,807,'en',2,133),
('user',0,807,807,'en',3,134),
('user',0,807,807,'en',4,138),
('user',0,807,807,'en',5,140),
('user',0,807,807,'en',6,142),
('user',0,807,807,'en',7,153),
('user',0,808,808,'en',0,131),
('user',0,808,808,'en',1,43),
('user',0,808,808,'en',2,132),
('user',0,808,808,'en',3,133),
('user',0,808,808,'en',4,135),
('user',0,808,808,'en',5,134),
('user',0,808,808,'en',6,136),
('user',0,808,808,'en',7,154),
('user',0,808,808,'en',8,137),
('user',0,808,808,'en',9,140),
('user',0,808,808,'en',10,44),
('user',0,808,808,'en',11,143),
('user',0,808,808,'en',12,144),
('user',0,808,808,'en',13,146),
('user',0,808,808,'en',14,147),
('user',0,808,808,'en',15,148),
('user',0,808,808,'en',16,153),
('user',0,808,808,'en',17,150),
('user',0,810,810,'en',0,130),
('user',0,810,810,'en',1,131),
('user',0,810,810,'en',2,43),
('user',0,810,810,'en',3,132),
('user',0,810,810,'en',4,133),
('user',0,810,810,'en',5,135),
('user',0,810,810,'en',6,134),
('user',0,810,810,'en',7,154),
('user',0,810,810,'en',8,137),
('user',0,810,810,'en',9,138),
('user',0,810,810,'en',10,139),
('user',0,810,810,'en',11,140),
('user',0,810,810,'en',12,199),
('user',0,810,810,'en',13,44),
('user',0,810,810,'en',14,142),
('user',0,810,810,'en',15,144),
('user',0,810,810,'en',16,146),
('user',0,810,810,'en',17,148),
('user',0,811,811,'en',0,130),
('user',0,811,811,'en',1,131),
('user',0,811,811,'en',2,132),
('user',0,811,811,'en',3,133),
('user',0,811,811,'en',4,154),
('user',0,811,811,'en',5,138),
('user',0,811,811,'en',6,44),
('user',0,811,811,'en',7,146),
('user',0,811,811,'en',8,150),
('user',0,813,813,'en',0,130),
('user',0,813,813,'en',1,131),
('user',0,813,813,'en',2,133),
('user',0,813,813,'en',3,134),
('user',0,813,813,'en',4,138),
('user',0,813,813,'en',5,140),
('user',0,813,813,'en',6,44),
('user',0,813,813,'en',7,142),
('user',0,813,813,'en',8,169),
('user',0,813,813,'en',9,144),
('user',0,813,813,'en',10,145),
('user',0,813,813,'en',11,146),
('user',0,813,813,'en',12,148),
('user',0,815,815,'en',0,131),
('user',0,815,815,'en',1,132),
('user',0,815,815,'en',2,133),
('user',0,815,815,'en',3,134),
('user',0,815,815,'en',4,140),
('user',0,815,815,'en',5,199),
('user',0,815,815,'en',6,44),
('user',0,815,815,'en',7,143),
('user',0,815,815,'en',8,144),
('user',0,816,816,'en',0,131),
('user',0,816,816,'en',1,43),
('user',0,816,816,'en',2,132),
('user',0,816,816,'en',3,133),
('user',0,816,816,'en',4,151),
('user',0,816,816,'en',5,136),
('user',0,816,816,'en',6,137),
('user',0,816,816,'en',7,138),
('user',0,816,816,'en',8,139),
('user',0,816,816,'en',9,152),
('user',0,816,816,'en',10,199),
('user',0,816,816,'en',11,44),
('user',0,816,816,'en',12,142),
('user',0,816,816,'en',13,144),
('user',0,816,816,'en',14,145),
('user',0,816,816,'en',15,146),
('user',0,816,816,'en',16,147),
('user',0,816,816,'en',17,42),
('user',0,816,816,'en',18,148),
('user',0,816,816,'en',19,149),
('user',0,816,816,'en',20,150),
('user',0,819,819,'en',0,130),
('user',0,819,819,'en',1,188),
('user',0,819,819,'en',2,131),
('user',0,819,819,'en',3,43),
('user',0,819,819,'en',4,132),
('user',0,819,819,'en',5,133),
('user',0,819,819,'en',6,151),
('user',0,819,819,'en',7,135),
('user',0,819,819,'en',8,134),
('user',0,819,819,'en',9,156),
('user',0,819,819,'en',10,136),
('user',0,819,819,'en',11,154),
('user',0,819,819,'en',12,137),
('user',0,819,819,'en',13,138),
('user',0,819,819,'en',14,139),
('user',0,819,819,'en',15,152),
('user',0,819,819,'en',16,140),
('user',0,819,819,'en',17,199),
('user',0,819,819,'en',18,141),
('user',0,819,819,'en',19,44),
('user',0,819,819,'en',20,142),
('user',0,819,819,'en',21,143),
('user',0,819,819,'en',22,169),
('user',0,819,819,'en',23,144),
('user',0,819,819,'en',24,145),
('user',0,819,819,'en',25,146),
('user',0,819,819,'en',26,147),
('user',0,819,819,'en',27,42),
('user',0,819,819,'en',28,148),
('user',0,819,819,'en',29,149),
('user',0,819,819,'en',30,153),
('user',0,819,819,'en',31,150),
('user',0,820,820,'en',0,131),
('user',0,820,820,'en',1,43),
('user',0,820,820,'en',2,132),
('user',0,820,820,'en',3,133),
('user',0,820,820,'en',4,151),
('user',0,820,820,'en',5,135),
('user',0,820,820,'en',6,134),
('user',0,820,820,'en',7,156),
('user',0,820,820,'en',8,136),
('user',0,820,820,'en',9,138),
('user',0,820,820,'en',10,152),
('user',0,820,820,'en',11,140),
('user',0,820,820,'en',12,44),
('user',0,820,820,'en',13,143),
('user',0,820,820,'en',14,144),
('user',0,820,820,'en',15,145),
('user',0,820,820,'en',16,146),
('user',0,820,820,'en',17,147),
('user',0,820,820,'en',18,153),
('user',0,821,821,'en',0,130),
('user',0,821,821,'en',1,131),
('user',0,821,821,'en',2,43),
('user',0,821,821,'en',3,132),
('user',0,821,821,'en',4,133),
('user',0,821,821,'en',5,135),
('user',0,821,821,'en',6,134),
('user',0,821,821,'en',7,156),
('user',0,821,821,'en',8,154),
('user',0,821,821,'en',9,137),
('user',0,821,821,'en',10,138),
('user',0,821,821,'en',11,139),
('user',0,821,821,'en',12,141),
('user',0,821,821,'en',13,44),
('user',0,821,821,'en',14,143),
('user',0,821,821,'en',15,169),
('user',0,821,821,'en',16,144),
('user',0,821,821,'en',17,145),
('user',0,821,821,'en',18,146),
('user',0,821,821,'en',19,148),
('user',0,821,821,'en',20,149),
('user',0,821,821,'en',21,205),
('user',0,821,821,'en',22,153),
('user',0,821,821,'en',23,150),
('user',0,822,822,'en',0,221),
('user',0,822,822,'en',1,131),
('user',0,822,822,'en',2,43),
('user',0,822,822,'en',3,132),
('user',0,822,822,'en',4,133),
('user',0,822,822,'en',5,151),
('user',0,822,822,'en',6,135),
('user',0,822,822,'en',7,134),
('user',0,822,822,'en',8,156),
('user',0,822,822,'en',9,136),
('user',0,822,822,'en',10,137),
('user',0,822,822,'en',11,138),
('user',0,822,822,'en',12,139),
('user',0,822,822,'en',13,152),
('user',0,822,822,'en',14,140),
('user',0,822,822,'en',15,227),
('user',0,822,822,'en',16,199),
('user',0,822,822,'en',17,44),
('user',0,822,822,'en',18,143),
('user',0,822,822,'en',19,144),
('user',0,822,822,'en',20,145),
('user',0,822,822,'en',21,146),
('user',0,822,822,'en',22,147),
('user',0,822,822,'en',23,42),
('user',0,822,822,'en',24,148),
('user',0,822,822,'en',25,149),
('user',0,822,822,'en',26,153),
('user',0,822,822,'en',27,150),
('user',0,823,823,'en',0,131),
('user',0,823,823,'en',1,43),
('user',0,823,823,'en',2,132),
('user',0,823,823,'en',3,133),
('user',0,823,823,'en',4,136),
('user',0,823,823,'en',5,154),
('user',0,823,823,'en',6,137),
('user',0,823,823,'en',7,152),
('user',0,823,823,'en',8,140),
('user',0,823,823,'en',9,44),
('user',0,823,823,'en',10,143),
('user',0,823,823,'en',11,146),
('user',0,823,823,'en',12,150),
('user',0,825,825,'en',0,130),
('user',0,825,825,'en',1,131),
('user',0,825,825,'en',2,43),
('user',0,825,825,'en',3,132),
('user',0,825,825,'en',4,151),
('user',0,825,825,'en',5,135),
('user',0,825,825,'en',6,134),
('user',0,825,825,'en',7,136),
('user',0,825,825,'en',8,154),
('user',0,825,825,'en',9,138),
('user',0,825,825,'en',10,139),
('user',0,825,825,'en',11,152),
('user',0,825,825,'en',12,140),
('user',0,825,825,'en',13,199),
('user',0,825,825,'en',14,141),
('user',0,825,825,'en',15,44),
('user',0,825,825,'en',16,144),
('user',0,825,825,'en',17,145),
('user',0,825,825,'en',18,146),
('user',0,825,825,'en',19,42),
('user',0,825,825,'en',20,148),
('user',0,825,825,'en',21,149),
('user',0,825,825,'en',22,150),
('user',0,831,831,'en',0,131),
('user',0,831,831,'en',1,43),
('user',0,831,831,'en',2,132),
('user',0,831,831,'en',3,133),
('user',0,831,831,'en',4,151),
('user',0,831,831,'en',5,134),
('user',0,831,831,'en',6,137),
('user',0,831,831,'en',7,152),
('user',0,831,831,'en',8,140),
('user',0,831,831,'en',9,44),
('user',0,831,831,'en',10,42),
('user',0,832,832,'en',0,130),
('user',0,832,832,'en',1,131),
('user',0,832,832,'en',2,43),
('user',0,832,832,'en',3,132),
('user',0,832,832,'en',4,133),
('user',0,832,832,'en',5,151),
('user',0,832,832,'en',6,135),
('user',0,832,832,'en',7,134),
('user',0,832,832,'en',8,136),
('user',0,832,832,'en',9,154),
('user',0,832,832,'en',10,137),
('user',0,832,832,'en',11,138),
('user',0,832,832,'en',12,139),
('user',0,832,832,'en',13,140),
('user',0,832,832,'en',14,199),
('user',0,832,832,'en',15,44),
('user',0,832,832,'en',16,142),
('user',0,832,832,'en',17,143),
('user',0,832,832,'en',18,144),
('user',0,832,832,'en',19,145),
('user',0,832,832,'en',20,146),
('user',0,832,832,'en',21,42),
('user',0,832,832,'en',22,148),
('user',0,832,832,'en',23,149),
('user',0,832,832,'en',24,153),
('user',0,832,832,'en',25,150),
('user',0,834,834,'en',0,130),
('user',0,834,834,'en',1,131),
('user',0,834,834,'en',2,43),
('user',0,834,834,'en',3,132),
('user',0,834,834,'en',4,133),
('user',0,834,834,'en',5,151),
('user',0,834,834,'en',6,134),
('user',0,834,834,'en',7,136),
('user',0,834,834,'en',8,138),
('user',0,834,834,'en',9,152),
('user',0,834,834,'en',10,140),
('user',0,834,834,'en',11,44),
('user',0,834,834,'en',12,169),
('user',0,834,834,'en',13,144),
('user',0,834,834,'en',14,145),
('user',0,834,834,'en',15,149),
('user',0,834,834,'en',16,150),
('user',0,835,835,'en',0,130),
('user',0,835,835,'en',1,131),
('user',0,835,835,'en',2,43),
('user',0,835,835,'en',3,132),
('user',0,835,835,'en',4,133),
('user',0,835,835,'en',5,134),
('user',0,835,835,'en',6,154),
('user',0,835,835,'en',7,137),
('user',0,835,835,'en',8,138),
('user',0,835,835,'en',9,152),
('user',0,835,835,'en',10,140),
('user',0,835,835,'en',11,199),
('user',0,835,835,'en',12,44),
('user',0,835,835,'en',13,143),
('user',0,835,835,'en',14,144),
('user',0,835,835,'en',15,146),
('user',0,835,835,'en',16,147),
('user',0,835,835,'en',17,148),
('user',0,835,835,'en',18,149),
('user',0,835,835,'en',19,150),
('user',0,837,837,'en',0,130),
('user',0,837,837,'en',1,131),
('user',0,837,837,'en',2,43),
('user',0,837,837,'en',3,132),
('user',0,837,837,'en',4,133),
('user',0,837,837,'en',5,151),
('user',0,837,837,'en',6,135),
('user',0,837,837,'en',7,134),
('user',0,837,837,'en',8,136),
('user',0,837,837,'en',9,154),
('user',0,837,837,'en',10,137),
('user',0,837,837,'en',11,138),
('user',0,837,837,'en',12,139),
('user',0,837,837,'en',13,152),
('user',0,837,837,'en',14,140),
('user',0,837,837,'en',15,199),
('user',0,837,837,'en',16,44),
('user',0,837,837,'en',17,143),
('user',0,837,837,'en',18,144),
('user',0,837,837,'en',19,145),
('user',0,837,837,'en',20,146),
('user',0,837,837,'en',21,42),
('user',0,837,837,'en',22,148),
('user',0,837,837,'en',23,149),
('user',0,837,837,'en',24,153),
('user',0,837,837,'en',25,150),
('user',0,838,838,'en',0,131),
('user',0,838,838,'en',1,132),
('user',0,838,838,'en',2,133),
('user',0,838,838,'en',3,151),
('user',0,838,838,'en',4,135),
('user',0,838,838,'en',5,134),
('user',0,838,838,'en',6,136),
('user',0,838,838,'en',7,137),
('user',0,838,838,'en',8,138),
('user',0,838,838,'en',9,152),
('user',0,838,838,'en',10,140),
('user',0,838,838,'en',11,199),
('user',0,838,838,'en',12,44),
('user',0,838,838,'en',13,143),
('user',0,838,838,'en',14,146),
('user',0,838,838,'en',15,147),
('user',0,838,838,'en',16,42),
('user',0,838,838,'en',17,148),
('user',0,838,838,'en',18,149),
('user',0,838,838,'en',19,153),
('user',0,838,838,'en',20,150),
('user',0,839,839,'en',0,130),
('user',0,839,839,'en',1,188),
('user',0,839,839,'en',2,131),
('user',0,839,839,'en',3,43),
('user',0,839,839,'en',4,132),
('user',0,839,839,'en',5,133),
('user',0,839,839,'en',6,151),
('user',0,839,839,'en',7,135),
('user',0,839,839,'en',8,134),
('user',0,839,839,'en',9,156),
('user',0,839,839,'en',10,136),
('user',0,839,839,'en',11,154),
('user',0,839,839,'en',12,137),
('user',0,839,839,'en',13,138),
('user',0,839,839,'en',14,139),
('user',0,839,839,'en',15,152),
('user',0,839,839,'en',16,140),
('user',0,839,839,'en',17,199),
('user',0,839,839,'en',18,141),
('user',0,839,839,'en',19,44),
('user',0,839,839,'en',20,142),
('user',0,839,839,'en',21,143),
('user',0,839,839,'en',22,169),
('user',0,839,839,'en',23,144),
('user',0,839,839,'en',24,145),
('user',0,839,839,'en',25,146),
('user',0,839,839,'en',26,42),
('user',0,839,839,'en',27,148),
('user',0,839,839,'en',28,149),
('user',0,839,839,'en',29,153),
('user',0,839,839,'en',30,150),
('user',0,840,840,'en',0,130),
('user',0,840,840,'en',1,131),
('user',0,840,840,'en',2,43),
('user',0,840,840,'en',3,132),
('user',0,840,840,'en',4,133),
('user',0,840,840,'en',5,151),
('user',0,840,840,'en',6,135),
('user',0,840,840,'en',7,134),
('user',0,840,840,'en',8,156),
('user',0,840,840,'en',9,154),
('user',0,840,840,'en',10,137),
('user',0,840,840,'en',11,138),
('user',0,840,840,'en',12,152),
('user',0,840,840,'en',13,140),
('user',0,840,840,'en',14,44),
('user',0,840,840,'en',15,142),
('user',0,840,840,'en',16,143),
('user',0,840,840,'en',17,169),
('user',0,840,840,'en',18,144),
('user',0,840,840,'en',19,146),
('user',0,840,840,'en',20,42),
('user',0,840,840,'en',21,148),
('user',0,840,840,'en',22,149),
('user',0,840,840,'en',23,153),
('user',0,840,840,'en',24,150),
('user',0,841,841,'en',0,130),
('user',0,841,841,'en',1,131),
('user',0,841,841,'en',2,43),
('user',0,841,841,'en',3,132),
('user',0,841,841,'en',4,133),
('user',0,841,841,'en',5,135),
('user',0,841,841,'en',6,134),
('user',0,841,841,'en',7,136),
('user',0,841,841,'en',8,154),
('user',0,841,841,'en',9,137),
('user',0,841,841,'en',10,138),
('user',0,841,841,'en',11,152),
('user',0,841,841,'en',12,140),
('user',0,841,841,'en',13,199),
('user',0,841,841,'en',14,44),
('user',0,841,841,'en',15,169),
('user',0,841,841,'en',16,144),
('user',0,841,841,'en',17,145),
('user',0,841,841,'en',18,146),
('user',0,841,841,'en',19,42),
('user',0,841,841,'en',20,148),
('user',0,841,841,'en',21,153),
('user',0,843,843,'en',0,130),
('user',0,843,843,'en',1,43),
('user',0,843,843,'en',2,132),
('user',0,843,843,'en',3,133),
('user',0,843,843,'en',4,151),
('user',0,843,843,'en',5,136),
('user',0,843,843,'en',6,138),
('user',0,843,843,'en',7,152),
('user',0,843,843,'en',8,140),
('user',0,843,843,'en',9,143),
('user',0,843,843,'en',10,144),
('user',0,843,843,'en',11,145),
('user',0,843,843,'en',12,146),
('user',0,843,843,'en',13,42),
('user',0,843,843,'en',14,148),
('user',0,843,843,'en',15,149),
('user',0,843,843,'en',16,150),
('user',0,850,850,'en',0,130),
('user',0,850,850,'en',1,131),
('user',0,850,850,'en',2,43),
('user',0,850,850,'en',3,132),
('user',0,850,850,'en',4,133),
('user',0,850,850,'en',5,151),
('user',0,850,850,'en',6,135),
('user',0,850,850,'en',7,134),
('user',0,850,850,'en',8,136),
('user',0,850,850,'en',9,154),
('user',0,850,850,'en',10,137),
('user',0,850,850,'en',11,138),
('user',0,850,850,'en',12,139),
('user',0,850,850,'en',13,152),
('user',0,850,850,'en',14,140),
('user',0,850,850,'en',15,199),
('user',0,850,850,'en',16,44),
('user',0,850,850,'en',17,142),
('user',0,850,850,'en',18,143),
('user',0,850,850,'en',19,169),
('user',0,850,850,'en',20,144),
('user',0,850,850,'en',21,145),
('user',0,850,850,'en',22,146),
('user',0,850,850,'en',23,147),
('user',0,850,850,'en',24,42),
('user',0,850,850,'en',25,148),
('user',0,850,850,'en',26,149),
('user',0,850,850,'en',27,153),
('user',0,850,850,'en',28,150),
('user',0,851,851,'en',0,130),
('user',0,851,851,'en',1,188),
('user',0,851,851,'en',2,131),
('user',0,851,851,'en',3,43),
('user',0,851,851,'en',4,132),
('user',0,851,851,'en',5,133),
('user',0,851,851,'en',6,151),
('user',0,851,851,'en',7,135),
('user',0,851,851,'en',8,134),
('user',0,851,851,'en',9,154),
('user',0,851,851,'en',10,137),
('user',0,851,851,'en',11,139),
('user',0,851,851,'en',12,152),
('user',0,851,851,'en',13,140),
('user',0,851,851,'en',14,199),
('user',0,851,851,'en',15,141),
('user',0,851,851,'en',16,44),
('user',0,851,851,'en',17,143),
('user',0,851,851,'en',18,169),
('user',0,851,851,'en',19,144),
('user',0,851,851,'en',20,145),
('user',0,851,851,'en',21,146),
('user',0,851,851,'en',22,147),
('user',0,851,851,'en',23,42),
('user',0,851,851,'en',24,148),
('user',0,851,851,'en',25,149),
('user',0,851,851,'en',26,153),
('user',0,851,851,'en',27,150),
('user',0,853,853,'en',0,130),
('user',0,853,853,'en',1,188),
('user',0,853,853,'en',2,131),
('user',0,853,853,'en',3,43),
('user',0,853,853,'en',4,132),
('user',0,853,853,'en',5,133),
('user',0,853,853,'en',6,135),
('user',0,853,853,'en',7,134),
('user',0,853,853,'en',8,156),
('user',0,853,853,'en',9,154),
('user',0,853,853,'en',10,137),
('user',0,853,853,'en',11,138),
('user',0,853,853,'en',12,139),
('user',0,853,853,'en',13,152),
('user',0,853,853,'en',14,140),
('user',0,853,853,'en',15,199),
('user',0,853,853,'en',16,141),
('user',0,853,853,'en',17,44),
('user',0,853,853,'en',18,143),
('user',0,853,853,'en',19,169),
('user',0,853,853,'en',20,144),
('user',0,853,853,'en',21,145),
('user',0,853,853,'en',22,146),
('user',0,853,853,'en',23,147),
('user',0,853,853,'en',24,42),
('user',0,853,853,'en',25,148),
('user',0,853,853,'en',26,149),
('user',0,853,853,'en',27,205),
('user',0,853,853,'en',28,150),
('user',0,856,856,'en',0,188),
('user',0,856,856,'en',1,131),
('user',0,856,856,'en',2,132),
('user',0,856,856,'en',3,151),
('user',0,856,856,'en',4,134),
('user',0,856,856,'en',5,136),
('user',0,856,856,'en',6,138),
('user',0,856,856,'en',7,152),
('user',0,856,856,'en',8,140),
('user',0,856,856,'en',9,44),
('user',0,856,856,'en',10,143),
('user',0,856,856,'en',11,144),
('user',0,856,856,'en',12,148),
('user',0,856,856,'en',13,149),
('user',0,856,856,'en',14,153),
('user',0,856,856,'en',15,150),
('user',0,859,859,'en',0,130),
('user',0,859,859,'en',1,133),
('user',0,859,859,'en',2,134),
('user',0,859,859,'en',3,136),
('user',0,859,859,'en',4,154),
('user',0,859,859,'en',5,140),
('user',0,859,859,'en',6,199),
('user',0,859,859,'en',7,169),
('user',0,859,859,'en',8,145),
('user',0,859,859,'en',9,42),
('user',0,859,859,'en',10,148),
('user',0,859,859,'en',11,149),
('user',0,859,859,'en',12,150),
('user',0,860,860,'en',0,130),
('user',0,860,860,'en',1,188),
('user',0,860,860,'en',2,131),
('user',0,860,860,'en',3,43),
('user',0,860,860,'en',4,132),
('user',0,860,860,'en',5,133),
('user',0,860,860,'en',6,151),
('user',0,860,860,'en',7,135),
('user',0,860,860,'en',8,134),
('user',0,860,860,'en',9,156),
('user',0,860,860,'en',10,154),
('user',0,860,860,'en',11,137),
('user',0,860,860,'en',12,138),
('user',0,860,860,'en',13,139),
('user',0,860,860,'en',14,152),
('user',0,860,860,'en',15,140),
('user',0,860,860,'en',16,199),
('user',0,860,860,'en',17,141),
('user',0,860,860,'en',18,44),
('user',0,860,860,'en',19,142),
('user',0,860,860,'en',20,143),
('user',0,860,860,'en',21,169),
('user',0,860,860,'en',22,144),
('user',0,860,860,'en',23,145),
('user',0,860,860,'en',24,146),
('user',0,860,860,'en',25,42),
('user',0,860,860,'en',26,149),
('user',0,860,860,'en',27,153),
('user',0,860,860,'en',28,150),
('user',0,863,863,'en',0,188),
('user',0,863,863,'en',1,131),
('user',0,863,863,'en',2,43),
('user',0,863,863,'en',3,132),
('user',0,863,863,'en',4,151),
('user',0,863,863,'en',5,135),
('user',0,863,863,'en',6,134),
('user',0,863,863,'en',7,156),
('user',0,863,863,'en',8,136),
('user',0,863,863,'en',9,137),
('user',0,863,863,'en',10,152),
('user',0,863,863,'en',11,44),
('user',0,863,863,'en',12,145),
('user',0,863,863,'en',13,146),
('user',0,863,863,'en',14,149),
('user',0,863,863,'en',15,153),
('user',0,865,865,'en',0,131),
('user',0,865,865,'en',1,43),
('user',0,865,865,'en',2,132),
('user',0,865,865,'en',3,133),
('user',0,865,865,'en',4,136),
('user',0,865,865,'en',5,154),
('user',0,865,865,'en',6,137),
('user',0,865,865,'en',7,152),
('user',0,865,865,'en',8,44),
('user',0,865,865,'en',9,142),
('user',0,865,865,'en',10,143),
('user',0,865,865,'en',11,169),
('user',0,865,865,'en',12,144),
('user',0,865,865,'en',13,145),
('user',0,865,865,'en',14,146),
('user',0,865,865,'en',15,150),
('user',0,868,868,'en',0,130),
('user',0,868,868,'en',1,131),
('user',0,868,868,'en',2,43),
('user',0,868,868,'en',3,132),
('user',0,868,868,'en',4,133),
('user',0,868,868,'en',5,135),
('user',0,868,868,'en',6,134),
('user',0,868,868,'en',7,154),
('user',0,868,868,'en',8,137),
('user',0,868,868,'en',9,140),
('user',0,868,868,'en',10,44),
('user',0,868,868,'en',11,142),
('user',0,868,868,'en',12,143),
('user',0,868,868,'en',13,169),
('user',0,868,868,'en',14,144),
('user',0,868,868,'en',15,145),
('user',0,868,868,'en',16,146),
('user',0,868,868,'en',17,42),
('user',0,868,868,'en',18,148),
('user',0,868,868,'en',19,149),
('user',0,868,868,'en',20,153),
('user',0,868,868,'en',21,150),
('user',0,871,871,'en',0,131),
('user',0,871,871,'en',1,43),
('user',0,871,871,'en',2,132),
('user',0,871,871,'en',3,133),
('user',0,871,871,'en',4,135),
('user',0,871,871,'en',5,134),
('user',0,871,871,'en',6,156),
('user',0,871,871,'en',7,137),
('user',0,871,871,'en',8,138),
('user',0,871,871,'en',9,152),
('user',0,871,871,'en',10,44),
('user',0,871,871,'en',11,143),
('user',0,871,871,'en',12,144),
('user',0,872,872,'en',0,188),
('user',0,872,872,'en',1,132),
('user',0,872,872,'en',2,133),
('user',0,872,872,'en',3,151),
('user',0,872,872,'en',4,135),
('user',0,872,872,'en',5,134),
('user',0,872,872,'en',6,136),
('user',0,872,872,'en',7,138),
('user',0,872,872,'en',8,139),
('user',0,872,872,'en',9,152),
('user',0,872,872,'en',10,44),
('user',0,872,872,'en',11,146),
('user',0,875,875,'en',0,131),
('user',0,875,875,'en',1,43),
('user',0,875,875,'en',2,133),
('user',0,875,875,'en',3,136),
('user',0,875,875,'en',4,154),
('user',0,875,875,'en',5,138),
('user',0,875,875,'en',6,152),
('user',0,875,875,'en',7,199),
('user',0,875,875,'en',8,143),
('user',0,875,875,'en',9,144),
('user',0,875,875,'en',10,145),
('user',0,876,876,'en',0,130),
('user',0,876,876,'en',1,188),
('user',0,876,876,'en',2,131),
('user',0,876,876,'en',3,43),
('user',0,876,876,'en',4,132),
('user',0,876,876,'en',5,133),
('user',0,876,876,'en',6,151),
('user',0,876,876,'en',7,135),
('user',0,876,876,'en',8,134),
('user',0,876,876,'en',9,156),
('user',0,876,876,'en',10,136),
('user',0,876,876,'en',11,154),
('user',0,876,876,'en',12,137),
('user',0,876,876,'en',13,138),
('user',0,876,876,'en',14,139),
('user',0,876,876,'en',15,152),
('user',0,876,876,'en',16,140),
('user',0,876,876,'en',17,199),
('user',0,876,876,'en',18,141),
('user',0,876,876,'en',19,44),
('user',0,876,876,'en',20,142),
('user',0,876,876,'en',21,143),
('user',0,876,876,'en',22,169),
('user',0,876,876,'en',23,144),
('user',0,876,876,'en',24,145),
('user',0,876,876,'en',25,146),
('user',0,876,876,'en',26,147),
('user',0,876,876,'en',27,42),
('user',0,876,876,'en',28,148),
('user',0,876,876,'en',29,149),
('user',0,876,876,'en',30,153),
('user',0,876,876,'en',31,150),
('user',0,882,882,'en',0,130),
('user',0,882,882,'en',1,131),
('user',0,882,882,'en',2,43),
('user',0,882,882,'en',3,132),
('user',0,882,882,'en',4,133),
('user',0,882,882,'en',5,135),
('user',0,882,882,'en',6,134),
('user',0,882,882,'en',7,136),
('user',0,882,882,'en',8,154),
('user',0,882,882,'en',9,140),
('user',0,882,882,'en',10,44),
('user',0,882,882,'en',11,146),
('user',0,882,882,'en',12,147),
('user',0,883,883,'en',0,134),
('user',0,883,883,'en',1,154),
('user',0,883,883,'en',2,138),
('user',0,883,883,'en',3,152),
('user',0,883,883,'en',4,141),
('user',0,883,883,'en',5,169),
('user',0,883,883,'en',6,145),
('user',0,884,884,'en',0,130),
('user',0,884,884,'en',1,131),
('user',0,884,884,'en',2,43),
('user',0,884,884,'en',3,132),
('user',0,884,884,'en',4,133),
('user',0,884,884,'en',5,151),
('user',0,884,884,'en',6,135),
('user',0,884,884,'en',7,134),
('user',0,884,884,'en',8,136),
('user',0,884,884,'en',9,154),
('user',0,884,884,'en',10,137),
('user',0,884,884,'en',11,138),
('user',0,884,884,'en',12,139),
('user',0,884,884,'en',13,152),
('user',0,884,884,'en',14,140),
('user',0,884,884,'en',15,199),
('user',0,884,884,'en',16,141),
('user',0,884,884,'en',17,44),
('user',0,884,884,'en',18,143),
('user',0,884,884,'en',19,169),
('user',0,884,884,'en',20,144),
('user',0,884,884,'en',21,145),
('user',0,884,884,'en',22,146),
('user',0,884,884,'en',23,42),
('user',0,884,884,'en',24,148),
('user',0,884,884,'en',25,149),
('user',0,884,884,'en',26,153),
('user',0,884,884,'en',27,150),
('user',0,885,885,'en',0,131),
('user',0,885,885,'en',1,43),
('user',0,885,885,'en',2,133),
('user',0,885,885,'en',3,134),
('user',0,885,885,'en',4,136),
('user',0,885,885,'en',5,137),
('user',0,885,885,'en',6,138),
('user',0,885,885,'en',7,152),
('user',0,885,885,'en',8,140),
('user',0,885,885,'en',9,44),
('user',0,885,885,'en',10,144),
('user',0,885,885,'en',11,146),
('user',0,887,887,'en',0,130),
('user',0,887,887,'en',1,188),
('user',0,887,887,'en',2,131),
('user',0,887,887,'en',3,43),
('user',0,887,887,'en',4,132),
('user',0,887,887,'en',5,133),
('user',0,887,887,'en',6,151),
('user',0,887,887,'en',7,135),
('user',0,887,887,'en',8,134),
('user',0,887,887,'en',9,136),
('user',0,887,887,'en',10,154),
('user',0,887,887,'en',11,137),
('user',0,887,887,'en',12,138),
('user',0,887,887,'en',13,139),
('user',0,887,887,'en',14,152),
('user',0,887,887,'en',15,140),
('user',0,887,887,'en',16,199),
('user',0,887,887,'en',17,141),
('user',0,887,887,'en',18,44),
('user',0,887,887,'en',19,143),
('user',0,887,887,'en',20,144),
('user',0,887,887,'en',21,145),
('user',0,887,887,'en',22,146),
('user',0,887,887,'en',23,42),
('user',0,887,887,'en',24,148),
('user',0,887,887,'en',25,149),
('user',0,887,887,'en',26,153),
('user',0,887,887,'en',27,150),
('user',0,890,890,'en',0,130),
('user',0,890,890,'en',1,131),
('user',0,890,890,'en',2,43),
('user',0,890,890,'en',3,132),
('user',0,890,890,'en',4,133),
('user',0,890,890,'en',5,134),
('user',0,890,890,'en',6,136),
('user',0,890,890,'en',7,137),
('user',0,890,890,'en',8,138),
('user',0,890,890,'en',9,44),
('user',0,890,890,'en',10,143),
('user',0,890,890,'en',11,169),
('user',0,892,892,'en',0,130),
('user',0,892,892,'en',1,188),
('user',0,892,892,'en',2,131),
('user',0,892,892,'en',3,43),
('user',0,892,892,'en',4,132),
('user',0,892,892,'en',5,133),
('user',0,892,892,'en',6,151),
('user',0,892,892,'en',7,135),
('user',0,892,892,'en',8,134),
('user',0,892,892,'en',9,156),
('user',0,892,892,'en',10,136),
('user',0,892,892,'en',11,154),
('user',0,892,892,'en',12,137),
('user',0,892,892,'en',13,138),
('user',0,892,892,'en',14,139),
('user',0,892,892,'en',15,152),
('user',0,892,892,'en',16,140),
('user',0,892,892,'en',17,199),
('user',0,892,892,'en',18,141),
('user',0,892,892,'en',19,44),
('user',0,892,892,'en',20,142),
('user',0,892,892,'en',21,143),
('user',0,892,892,'en',22,169),
('user',0,892,892,'en',23,144),
('user',0,892,892,'en',24,145),
('user',0,892,892,'en',25,146),
('user',0,892,892,'en',26,147),
('user',0,892,892,'en',27,42),
('user',0,892,892,'en',28,148),
('user',0,892,892,'en',29,149),
('user',0,892,892,'en',30,153),
('user',0,892,892,'en',31,150),
('user',0,893,893,'en',0,130),
('user',0,893,893,'en',1,188),
('user',0,893,893,'en',2,134),
('user',0,893,893,'en',3,156),
('user',0,893,893,'en',4,140),
('user',0,893,893,'en',5,44),
('user',0,893,893,'en',6,145),
('user',0,893,893,'en',7,147),
('user',0,897,897,'en',0,132),
('user',0,897,897,'en',1,133),
('user',0,897,897,'en',2,134),
('user',0,897,897,'en',3,136),
('user',0,897,897,'en',4,137),
('user',0,897,897,'en',5,138),
('user',0,897,897,'en',6,139),
('user',0,897,897,'en',7,152),
('user',0,897,897,'en',8,44),
('user',0,897,897,'en',9,146),
('user',0,897,897,'en',10,42),
('user',0,897,897,'en',11,150),
('user',0,904,904,'en',0,130),
('user',0,904,904,'en',1,131),
('user',0,904,904,'en',2,132),
('user',0,904,904,'en',3,135),
('user',0,904,904,'en',4,154),
('user',0,913,913,'en',0,132),
('user',0,913,913,'en',1,135),
('user',0,913,913,'en',2,136),
('user',0,913,913,'en',3,141),
('user',0,913,913,'en',4,44),
('user',0,913,913,'en',5,143),
('user',0,913,913,'en',6,145),
('user',0,913,913,'en',7,146),
('user',0,913,913,'en',8,153),
('user',0,914,914,'en',0,130),
('user',0,914,914,'en',1,131),
('user',0,914,914,'en',2,43),
('user',0,914,914,'en',3,132),
('user',0,914,914,'en',4,133),
('user',0,914,914,'en',5,135),
('user',0,914,914,'en',6,156),
('user',0,914,914,'en',7,154),
('user',0,914,914,'en',8,137),
('user',0,914,914,'en',9,44),
('user',0,914,914,'en',10,142),
('user',0,917,917,'en',0,130),
('user',0,917,917,'en',1,188),
('user',0,917,917,'en',2,131),
('user',0,917,917,'en',3,43),
('user',0,917,917,'en',4,132),
('user',0,917,917,'en',5,133),
('user',0,917,917,'en',6,135),
('user',0,917,917,'en',7,134),
('user',0,917,917,'en',8,154),
('user',0,917,917,'en',9,138),
('user',0,917,917,'en',10,139),
('user',0,917,917,'en',11,152),
('user',0,917,917,'en',12,140),
('user',0,917,917,'en',13,199),
('user',0,917,917,'en',14,141),
('user',0,917,917,'en',15,44),
('user',0,917,917,'en',16,143),
('user',0,917,917,'en',17,169),
('user',0,917,917,'en',18,144),
('user',0,917,917,'en',19,145),
('user',0,917,917,'en',20,146),
('user',0,917,917,'en',21,147),
('user',0,917,917,'en',22,42),
('user',0,917,917,'en',23,148),
('user',0,917,917,'en',24,149),
('user',0,917,917,'en',25,153),
('user',0,917,917,'en',26,150),
('user',0,920,920,'en',0,130),
('user',0,920,920,'en',1,131),
('user',0,920,920,'en',2,132),
('user',0,920,920,'en',3,135),
('user',0,920,920,'en',4,134),
('user',0,920,920,'en',5,156),
('user',0,920,920,'en',6,154),
('user',0,920,920,'en',7,138),
('user',0,920,920,'en',8,139),
('user',0,920,920,'en',9,152),
('user',0,920,920,'en',10,140),
('user',0,920,920,'en',11,199),
('user',0,920,920,'en',12,44),
('user',0,920,920,'en',13,143),
('user',0,920,920,'en',14,169),
('user',0,920,920,'en',15,144),
('user',0,920,920,'en',16,148),
('user',0,920,920,'en',17,149),
('user',0,920,920,'en',18,153),
('user',0,920,920,'en',19,150),
('user',0,922,922,'en',0,131),
('user',0,922,922,'en',1,43),
('user',0,922,922,'en',2,132),
('user',0,922,922,'en',3,133),
('user',0,922,922,'en',4,135),
('user',0,922,922,'en',5,134),
('user',0,922,922,'en',6,156),
('user',0,922,922,'en',7,136),
('user',0,922,922,'en',8,137),
('user',0,922,922,'en',9,138),
('user',0,922,922,'en',10,152),
('user',0,922,922,'en',11,140),
('user',0,922,922,'en',12,44),
('user',0,922,922,'en',13,142),
('user',0,922,922,'en',14,143),
('user',0,922,922,'en',15,144),
('user',0,922,922,'en',16,146),
('user',0,922,922,'en',17,147),
('user',0,922,922,'en',18,153),
('user',0,922,922,'en',19,150),
('user',0,925,925,'en',0,130),
('user',0,925,925,'en',1,131),
('user',0,925,925,'en',2,132),
('user',0,925,925,'en',3,133),
('user',0,925,925,'en',4,151),
('user',0,925,925,'en',5,135),
('user',0,925,925,'en',6,134),
('user',0,925,925,'en',7,136),
('user',0,925,925,'en',8,154),
('user',0,925,925,'en',9,137),
('user',0,925,925,'en',10,138),
('user',0,925,925,'en',11,139),
('user',0,925,925,'en',12,152),
('user',0,925,925,'en',13,169),
('user',0,925,925,'en',14,145),
('user',0,925,925,'en',15,146),
('user',0,925,925,'en',16,147),
('user',0,925,925,'en',17,42),
('user',0,925,925,'en',18,148),
('user',0,925,925,'en',19,153),
('user',0,926,926,'en',0,188),
('user',0,926,926,'en',1,133),
('user',0,926,926,'en',2,154),
('user',0,926,926,'en',3,137),
('user',0,926,926,'en',4,138),
('user',0,926,926,'en',5,44),
('user',0,926,926,'en',6,169),
('user',0,926,926,'en',7,146),
('user',0,926,926,'en',8,148),
('user',0,928,928,'en',0,188),
('user',0,928,928,'en',1,131),
('user',0,928,928,'en',2,156),
('user',0,928,928,'en',3,143),
('user',0,928,928,'en',4,144),
('user',0,928,928,'en',5,147),
('user',0,929,929,'en',0,130),
('user',0,929,929,'en',1,131),
('user',0,929,929,'en',2,132),
('user',0,929,929,'en',3,133),
('user',0,929,929,'en',4,151),
('user',0,929,929,'en',5,135),
('user',0,929,929,'en',6,134),
('user',0,929,929,'en',7,136),
('user',0,929,929,'en',8,154),
('user',0,929,929,'en',9,137),
('user',0,929,929,'en',10,152),
('user',0,929,929,'en',11,140),
('user',0,929,929,'en',12,199),
('user',0,929,929,'en',13,141),
('user',0,929,929,'en',14,44),
('user',0,929,929,'en',15,143),
('user',0,929,929,'en',16,144),
('user',0,929,929,'en',17,145),
('user',0,929,929,'en',18,146),
('user',0,929,929,'en',19,42),
('user',0,929,929,'en',20,148),
('user',0,929,929,'en',21,153),
('user',0,930,930,'en',0,130),
('user',0,930,930,'en',1,188),
('user',0,930,930,'en',2,43),
('user',0,930,930,'en',3,132),
('user',0,930,930,'en',4,133),
('user',0,930,930,'en',5,135),
('user',0,930,930,'en',6,134),
('user',0,930,930,'en',7,136),
('user',0,930,930,'en',8,154),
('user',0,930,930,'en',9,137),
('user',0,930,930,'en',10,140),
('user',0,930,930,'en',11,44),
('user',0,930,930,'en',12,143),
('user',0,930,930,'en',13,144),
('user',0,930,930,'en',14,146),
('user',0,930,930,'en',15,147),
('user',0,930,930,'en',16,42),
('user',0,930,930,'en',17,153),
('user',0,930,930,'en',18,150),
('user',0,931,931,'en',0,130),
('user',0,931,931,'en',1,131),
('user',0,931,931,'en',2,151),
('user',0,931,931,'en',3,135),
('user',0,931,931,'en',4,154),
('user',0,931,931,'en',5,139),
('user',0,931,931,'en',6,152),
('user',0,931,931,'en',7,140),
('user',0,931,931,'en',8,145),
('user',0,931,931,'en',9,42),
('user',0,931,931,'en',10,148),
('user',0,936,936,'en',0,188),
('user',0,936,936,'en',1,156),
('user',0,936,936,'en',2,147),
('user',0,936,936,'en',3,149),
('user',0,946,946,'en',0,130),
('user',0,946,946,'en',1,131),
('user',0,946,946,'en',2,133),
('user',0,946,946,'en',3,135),
('user',0,946,946,'en',4,134),
('user',0,946,946,'en',5,154),
('user',0,946,946,'en',6,137),
('user',0,946,946,'en',7,139),
('user',0,946,946,'en',8,140),
('user',0,946,946,'en',9,199),
('user',0,946,946,'en',10,169),
('user',0,946,946,'en',11,145),
('user',0,946,946,'en',12,42),
('user',0,946,946,'en',13,148),
('user',0,946,946,'en',14,149),
('user',0,946,946,'en',15,153),
('user',0,946,946,'en',16,150),
('user',0,955,955,'en',0,130),
('user',0,955,955,'en',1,131),
('user',0,955,955,'en',2,43),
('user',0,955,955,'en',3,132),
('user',0,955,955,'en',4,133),
('user',0,955,955,'en',5,135),
('user',0,955,955,'en',6,134),
('user',0,955,955,'en',7,154),
('user',0,955,955,'en',8,137),
('user',0,955,955,'en',9,138),
('user',0,955,955,'en',10,139),
('user',0,955,955,'en',11,140),
('user',0,955,955,'en',12,44),
('user',0,955,955,'en',13,143),
('user',0,955,955,'en',14,169),
('user',0,955,955,'en',15,144),
('user',0,955,955,'en',16,150),
('user',0,957,957,'en',0,130),
('user',0,957,957,'en',1,133),
('user',0,957,957,'en',2,134),
('user',0,957,957,'en',3,139),
('user',0,957,957,'en',4,152),
('user',0,957,957,'en',5,169),
('user',0,957,957,'en',6,144),
('user',0,957,957,'en',7,147),
('user',0,957,957,'en',8,42),
('user',0,957,957,'en',9,148),
('user',0,957,957,'en',10,150),
('user',0,959,959,'en',0,131),
('user',0,959,959,'en',1,43),
('user',0,959,959,'en',2,133),
('user',0,959,959,'en',3,135),
('user',0,959,959,'en',4,134),
('user',0,959,959,'en',5,136),
('user',0,959,959,'en',6,154),
('user',0,959,959,'en',7,139),
('user',0,959,959,'en',8,140),
('user',0,959,959,'en',9,199),
('user',0,959,959,'en',10,44),
('user',0,959,959,'en',11,144),
('user',0,959,959,'en',12,145),
('user',0,959,959,'en',13,146),
('user',0,959,959,'en',14,147),
('user',0,959,959,'en',15,42),
('user',0,959,959,'en',16,148),
('user',0,959,959,'en',17,149),
('user',0,960,960,'en',0,131),
('user',0,960,960,'en',1,43),
('user',0,960,960,'en',2,135),
('user',0,960,960,'en',3,134),
('user',0,960,960,'en',4,136),
('user',0,960,960,'en',5,139),
('user',0,960,960,'en',6,199),
('user',0,960,960,'en',7,44),
('user',0,960,960,'en',8,145),
('user',0,960,960,'en',9,147),
('user',0,960,960,'en',10,42),
('user',0,960,960,'en',11,148),
('user',0,960,960,'en',12,149),
('user',0,961,961,'en',0,131),
('user',0,961,961,'en',1,43),
('user',0,961,961,'en',2,132),
('user',0,961,961,'en',3,133),
('user',0,961,961,'en',4,135),
('user',0,961,961,'en',5,134),
('user',0,961,961,'en',6,154),
('user',0,961,961,'en',7,137),
('user',0,961,961,'en',8,138),
('user',0,961,961,'en',9,140),
('user',0,961,961,'en',10,169),
('user',0,962,962,'en',0,188),
('user',0,962,962,'en',1,131),
('user',0,962,962,'en',2,43),
('user',0,962,962,'en',3,132),
('user',0,964,964,'en',0,131),
('user',0,964,964,'en',1,43),
('user',0,964,964,'en',2,132),
('user',0,964,964,'en',3,133),
('user',0,964,964,'en',4,135),
('user',0,964,964,'en',5,136),
('user',0,964,964,'en',6,137),
('user',0,964,964,'en',7,138),
('user',0,964,964,'en',8,152),
('user',0,964,964,'en',9,140),
('user',0,964,964,'en',10,44),
('user',0,964,964,'en',11,143),
('user',0,964,964,'en',12,144),
('user',0,964,964,'en',13,146),
('user',0,964,964,'en',14,148),
('user',0,966,966,'en',0,188),
('user',0,966,966,'en',1,131),
('user',0,966,966,'en',2,43),
('user',0,966,966,'en',3,132),
('user',0,966,966,'en',4,133),
('user',0,966,966,'en',5,135),
('user',0,966,966,'en',6,134),
('user',0,966,966,'en',7,136),
('user',0,966,966,'en',8,138),
('user',0,966,966,'en',9,139),
('user',0,966,966,'en',10,44),
('user',0,966,966,'en',11,142),
('user',0,966,966,'en',12,143),
('user',0,966,966,'en',13,144),
('user',0,966,966,'en',14,145),
('user',0,966,966,'en',15,146),
('user',0,966,966,'en',16,147),
('user',0,966,966,'en',17,205),
('user',0,966,966,'en',18,153),
('user',0,966,966,'en',19,150),
('user',0,967,967,'en',0,130),
('user',0,967,967,'en',1,131),
('user',0,967,967,'en',2,132),
('user',0,967,967,'en',3,133),
('user',0,967,967,'en',4,151),
('user',0,967,967,'en',5,135),
('user',0,967,967,'en',6,134),
('user',0,967,967,'en',7,136),
('user',0,967,967,'en',8,154),
('user',0,967,967,'en',9,137),
('user',0,967,967,'en',10,139),
('user',0,967,967,'en',11,152),
('user',0,967,967,'en',12,140),
('user',0,967,967,'en',13,199),
('user',0,967,967,'en',14,141),
('user',0,967,967,'en',15,44),
('user',0,967,967,'en',16,142),
('user',0,967,967,'en',17,169),
('user',0,967,967,'en',18,145),
('user',0,967,967,'en',19,42),
('user',0,967,967,'en',20,148),
('user',0,967,967,'en',21,149),
('user',0,969,969,'en',0,130),
('user',0,969,969,'en',1,131),
('user',0,969,969,'en',2,134),
('user',0,969,969,'en',3,154),
('user',0,969,969,'en',4,137),
('user',0,969,969,'en',5,138),
('user',0,969,969,'en',6,152),
('user',0,969,969,'en',7,140),
('user',0,969,969,'en',8,199),
('user',0,969,969,'en',9,44),
('user',0,969,969,'en',10,142),
('user',0,969,969,'en',11,169),
('user',0,969,969,'en',12,145),
('user',0,969,969,'en',13,146),
('user',0,969,969,'en',14,42),
('user',0,969,969,'en',15,148),
('user',0,969,969,'en',16,149),
('user',0,987,987,'en',0,131),
('user',0,987,987,'en',1,133),
('user',0,987,987,'en',2,135),
('user',0,987,987,'en',3,134),
('user',0,987,987,'en',4,137),
('user',0,987,987,'en',5,140),
('user',0,987,987,'en',6,44),
('user',0,992,992,'en',0,130),
('user',0,992,992,'en',1,188),
('user',0,992,992,'en',2,131),
('user',0,992,992,'en',3,43),
('user',0,992,992,'en',4,132),
('user',0,992,992,'en',5,133),
('user',0,992,992,'en',6,151),
('user',0,992,992,'en',7,135),
('user',0,992,992,'en',8,134),
('user',0,992,992,'en',9,156),
('user',0,992,992,'en',10,136),
('user',0,992,992,'en',11,154),
('user',0,992,992,'en',12,137),
('user',0,992,992,'en',13,138),
('user',0,992,992,'en',14,139),
('user',0,992,992,'en',15,152),
('user',0,992,992,'en',16,140),
('user',0,992,992,'en',17,199),
('user',0,992,992,'en',18,141),
('user',0,992,992,'en',19,44),
('user',0,992,992,'en',20,142),
('user',0,992,992,'en',21,143),
('user',0,992,992,'en',22,169),
('user',0,992,992,'en',23,144),
('user',0,992,992,'en',24,145),
('user',0,992,992,'en',25,146),
('user',0,992,992,'en',26,147),
('user',0,992,992,'en',27,42),
('user',0,992,992,'en',28,148),
('user',0,992,992,'en',29,149),
('user',0,992,992,'en',30,205),
('user',0,992,992,'en',31,153),
('user',0,992,992,'en',32,150),
('user',0,993,993,'en',0,43),
('user',0,993,993,'en',1,133),
('user',0,993,993,'en',2,142),
('user',0,993,993,'en',3,147),
('user',0,993,993,'en',4,42),
('user',0,997,997,'en',0,130),
('user',0,997,997,'en',1,131),
('user',0,997,997,'en',2,43),
('user',0,997,997,'en',3,132),
('user',0,997,997,'en',4,133),
('user',0,997,997,'en',5,151),
('user',0,997,997,'en',6,135),
('user',0,997,997,'en',7,134),
('user',0,997,997,'en',8,156),
('user',0,997,997,'en',9,136),
('user',0,997,997,'en',10,154),
('user',0,997,997,'en',11,137),
('user',0,997,997,'en',12,138),
('user',0,997,997,'en',13,139),
('user',0,997,997,'en',14,152),
('user',0,997,997,'en',15,140),
('user',0,997,997,'en',16,199),
('user',0,997,997,'en',17,141),
('user',0,997,997,'en',18,44),
('user',0,997,997,'en',19,142),
('user',0,997,997,'en',20,143),
('user',0,997,997,'en',21,169),
('user',0,997,997,'en',22,144),
('user',0,997,997,'en',23,145),
('user',0,997,997,'en',24,146),
('user',0,997,997,'en',25,147),
('user',0,997,997,'en',26,42),
('user',0,997,997,'en',27,148),
('user',0,997,997,'en',28,149),
('user',0,997,997,'en',29,205),
('user',0,997,997,'en',30,153),
('user',0,997,997,'en',31,150),
('user',0,1002,1002,'en',0,130),
('user',0,1002,1002,'en',1,131),
('user',0,1002,1002,'en',2,43),
('user',0,1002,1002,'en',3,132),
('user',0,1002,1002,'en',4,133),
('user',0,1002,1002,'en',5,134),
('user',0,1002,1002,'en',6,156),
('user',0,1002,1002,'en',7,136),
('user',0,1002,1002,'en',8,154),
('user',0,1002,1002,'en',9,137),
('user',0,1002,1002,'en',10,138),
('user',0,1002,1002,'en',11,139),
('user',0,1002,1002,'en',12,44),
('user',0,1002,1002,'en',13,142),
('user',0,1002,1002,'en',14,144),
('user',0,1002,1002,'en',15,145),
('user',0,1002,1002,'en',16,146),
('user',0,1002,1002,'en',17,147),
('user',0,1002,1002,'en',18,153),
('user',0,1003,1003,'en',0,131),
('user',0,1003,1003,'en',1,132),
('user',0,1003,1003,'en',2,156),
('user',0,1003,1003,'en',3,154),
('user',0,1003,1003,'en',4,137),
('user',0,1003,1003,'en',5,139),
('user',0,1003,1003,'en',6,152),
('user',0,1003,1003,'en',7,140),
('user',0,1003,1003,'en',8,144),
('user',0,1003,1003,'en',9,147),
('user',0,1003,1003,'en',10,148),
('user',0,1003,1003,'en',11,153),
('user',0,1005,1005,'en',0,130),
('user',0,1005,1005,'en',1,131),
('user',0,1005,1005,'en',2,132),
('user',0,1005,1005,'en',3,133),
('user',0,1005,1005,'en',4,134),
('user',0,1005,1005,'en',5,136),
('user',0,1005,1005,'en',6,154),
('user',0,1005,1005,'en',7,137),
('user',0,1005,1005,'en',8,138),
('user',0,1005,1005,'en',9,152),
('user',0,1005,1005,'en',10,140),
('user',0,1005,1005,'en',11,44),
('user',0,1005,1005,'en',12,169),
('user',0,1005,1005,'en',13,144),
('user',0,1005,1005,'en',14,145),
('user',0,1005,1005,'en',15,146),
('user',0,1005,1005,'en',16,148),
('user',0,1005,1005,'en',17,205),
('user',0,1005,1005,'en',18,150),
('user',0,1006,1006,'en',0,131),
('user',0,1006,1006,'en',1,43),
('user',0,1006,1006,'en',2,132),
('user',0,1006,1006,'en',3,133),
('user',0,1006,1006,'en',4,136),
('user',0,1006,1006,'en',5,154),
('user',0,1006,1006,'en',6,137),
('user',0,1006,1006,'en',7,138),
('user',0,1006,1006,'en',8,140),
('user',0,1006,1006,'en',9,142),
('user',0,1006,1006,'en',10,145),
('user',0,1006,1006,'en',11,148),
('user',0,1006,1006,'en',12,149),
('user',0,1006,1006,'en',13,205),
('user',0,1007,1007,'en',0,130),
('user',0,1007,1007,'en',1,131),
('user',0,1007,1007,'en',2,43),
('user',0,1007,1007,'en',3,132),
('user',0,1007,1007,'en',4,133),
('user',0,1007,1007,'en',5,151),
('user',0,1007,1007,'en',6,135),
('user',0,1007,1007,'en',7,134),
('user',0,1007,1007,'en',8,136),
('user',0,1007,1007,'en',9,154),
('user',0,1007,1007,'en',10,137),
('user',0,1007,1007,'en',11,152),
('user',0,1007,1007,'en',12,140),
('user',0,1007,1007,'en',13,199),
('user',0,1007,1007,'en',14,141),
('user',0,1007,1007,'en',15,44),
('user',0,1007,1007,'en',16,143),
('user',0,1007,1007,'en',17,169),
('user',0,1007,1007,'en',18,144),
('user',0,1007,1007,'en',19,145),
('user',0,1007,1007,'en',20,146),
('user',0,1007,1007,'en',21,147),
('user',0,1007,1007,'en',22,42),
('user',0,1007,1007,'en',23,148),
('user',0,1007,1007,'en',24,150),
('user',0,1009,1009,'en',0,131),
('user',0,1009,1009,'en',1,43),
('user',0,1009,1009,'en',2,132),
('user',0,1009,1009,'en',3,133),
('user',0,1009,1009,'en',4,135),
('user',0,1009,1009,'en',5,134),
('user',0,1009,1009,'en',6,136),
('user',0,1009,1009,'en',7,138),
('user',0,1009,1009,'en',8,139),
('user',0,1009,1009,'en',9,140),
('user',0,1009,1009,'en',10,44),
('user',0,1009,1009,'en',11,146),
('user',0,1009,1009,'en',12,149),
('user',0,1009,1009,'en',13,150),
('user',0,1012,1012,'en',0,130),
('user',0,1012,1012,'en',1,133),
('user',0,1012,1012,'en',2,151),
('user',0,1012,1012,'en',3,134),
('user',0,1012,1012,'en',4,136),
('user',0,1012,1012,'en',5,138),
('user',0,1012,1012,'en',6,152),
('user',0,1012,1012,'en',7,140),
('user',0,1012,1012,'en',8,199),
('user',0,1012,1012,'en',9,44),
('user',0,1012,1012,'en',10,169),
('user',0,1012,1012,'en',11,42),
('user',0,1012,1012,'en',12,148),
('user',0,1012,1012,'en',13,150),
('user',0,1013,1013,'en',0,130),
('user',0,1013,1013,'en',1,131),
('user',0,1013,1013,'en',2,132),
('user',0,1013,1013,'en',3,135),
('user',0,1013,1013,'en',4,154),
('user',0,1013,1013,'en',5,137),
('user',0,1013,1013,'en',6,138),
('user',0,1013,1013,'en',7,44),
('user',0,1013,1013,'en',8,143),
('user',0,1013,1013,'en',9,169),
('user',0,1013,1013,'en',10,150),
('user',0,1015,1015,'en',0,130),
('user',0,1015,1015,'en',1,151),
('user',0,1015,1015,'en',2,136),
('user',0,1015,1015,'en',3,154),
('user',0,1015,1015,'en',4,137),
('user',0,1015,1015,'en',5,138),
('user',0,1015,1015,'en',6,152),
('user',0,1015,1015,'en',7,140),
('user',0,1015,1015,'en',8,199),
('user',0,1015,1015,'en',9,141),
('user',0,1015,1015,'en',10,169),
('user',0,1015,1015,'en',11,145),
('user',0,1015,1015,'en',12,148),
('user',0,1015,1015,'en',13,205),
('user',0,1016,1016,'en',0,131),
('user',0,1016,1016,'en',1,43),
('user',0,1016,1016,'en',2,132),
('user',0,1016,1016,'en',3,133),
('user',0,1016,1016,'en',4,136),
('user',0,1016,1016,'en',5,137),
('user',0,1016,1016,'en',6,138),
('user',0,1016,1016,'en',7,199),
('user',0,1016,1016,'en',8,141),
('user',0,1016,1016,'en',9,44),
('user',0,1016,1016,'en',10,143),
('user',0,1016,1016,'en',11,144),
('user',0,1016,1016,'en',12,145),
('user',0,1016,1016,'en',13,146),
('user',0,1016,1016,'en',14,149),
('user',0,1016,1016,'en',15,150),
('user',0,1018,1018,'en',0,130),
('user',0,1018,1018,'en',1,131),
('user',0,1018,1018,'en',2,43),
('user',0,1018,1018,'en',3,132),
('user',0,1018,1018,'en',4,133),
('user',0,1018,1018,'en',5,151),
('user',0,1018,1018,'en',6,135),
('user',0,1018,1018,'en',7,134),
('user',0,1018,1018,'en',8,136),
('user',0,1018,1018,'en',9,154),
('user',0,1018,1018,'en',10,137),
('user',0,1018,1018,'en',11,138),
('user',0,1018,1018,'en',12,139),
('user',0,1018,1018,'en',13,152),
('user',0,1018,1018,'en',14,140),
('user',0,1018,1018,'en',15,199),
('user',0,1018,1018,'en',16,141),
('user',0,1018,1018,'en',17,44),
('user',0,1018,1018,'en',18,142),
('user',0,1018,1018,'en',19,143),
('user',0,1018,1018,'en',20,169),
('user',0,1018,1018,'en',21,144),
('user',0,1018,1018,'en',22,145),
('user',0,1018,1018,'en',23,146),
('user',0,1018,1018,'en',24,147),
('user',0,1018,1018,'en',25,42),
('user',0,1018,1018,'en',26,148),
('user',0,1018,1018,'en',27,149),
('user',0,1018,1018,'en',28,205),
('user',0,1018,1018,'en',29,153),
('user',0,1018,1018,'en',30,150),
('user',0,1019,1019,'en',0,130),
('user',0,1019,1019,'en',1,188),
('user',0,1019,1019,'en',2,131),
('user',0,1019,1019,'en',3,133),
('user',0,1019,1019,'en',4,154),
('user',0,1019,1019,'en',5,137),
('user',0,1019,1019,'en',6,44),
('user',0,1019,1019,'en',7,143),
('user',0,1019,1019,'en',8,146),
('user',0,1019,1019,'en',9,153),
('user',0,1019,1019,'en',10,150),
('user',0,1022,1022,'en',0,130),
('user',0,1022,1022,'en',1,188),
('user',0,1022,1022,'en',2,132),
('user',0,1022,1022,'en',3,133),
('user',0,1022,1022,'en',4,151),
('user',0,1022,1022,'en',5,135),
('user',0,1022,1022,'en',6,134),
('user',0,1022,1022,'en',7,136),
('user',0,1022,1022,'en',8,154),
('user',0,1022,1022,'en',9,137),
('user',0,1022,1022,'en',10,138),
('user',0,1022,1022,'en',11,152),
('user',0,1022,1022,'en',12,140),
('user',0,1022,1022,'en',13,44),
('user',0,1022,1022,'en',14,144),
('user',0,1022,1022,'en',15,146),
('user',0,1022,1022,'en',16,153),
('user',0,1022,1022,'en',17,150),
('user',0,1024,1024,'en',0,130),
('user',0,1024,1024,'en',1,131),
('user',0,1024,1024,'en',2,43),
('user',0,1024,1024,'en',3,151),
('user',0,1024,1024,'en',4,135),
('user',0,1024,1024,'en',5,137),
('user',0,1024,1024,'en',6,138),
('user',0,1024,1024,'en',7,44),
('user',0,1027,1027,'en',0,130),
('user',0,1027,1027,'en',1,132),
('user',0,1027,1027,'en',2,133),
('user',0,1027,1027,'en',3,156),
('user',0,1027,1027,'en',4,136),
('user',0,1027,1027,'en',5,154),
('user',0,1027,1027,'en',6,137),
('user',0,1027,1027,'en',7,169),
('user',0,1027,1027,'en',8,205),
('user',0,1028,1028,'en',0,130),
('user',0,1028,1028,'en',1,131),
('user',0,1028,1028,'en',2,43),
('user',0,1028,1028,'en',3,132),
('user',0,1028,1028,'en',4,133),
('user',0,1028,1028,'en',5,151),
('user',0,1028,1028,'en',6,134),
('user',0,1028,1028,'en',7,136),
('user',0,1028,1028,'en',8,154),
('user',0,1028,1028,'en',9,137),
('user',0,1028,1028,'en',10,138),
('user',0,1028,1028,'en',11,139),
('user',0,1028,1028,'en',12,140),
('user',0,1028,1028,'en',13,199),
('user',0,1028,1028,'en',14,44),
('user',0,1028,1028,'en',15,142),
('user',0,1028,1028,'en',16,143),
('user',0,1028,1028,'en',17,144),
('user',0,1028,1028,'en',18,145),
('user',0,1028,1028,'en',19,146),
('user',0,1028,1028,'en',20,147),
('user',0,1028,1028,'en',21,42),
('user',0,1028,1028,'en',22,153),
('user',0,1028,1028,'en',23,150),
('user',0,1029,1029,'en',0,131),
('user',0,1029,1029,'en',1,132),
('user',0,1029,1029,'en',2,133),
('user',0,1029,1029,'en',3,135),
('user',0,1029,1029,'en',4,134),
('user',0,1029,1029,'en',5,138),
('user',0,1036,1036,'en',0,130),
('user',0,1036,1036,'en',1,188),
('user',0,1036,1036,'en',2,131),
('user',0,1036,1036,'en',3,43),
('user',0,1036,1036,'en',4,132),
('user',0,1036,1036,'en',5,133),
('user',0,1036,1036,'en',6,151),
('user',0,1036,1036,'en',7,135),
('user',0,1036,1036,'en',8,134),
('user',0,1036,1036,'en',9,156),
('user',0,1036,1036,'en',10,136),
('user',0,1036,1036,'en',11,154),
('user',0,1036,1036,'en',12,137),
('user',0,1036,1036,'en',13,138),
('user',0,1036,1036,'en',14,152),
('user',0,1036,1036,'en',15,140),
('user',0,1036,1036,'en',16,199),
('user',0,1036,1036,'en',17,141),
('user',0,1036,1036,'en',18,44),
('user',0,1036,1036,'en',19,143),
('user',0,1036,1036,'en',20,169),
('user',0,1036,1036,'en',21,144),
('user',0,1036,1036,'en',22,146),
('user',0,1036,1036,'en',23,42),
('user',0,1036,1036,'en',24,205),
('user',0,1036,1036,'en',25,153),
('user',0,1036,1036,'en',26,150),
('user',0,1038,1038,'en',0,130),
('user',0,1038,1038,'en',1,131),
('user',0,1038,1038,'en',2,43),
('user',0,1038,1038,'en',3,132),
('user',0,1038,1038,'en',4,133),
('user',0,1038,1038,'en',5,151),
('user',0,1038,1038,'en',6,135),
('user',0,1038,1038,'en',7,134),
('user',0,1038,1038,'en',8,136),
('user',0,1038,1038,'en',9,154),
('user',0,1038,1038,'en',10,137),
('user',0,1038,1038,'en',11,138),
('user',0,1038,1038,'en',12,139),
('user',0,1038,1038,'en',13,152),
('user',0,1038,1038,'en',14,140),
('user',0,1038,1038,'en',15,199),
('user',0,1038,1038,'en',16,44),
('user',0,1038,1038,'en',17,142),
('user',0,1038,1038,'en',18,143),
('user',0,1038,1038,'en',19,169),
('user',0,1038,1038,'en',20,144),
('user',0,1038,1038,'en',21,145),
('user',0,1038,1038,'en',22,146),
('user',0,1038,1038,'en',23,42),
('user',0,1038,1038,'en',24,148),
('user',0,1038,1038,'en',25,205),
('user',0,1038,1038,'en',26,150),
('user',0,1039,1039,'en',0,130),
('user',0,1039,1039,'en',1,43),
('user',0,1039,1039,'en',2,133),
('user',0,1039,1039,'en',3,134),
('user',0,1039,1039,'en',4,156),
('user',0,1039,1039,'en',5,136),
('user',0,1039,1039,'en',6,154),
('user',0,1039,1039,'en',7,138),
('user',0,1039,1039,'en',8,152),
('user',0,1039,1039,'en',9,140),
('user',0,1039,1039,'en',10,44),
('user',0,1039,1039,'en',11,169),
('user',0,1039,1039,'en',12,145),
('user',0,1039,1039,'en',13,205),
('user',0,1042,1042,'en',0,130),
('user',0,1042,1042,'en',1,131),
('user',0,1042,1042,'en',2,43),
('user',0,1042,1042,'en',3,132),
('user',0,1042,1042,'en',4,133),
('user',0,1042,1042,'en',5,151),
('user',0,1042,1042,'en',6,134),
('user',0,1042,1042,'en',7,154),
('user',0,1042,1042,'en',8,137),
('user',0,1042,1042,'en',9,138),
('user',0,1042,1042,'en',10,152),
('user',0,1042,1042,'en',11,140),
('user',0,1042,1042,'en',12,199),
('user',0,1042,1042,'en',13,44),
('user',0,1042,1042,'en',14,169),
('user',0,1042,1042,'en',15,144),
('user',0,1042,1042,'en',16,148),
('user',0,1042,1042,'en',17,149),
('user',0,1042,1042,'en',18,205),
('user',0,1044,1044,'en',0,134),
('user',0,1044,1044,'en',1,140),
('user',0,1045,1045,'en',0,130),
('user',0,1045,1045,'en',1,131),
('user',0,1045,1045,'en',2,43),
('user',0,1045,1045,'en',3,133),
('user',0,1045,1045,'en',4,151),
('user',0,1045,1045,'en',5,134),
('user',0,1045,1045,'en',6,154),
('user',0,1045,1045,'en',7,137),
('user',0,1045,1045,'en',8,138),
('user',0,1045,1045,'en',9,140),
('user',0,1045,1045,'en',10,199),
('user',0,1045,1045,'en',11,44),
('user',0,1045,1045,'en',12,169),
('user',0,1047,1047,'en',0,130),
('user',0,1047,1047,'en',1,131),
('user',0,1047,1047,'en',2,43),
('user',0,1047,1047,'en',3,132),
('user',0,1047,1047,'en',4,133),
('user',0,1047,1047,'en',5,135),
('user',0,1047,1047,'en',6,134),
('user',0,1047,1047,'en',7,136),
('user',0,1047,1047,'en',8,154),
('user',0,1047,1047,'en',9,137),
('user',0,1047,1047,'en',10,138),
('user',0,1047,1047,'en',11,152),
('user',0,1047,1047,'en',12,140),
('user',0,1047,1047,'en',13,44),
('user',0,1047,1047,'en',14,143),
('user',0,1047,1047,'en',15,144),
('user',0,1047,1047,'en',16,146),
('user',0,1047,1047,'en',17,147),
('user',0,1047,1047,'en',18,42),
('user',0,1047,1047,'en',19,148),
('user',0,1047,1047,'en',20,149),
('user',0,1047,1047,'en',21,205),
('user',0,1047,1047,'en',22,153),
('user',0,1047,1047,'en',23,150),
('user',0,1050,1050,'en',0,132),
('user',0,1050,1050,'en',1,133),
('user',0,1050,1050,'en',2,151),
('user',0,1050,1050,'en',3,136),
('user',0,1050,1050,'en',4,137),
('user',0,1050,1050,'en',5,138),
('user',0,1050,1050,'en',6,139),
('user',0,1050,1050,'en',7,152),
('user',0,1050,1050,'en',8,199),
('user',0,1050,1050,'en',9,44),
('user',0,1050,1050,'en',10,42),
('user',0,1050,1050,'en',11,205),
('user',0,1053,1053,'en',0,130),
('user',0,1053,1053,'en',1,131),
('user',0,1053,1053,'en',2,132),
('user',0,1053,1053,'en',3,133),
('user',0,1053,1053,'en',4,134),
('user',0,1053,1053,'en',5,136),
('user',0,1053,1053,'en',6,154),
('user',0,1053,1053,'en',7,137),
('user',0,1053,1053,'en',8,138),
('user',0,1053,1053,'en',9,140),
('user',0,1053,1053,'en',10,44),
('user',0,1053,1053,'en',11,169),
('user',0,1053,1053,'en',12,147),
('user',0,1061,1061,'en',0,134),
('user',0,1061,1061,'en',1,137),
('user',0,1061,1061,'en',2,140),
('user',0,1061,1061,'en',3,145),
('user',0,1061,1061,'en',4,205),
('user',0,1062,1062,'en',0,131),
('user',0,1062,1062,'en',1,43),
('user',0,1062,1062,'en',2,132),
('user',0,1062,1062,'en',3,133),
('user',0,1062,1062,'en',4,135),
('user',0,1062,1062,'en',5,137),
('user',0,1062,1062,'en',6,138),
('user',0,1062,1062,'en',7,140),
('user',0,1062,1062,'en',8,199),
('user',0,1062,1062,'en',9,44),
('user',0,1062,1062,'en',10,144),
('user',0,1062,1062,'en',11,42),
('user',0,1062,1062,'en',12,148),
('user',0,1062,1062,'en',13,205),
('user',0,1064,1064,'en',0,130),
('user',0,1064,1064,'en',1,188),
('user',0,1064,1064,'en',2,131),
('user',0,1064,1064,'en',3,43),
('user',0,1064,1064,'en',4,132),
('user',0,1064,1064,'en',5,133),
('user',0,1064,1064,'en',6,151),
('user',0,1064,1064,'en',7,135),
('user',0,1064,1064,'en',8,134),
('user',0,1064,1064,'en',9,156),
('user',0,1064,1064,'en',10,136),
('user',0,1064,1064,'en',11,154),
('user',0,1064,1064,'en',12,137),
('user',0,1064,1064,'en',13,138),
('user',0,1064,1064,'en',14,139),
('user',0,1064,1064,'en',15,152),
('user',0,1064,1064,'en',16,140),
('user',0,1064,1064,'en',17,44),
('user',0,1064,1064,'en',18,142),
('user',0,1064,1064,'en',19,143),
('user',0,1064,1064,'en',20,169),
('user',0,1064,1064,'en',21,144),
('user',0,1064,1064,'en',22,145),
('user',0,1064,1064,'en',23,146),
('user',0,1064,1064,'en',24,42),
('user',0,1064,1064,'en',25,148),
('user',0,1064,1064,'en',26,149),
('user',0,1064,1064,'en',27,205),
('user',0,1064,1064,'en',28,153),
('user',0,1064,1064,'en',29,150),
('user',0,1066,1066,'en',0,131),
('user',0,1066,1066,'en',1,138),
('user',0,1066,1066,'en',2,44),
('user',0,1066,1066,'en',3,143),
('user',0,1066,1066,'en',4,144),
('user',0,1066,1066,'en',5,145),
('user',0,1066,1066,'en',6,147),
('user',0,1066,1066,'en',7,148),
('user',0,1067,1067,'en',0,131),
('user',0,1067,1067,'en',1,43),
('user',0,1067,1067,'en',2,132),
('user',0,1067,1067,'en',3,133),
('user',0,1067,1067,'en',4,135),
('user',0,1067,1067,'en',5,154),
('user',0,1067,1067,'en',6,137),
('user',0,1067,1067,'en',7,138),
('user',0,1067,1067,'en',8,139),
('user',0,1067,1067,'en',9,152),
('user',0,1067,1067,'en',10,199),
('user',0,1067,1067,'en',11,44),
('user',0,1067,1067,'en',12,143),
('user',0,1067,1067,'en',13,144),
('user',0,1067,1067,'en',14,148),
('user',0,1067,1067,'en',15,149),
('user',0,1067,1067,'en',16,153),
('user',0,1067,1067,'en',17,150),
('user',0,1068,1068,'en',0,130),
('user',0,1068,1068,'en',1,131),
('user',0,1068,1068,'en',2,133),
('user',0,1068,1068,'en',3,135),
('user',0,1068,1068,'en',4,134),
('user',0,1068,1068,'en',5,136),
('user',0,1068,1068,'en',6,154),
('user',0,1068,1068,'en',7,137),
('user',0,1068,1068,'en',8,140),
('user',0,1068,1068,'en',9,44),
('user',0,1068,1068,'en',10,142),
('user',0,1068,1068,'en',11,169),
('user',0,1068,1068,'en',12,144),
('user',0,1068,1068,'en',13,147),
('user',0,1072,1072,'en',0,131),
('user',0,1072,1072,'en',1,43),
('user',0,1072,1072,'en',2,132),
('user',0,1072,1072,'en',3,133),
('user',0,1072,1072,'en',4,135),
('user',0,1072,1072,'en',5,134),
('user',0,1072,1072,'en',6,137),
('user',0,1072,1072,'en',7,138),
('user',0,1072,1072,'en',8,140),
('user',0,1072,1072,'en',9,44),
('user',0,1072,1072,'en',10,143),
('user',0,1072,1072,'en',11,169),
('user',0,1072,1072,'en',12,144),
('user',0,1072,1072,'en',13,205),
('user',0,1072,1072,'en',14,153),
('user',0,1075,1075,'en',0,130),
('user',0,1075,1075,'en',1,221),
('user',0,1075,1075,'en',2,131),
('user',0,1075,1075,'en',3,43),
('user',0,1075,1075,'en',4,132),
('user',0,1075,1075,'en',5,133),
('user',0,1075,1075,'en',6,151),
('user',0,1075,1075,'en',7,135),
('user',0,1075,1075,'en',8,134),
('user',0,1075,1075,'en',9,136),
('user',0,1075,1075,'en',10,154),
('user',0,1075,1075,'en',11,137),
('user',0,1075,1075,'en',12,138),
('user',0,1075,1075,'en',13,139),
('user',0,1075,1075,'en',14,152),
('user',0,1075,1075,'en',15,140),
('user',0,1075,1075,'en',16,227),
('user',0,1075,1075,'en',17,199),
('user',0,1075,1075,'en',18,141),
('user',0,1075,1075,'en',19,44),
('user',0,1075,1075,'en',20,142),
('user',0,1075,1075,'en',21,143),
('user',0,1075,1075,'en',22,169),
('user',0,1075,1075,'en',23,144),
('user',0,1075,1075,'en',24,145),
('user',0,1075,1075,'en',25,146),
('user',0,1075,1075,'en',26,147),
('user',0,1075,1075,'en',27,42),
('user',0,1075,1075,'en',28,148),
('user',0,1075,1075,'en',29,149),
('user',0,1075,1075,'en',30,153),
('user',0,1075,1075,'en',31,150),
('user',0,1076,1076,'en',0,133),
('user',0,1076,1076,'en',1,134),
('user',0,1076,1076,'en',2,44),
('user',0,1076,1076,'en',3,145),
('user',0,1078,1078,'en',0,130),
('user',0,1078,1078,'en',1,188),
('user',0,1078,1078,'en',2,131),
('user',0,1078,1078,'en',3,43),
('user',0,1078,1078,'en',4,132),
('user',0,1078,1078,'en',5,133),
('user',0,1078,1078,'en',6,151),
('user',0,1078,1078,'en',7,135),
('user',0,1078,1078,'en',8,134),
('user',0,1078,1078,'en',9,156),
('user',0,1078,1078,'en',10,136),
('user',0,1078,1078,'en',11,154),
('user',0,1078,1078,'en',12,137),
('user',0,1078,1078,'en',13,138),
('user',0,1078,1078,'en',14,139),
('user',0,1078,1078,'en',15,152),
('user',0,1078,1078,'en',16,140),
('user',0,1078,1078,'en',17,199),
('user',0,1078,1078,'en',18,141),
('user',0,1078,1078,'en',19,44),
('user',0,1078,1078,'en',20,142),
('user',0,1078,1078,'en',21,143),
('user',0,1078,1078,'en',22,169),
('user',0,1078,1078,'en',23,144),
('user',0,1078,1078,'en',24,145),
('user',0,1078,1078,'en',25,146),
('user',0,1078,1078,'en',26,147),
('user',0,1078,1078,'en',27,42),
('user',0,1078,1078,'en',28,148),
('user',0,1078,1078,'en',29,149),
('user',0,1078,1078,'en',30,205),
('user',0,1078,1078,'en',31,153),
('user',0,1078,1078,'en',32,150),
('user',0,1082,1082,'en',0,131),
('user',0,1082,1082,'en',1,132),
('user',0,1082,1082,'en',2,133),
('user',0,1082,1082,'en',3,135),
('user',0,1082,1082,'en',4,134),
('user',0,1082,1082,'en',5,136),
('user',0,1082,1082,'en',6,154),
('user',0,1082,1082,'en',7,137),
('user',0,1082,1082,'en',8,138),
('user',0,1082,1082,'en',9,152),
('user',0,1082,1082,'en',10,140),
('user',0,1082,1082,'en',11,227),
('user',0,1082,1082,'en',12,44),
('user',0,1082,1082,'en',13,146),
('user',0,1082,1082,'en',14,147),
('user',0,1082,1082,'en',15,148),
('user',0,1082,1082,'en',16,149),
('user',0,1083,1083,'en',0,130),
('user',0,1083,1083,'en',1,131),
('user',0,1083,1083,'en',2,43),
('user',0,1083,1083,'en',3,132),
('user',0,1083,1083,'en',4,133),
('user',0,1083,1083,'en',5,151),
('user',0,1083,1083,'en',6,135),
('user',0,1083,1083,'en',7,134),
('user',0,1083,1083,'en',8,156),
('user',0,1083,1083,'en',9,136),
('user',0,1083,1083,'en',10,154),
('user',0,1083,1083,'en',11,137),
('user',0,1083,1083,'en',12,138),
('user',0,1083,1083,'en',13,139),
('user',0,1083,1083,'en',14,152),
('user',0,1083,1083,'en',15,140),
('user',0,1083,1083,'en',16,199),
('user',0,1083,1083,'en',17,141),
('user',0,1083,1083,'en',18,44),
('user',0,1083,1083,'en',19,142),
('user',0,1083,1083,'en',20,143),
('user',0,1083,1083,'en',21,169),
('user',0,1083,1083,'en',22,144),
('user',0,1083,1083,'en',23,145),
('user',0,1083,1083,'en',24,146),
('user',0,1083,1083,'en',25,147),
('user',0,1083,1083,'en',26,42),
('user',0,1083,1083,'en',27,148),
('user',0,1083,1083,'en',28,149),
('user',0,1083,1083,'en',29,205),
('user',0,1083,1083,'en',30,153),
('user',0,1083,1083,'en',31,150),
('user',0,1084,1084,'en',0,130),
('user',0,1084,1084,'en',1,131),
('user',0,1084,1084,'en',2,132),
('user',0,1084,1084,'en',3,133),
('user',0,1084,1084,'en',4,135),
('user',0,1084,1084,'en',5,134),
('user',0,1084,1084,'en',6,154),
('user',0,1084,1084,'en',7,137),
('user',0,1084,1084,'en',8,138),
('user',0,1084,1084,'en',9,139),
('user',0,1084,1084,'en',10,140),
('user',0,1084,1084,'en',11,44),
('user',0,1084,1084,'en',12,143),
('user',0,1084,1084,'en',13,169),
('user',0,1084,1084,'en',14,144),
('user',0,1084,1084,'en',15,145),
('user',0,1084,1084,'en',16,146),
('user',0,1084,1084,'en',17,42),
('user',0,1084,1084,'en',18,148),
('user',0,1084,1084,'en',19,149),
('user',0,1084,1084,'en',20,153),
('user',0,1084,1084,'en',21,150),
('user',0,1086,1086,'en',0,188),
('user',0,1086,1086,'en',1,131),
('user',0,1086,1086,'en',2,43),
('user',0,1086,1086,'en',3,133),
('user',0,1086,1086,'en',4,136),
('user',0,1086,1086,'en',5,137),
('user',0,1086,1086,'en',6,138),
('user',0,1086,1086,'en',7,152),
('user',0,1086,1086,'en',8,44),
('user',0,1086,1086,'en',9,144),
('user',0,1086,1086,'en',10,146),
('user',0,1086,1086,'en',11,153),
('user',0,1088,1088,'en',0,130),
('user',0,1088,1088,'en',1,188),
('user',0,1088,1088,'en',2,131),
('user',0,1088,1088,'en',3,43),
('user',0,1088,1088,'en',4,133),
('user',0,1088,1088,'en',5,151),
('user',0,1088,1088,'en',6,136),
('user',0,1088,1088,'en',7,154),
('user',0,1088,1088,'en',8,137),
('user',0,1088,1088,'en',9,142),
('user',0,1088,1088,'en',10,169),
('user',0,1088,1088,'en',11,42),
('user',0,1089,1089,'en',0,130),
('user',0,1089,1089,'en',1,131),
('user',0,1089,1089,'en',2,135),
('user',0,1089,1089,'en',3,134),
('user',0,1089,1089,'en',4,154),
('user',0,1089,1089,'en',5,137),
('user',0,1089,1089,'en',6,152),
('user',0,1089,1089,'en',7,140),
('user',0,1089,1089,'en',8,44),
('user',0,1089,1089,'en',9,146),
('user',0,1089,1089,'en',10,42),
('user',0,1089,1089,'en',11,148),
('user',0,1090,1090,'en',0,131),
('user',0,1090,1090,'en',1,43),
('user',0,1090,1090,'en',2,133),
('user',0,1090,1090,'en',3,151),
('user',0,1090,1090,'en',4,134),
('user',0,1090,1090,'en',5,156),
('user',0,1090,1090,'en',6,136),
('user',0,1090,1090,'en',7,137),
('user',0,1090,1090,'en',8,138),
('user',0,1090,1090,'en',9,139),
('user',0,1090,1090,'en',10,152),
('user',0,1090,1090,'en',11,140),
('user',0,1090,1090,'en',12,199),
('user',0,1090,1090,'en',13,141),
('user',0,1090,1090,'en',14,44),
('user',0,1090,1090,'en',15,144),
('user',0,1090,1090,'en',16,145),
('user',0,1090,1090,'en',17,146),
('user',0,1090,1090,'en',18,42),
('user',0,1090,1090,'en',19,148),
('user',0,1090,1090,'en',20,149),
('user',0,1090,1090,'en',21,205),
('user',0,1094,1094,'en',0,131),
('user',0,1094,1094,'en',1,43),
('user',0,1094,1094,'en',2,133),
('user',0,1094,1094,'en',3,135),
('user',0,1094,1094,'en',4,134),
('user',0,1094,1094,'en',5,137),
('user',0,1094,1094,'en',6,44),
('user',0,1094,1094,'en',7,144),
('user',0,1094,1094,'en',8,205),
('user',0,1095,1095,'en',0,188),
('user',0,1095,1095,'en',1,131),
('user',0,1095,1095,'en',2,43),
('user',0,1095,1095,'en',3,132),
('user',0,1095,1095,'en',4,133),
('user',0,1095,1095,'en',5,151),
('user',0,1095,1095,'en',6,135),
('user',0,1095,1095,'en',7,134),
('user',0,1095,1095,'en',8,136),
('user',0,1095,1095,'en',9,137),
('user',0,1095,1095,'en',10,138),
('user',0,1095,1095,'en',11,139),
('user',0,1095,1095,'en',12,152),
('user',0,1095,1095,'en',13,140),
('user',0,1095,1095,'en',14,199),
('user',0,1095,1095,'en',15,44),
('user',0,1095,1095,'en',16,142),
('user',0,1095,1095,'en',17,143),
('user',0,1095,1095,'en',18,144),
('user',0,1095,1095,'en',19,145),
('user',0,1095,1095,'en',20,146),
('user',0,1095,1095,'en',21,147),
('user',0,1095,1095,'en',22,42),
('user',0,1095,1095,'en',23,148),
('user',0,1095,1095,'en',24,149),
('user',0,1095,1095,'en',25,153),
('user',0,1095,1095,'en',26,150),
('user',0,1096,1096,'en',0,130),
('user',0,1096,1096,'en',1,188),
('user',0,1096,1096,'en',2,131),
('user',0,1096,1096,'en',3,132),
('user',0,1096,1096,'en',4,135),
('user',0,1096,1096,'en',5,134),
('user',0,1096,1096,'en',6,156),
('user',0,1096,1096,'en',7,154),
('user',0,1096,1096,'en',8,137),
('user',0,1096,1096,'en',9,140),
('user',0,1096,1096,'en',10,44),
('user',0,1096,1096,'en',11,143),
('user',0,1096,1096,'en',12,144),
('user',0,1096,1096,'en',13,146),
('user',0,1096,1096,'en',14,147),
('user',0,1096,1096,'en',15,153),
('user',0,1096,1096,'en',16,150),
('user',0,1097,1097,'en',0,130),
('user',0,1097,1097,'en',1,131),
('user',0,1097,1097,'en',2,43),
('user',0,1097,1097,'en',3,133),
('user',0,1097,1097,'en',4,154),
('user',0,1097,1097,'en',5,137),
('user',0,1097,1097,'en',6,138),
('user',0,1097,1097,'en',7,152),
('user',0,1097,1097,'en',8,199),
('user',0,1097,1097,'en',9,44),
('user',0,1097,1097,'en',10,142),
('user',0,1097,1097,'en',11,149),
('user',0,1098,1098,'en',0,188),
('user',0,1098,1098,'en',1,131),
('user',0,1098,1098,'en',2,43),
('user',0,1098,1098,'en',3,135),
('user',0,1098,1098,'en',4,136),
('user',0,1098,1098,'en',5,137),
('user',0,1098,1098,'en',6,139),
('user',0,1098,1098,'en',7,44),
('user',0,1098,1098,'en',8,143),
('user',0,1098,1098,'en',9,144),
('user',0,1098,1098,'en',10,145),
('user',0,1098,1098,'en',11,146),
('user',0,1098,1098,'en',12,42),
('user',0,1098,1098,'en',13,153),
('user',0,1098,1098,'en',14,150),
('user',0,1099,1099,'en',0,131),
('user',0,1099,1099,'en',1,43),
('user',0,1099,1099,'en',2,132),
('user',0,1099,1099,'en',3,133),
('user',0,1099,1099,'en',4,134),
('user',0,1099,1099,'en',5,137),
('user',0,1099,1099,'en',6,138),
('user',0,1099,1099,'en',7,44),
('user',0,1099,1099,'en',8,143),
('user',0,1099,1099,'en',9,144),
('user',0,1099,1099,'en',10,145),
('user',0,1099,1099,'en',11,146),
('user',0,1099,1099,'en',12,205),
('user',0,1099,1099,'en',13,150),
('user',0,1101,1101,'en',0,131),
('user',0,1101,1101,'en',1,43),
('user',0,1101,1101,'en',2,132),
('user',0,1101,1101,'en',3,133),
('user',0,1101,1101,'en',4,135),
('user',0,1101,1101,'en',5,134),
('user',0,1101,1101,'en',6,136),
('user',0,1101,1101,'en',7,137),
('user',0,1101,1101,'en',8,140),
('user',0,1101,1101,'en',9,199),
('user',0,1101,1101,'en',10,44),
('user',0,1101,1101,'en',11,143),
('user',0,1101,1101,'en',12,146),
('user',0,1101,1101,'en',13,42),
('user',0,1101,1101,'en',14,148),
('user',0,1101,1101,'en',15,149),
('user',0,1102,1102,'en',0,130),
('user',0,1102,1102,'en',1,131),
('user',0,1102,1102,'en',2,43),
('user',0,1102,1102,'en',3,133),
('user',0,1102,1102,'en',4,135),
('user',0,1102,1102,'en',5,134),
('user',0,1102,1102,'en',6,154),
('user',0,1102,1102,'en',7,137),
('user',0,1102,1102,'en',8,139),
('user',0,1102,1102,'en',9,152),
('user',0,1102,1102,'en',10,199),
('user',0,1102,1102,'en',11,44),
('user',0,1102,1102,'en',12,145),
('user',0,1102,1102,'en',13,148),
('user',0,1103,1103,'en',0,130),
('user',0,1103,1103,'en',1,188),
('user',0,1103,1103,'en',2,131),
('user',0,1103,1103,'en',3,43),
('user',0,1103,1103,'en',4,132),
('user',0,1103,1103,'en',5,133),
('user',0,1103,1103,'en',6,135),
('user',0,1103,1103,'en',7,134),
('user',0,1103,1103,'en',8,136),
('user',0,1103,1103,'en',9,154),
('user',0,1103,1103,'en',10,137),
('user',0,1103,1103,'en',11,138),
('user',0,1103,1103,'en',12,139),
('user',0,1103,1103,'en',13,152),
('user',0,1103,1103,'en',14,140),
('user',0,1103,1103,'en',15,199),
('user',0,1103,1103,'en',16,141),
('user',0,1103,1103,'en',17,44),
('user',0,1103,1103,'en',18,142),
('user',0,1103,1103,'en',19,143),
('user',0,1103,1103,'en',20,144),
('user',0,1103,1103,'en',21,145),
('user',0,1103,1103,'en',22,146),
('user',0,1103,1103,'en',23,147),
('user',0,1103,1103,'en',24,42),
('user',0,1103,1103,'en',25,148),
('user',0,1103,1103,'en',26,149),
('user',0,1103,1103,'en',27,205),
('user',0,1103,1103,'en',28,150),
('user',0,1104,1104,'en',0,130),
('user',0,1104,1104,'en',1,188),
('user',0,1104,1104,'en',2,131),
('user',0,1104,1104,'en',3,43),
('user',0,1104,1104,'en',4,132),
('user',0,1104,1104,'en',5,133),
('user',0,1104,1104,'en',6,135),
('user',0,1104,1104,'en',7,134),
('user',0,1104,1104,'en',8,136),
('user',0,1104,1104,'en',9,154),
('user',0,1104,1104,'en',10,137),
('user',0,1104,1104,'en',11,138),
('user',0,1104,1104,'en',12,139),
('user',0,1104,1104,'en',13,140),
('user',0,1104,1104,'en',14,199),
('user',0,1104,1104,'en',15,44),
('user',0,1104,1104,'en',16,143),
('user',0,1104,1104,'en',17,169),
('user',0,1104,1104,'en',18,144),
('user',0,1104,1104,'en',19,145),
('user',0,1104,1104,'en',20,146),
('user',0,1104,1104,'en',21,147),
('user',0,1104,1104,'en',22,148),
('user',0,1104,1104,'en',23,149),
('user',0,1104,1104,'en',24,205),
('user',0,1104,1104,'en',25,153),
('user',0,1104,1104,'en',26,150),
('user',0,1105,1105,'en',0,131),
('user',0,1105,1105,'en',1,132),
('user',0,1105,1105,'en',2,133),
('user',0,1105,1105,'en',3,134),
('user',0,1105,1105,'en',4,136),
('user',0,1105,1105,'en',5,154),
('user',0,1105,1105,'en',6,137),
('user',0,1105,1105,'en',7,138),
('user',0,1105,1105,'en',8,140),
('user',0,1105,1105,'en',9,44),
('user',0,1105,1105,'en',10,143),
('user',0,1105,1105,'en',11,169),
('user',0,1105,1105,'en',12,144),
('user',0,1105,1105,'en',13,146),
('user',0,1105,1105,'en',14,42),
('user',0,1105,1105,'en',15,148),
('user',0,1105,1105,'en',16,149),
('user',0,1106,1106,'en',0,130),
('user',0,1106,1106,'en',1,188),
('user',0,1106,1106,'en',2,131),
('user',0,1106,1106,'en',3,132),
('user',0,1106,1106,'en',4,133),
('user',0,1106,1106,'en',5,135),
('user',0,1106,1106,'en',6,134),
('user',0,1106,1106,'en',7,137),
('user',0,1106,1106,'en',8,140),
('user',0,1106,1106,'en',9,44),
('user',0,1106,1106,'en',10,143),
('user',0,1106,1106,'en',11,144),
('user',0,1106,1106,'en',12,145),
('user',0,1106,1106,'en',13,146),
('user',0,1107,1107,'en',0,131),
('user',0,1107,1107,'en',1,43),
('user',0,1107,1107,'en',2,132),
('user',0,1107,1107,'en',3,133),
('user',0,1107,1107,'en',4,151),
('user',0,1107,1107,'en',5,135),
('user',0,1107,1107,'en',6,136),
('user',0,1107,1107,'en',7,137),
('user',0,1107,1107,'en',8,138),
('user',0,1107,1107,'en',9,139),
('user',0,1107,1107,'en',10,152),
('user',0,1107,1107,'en',11,145),
('user',0,1107,1107,'en',12,146),
('user',0,1107,1107,'en',13,147),
('user',0,1107,1107,'en',14,42),
('user',0,1107,1107,'en',15,148),
('user',0,1107,1107,'en',16,149),
('user',0,1108,1108,'en',0,133),
('user',0,1108,1108,'en',1,44),
('user',0,1108,1108,'en',2,153),
('user',0,1109,1109,'en',0,130),
('user',0,1109,1109,'en',1,188),
('user',0,1109,1109,'en',2,131),
('user',0,1109,1109,'en',3,43),
('user',0,1109,1109,'en',4,132),
('user',0,1109,1109,'en',5,133),
('user',0,1109,1109,'en',6,151),
('user',0,1109,1109,'en',7,135),
('user',0,1109,1109,'en',8,134),
('user',0,1109,1109,'en',9,156),
('user',0,1109,1109,'en',10,136),
('user',0,1109,1109,'en',11,154),
('user',0,1109,1109,'en',12,137),
('user',0,1109,1109,'en',13,138),
('user',0,1109,1109,'en',14,139),
('user',0,1109,1109,'en',15,152),
('user',0,1109,1109,'en',16,140),
('user',0,1109,1109,'en',17,199),
('user',0,1109,1109,'en',18,141),
('user',0,1109,1109,'en',19,44),
('user',0,1109,1109,'en',20,142),
('user',0,1109,1109,'en',21,143),
('user',0,1109,1109,'en',22,169),
('user',0,1109,1109,'en',23,144),
('user',0,1109,1109,'en',24,145),
('user',0,1109,1109,'en',25,146),
('user',0,1109,1109,'en',26,147),
('user',0,1109,1109,'en',27,42),
('user',0,1109,1109,'en',28,148),
('user',0,1109,1109,'en',29,149),
('user',0,1109,1109,'en',30,153),
('user',0,1109,1109,'en',31,150),
('user',0,1110,1110,'en',0,131),
('user',0,1110,1110,'en',1,134),
('user',0,1110,1110,'en',2,137),
('user',0,1110,1110,'en',3,138),
('user',0,1110,1110,'en',4,44),
('user',0,1110,1110,'en',5,146),
('user',0,1111,1111,'en',0,188),
('user',0,1111,1111,'en',1,131),
('user',0,1111,1111,'en',2,132),
('user',0,1111,1111,'en',3,133),
('user',0,1111,1111,'en',4,135),
('user',0,1111,1111,'en',5,134),
('user',0,1111,1111,'en',6,156),
('user',0,1111,1111,'en',7,137),
('user',0,1111,1111,'en',8,152),
('user',0,1111,1111,'en',9,44),
('user',0,1111,1111,'en',10,142),
('user',0,1111,1111,'en',11,145),
('user',0,1111,1111,'en',12,146),
('user',0,1111,1111,'en',13,147),
('user',0,1112,1112,'en',0,188),
('user',0,1112,1112,'en',1,131),
('user',0,1112,1112,'en',2,43),
('user',0,1112,1112,'en',3,133),
('user',0,1112,1112,'en',4,135),
('user',0,1112,1112,'en',5,136),
('user',0,1112,1112,'en',6,137),
('user',0,1112,1112,'en',7,138),
('user',0,1112,1112,'en',8,139),
('user',0,1112,1112,'en',9,44),
('user',0,1112,1112,'en',10,143),
('user',0,1112,1112,'en',11,144),
('user',0,1112,1112,'en',12,145),
('user',0,1112,1112,'en',13,146),
('user',0,1112,1112,'en',14,42),
('user',0,1112,1112,'en',15,148),
('user',0,1112,1112,'en',16,149),
('user',0,1113,1113,'en',0,130),
('user',0,1113,1113,'en',1,188),
('user',0,1113,1113,'en',2,131),
('user',0,1113,1113,'en',3,43),
('user',0,1113,1113,'en',4,132),
('user',0,1113,1113,'en',5,133),
('user',0,1113,1113,'en',6,135),
('user',0,1113,1113,'en',7,134),
('user',0,1113,1113,'en',8,156),
('user',0,1113,1113,'en',9,136),
('user',0,1113,1113,'en',10,154),
('user',0,1113,1113,'en',11,137),
('user',0,1113,1113,'en',12,139),
('user',0,1113,1113,'en',13,152),
('user',0,1113,1113,'en',14,140),
('user',0,1113,1113,'en',15,199),
('user',0,1113,1113,'en',16,141),
('user',0,1113,1113,'en',17,44),
('user',0,1113,1113,'en',18,143),
('user',0,1113,1113,'en',19,144),
('user',0,1113,1113,'en',20,146),
('user',0,1113,1113,'en',21,148),
('user',0,1113,1113,'en',22,149),
('user',0,1113,1113,'en',23,153),
('user',0,1113,1113,'en',24,150),
('user',0,1114,1114,'en',0,136),
('user',0,1114,1114,'en',1,138),
('user',0,1114,1114,'en',2,152),
('user',0,1114,1114,'en',3,150),
('user',0,1117,1117,'en',0,131),
('user',0,1117,1117,'en',1,43),
('user',0,1117,1117,'en',2,132),
('user',0,1117,1117,'en',3,133),
('user',0,1117,1117,'en',4,135),
('user',0,1117,1117,'en',5,134),
('user',0,1117,1117,'en',6,137),
('user',0,1117,1117,'en',7,140),
('user',0,1117,1117,'en',8,44),
('user',0,1117,1117,'en',9,142),
('user',0,1117,1117,'en',10,143),
('user',0,1117,1117,'en',11,144),
('user',0,1118,1118,'en',0,130),
('user',0,1118,1118,'en',1,188),
('user',0,1118,1118,'en',2,131),
('user',0,1118,1118,'en',3,43),
('user',0,1118,1118,'en',4,132),
('user',0,1118,1118,'en',5,133),
('user',0,1118,1118,'en',6,135),
('user',0,1118,1118,'en',7,134),
('user',0,1118,1118,'en',8,136),
('user',0,1118,1118,'en',9,154),
('user',0,1118,1118,'en',10,137),
('user',0,1118,1118,'en',11,140),
('user',0,1118,1118,'en',12,199),
('user',0,1118,1118,'en',13,44),
('user',0,1118,1118,'en',14,142),
('user',0,1118,1118,'en',15,143),
('user',0,1118,1118,'en',16,144),
('user',0,1118,1118,'en',17,146),
('user',0,1118,1118,'en',18,42),
('user',0,1118,1118,'en',19,148),
('user',0,1118,1118,'en',20,149),
('user',0,1118,1118,'en',21,153),
('user',0,1118,1118,'en',22,150),
('user',0,1119,1119,'en',0,130),
('user',0,1119,1119,'en',1,131),
('user',0,1119,1119,'en',2,43),
('user',0,1119,1119,'en',3,132),
('user',0,1119,1119,'en',4,133),
('user',0,1119,1119,'en',5,135),
('user',0,1119,1119,'en',6,137),
('user',0,1119,1119,'en',7,138),
('user',0,1119,1119,'en',8,139),
('user',0,1119,1119,'en',9,152),
('user',0,1119,1119,'en',10,199),
('user',0,1119,1119,'en',11,141),
('user',0,1119,1119,'en',12,44),
('user',0,1119,1119,'en',13,143),
('user',0,1119,1119,'en',14,144),
('user',0,1119,1119,'en',15,145),
('user',0,1119,1119,'en',16,146),
('user',0,1119,1119,'en',17,42),
('user',0,1119,1119,'en',18,205),
('user',0,1119,1119,'en',19,153),
('user',0,1119,1119,'en',20,150),
('user',0,1120,1120,'en',0,131),
('user',0,1120,1120,'en',1,132),
('user',0,1120,1120,'en',2,134),
('user',0,1120,1120,'en',3,136),
('user',0,1120,1120,'en',4,138),
('user',0,1120,1120,'en',5,140),
('user',0,1120,1120,'en',6,44),
('user',0,1120,1120,'en',7,143),
('user',0,1120,1120,'en',8,144),
('user',0,1120,1120,'en',9,145),
('user',0,1120,1120,'en',10,146),
('user',0,1120,1120,'en',11,148),
('user',0,1120,1120,'en',12,149),
('user',0,1120,1120,'en',13,153),
('user',0,1120,1120,'en',14,150),
('user',0,1121,1121,'en',0,188),
('user',0,1121,1121,'en',1,221),
('user',0,1121,1121,'en',2,131),
('user',0,1121,1121,'en',3,132),
('user',0,1121,1121,'en',4,133),
('user',0,1121,1121,'en',5,151),
('user',0,1121,1121,'en',6,135),
('user',0,1121,1121,'en',7,156),
('user',0,1121,1121,'en',8,136),
('user',0,1121,1121,'en',9,137),
('user',0,1121,1121,'en',10,138),
('user',0,1121,1121,'en',11,139),
('user',0,1121,1121,'en',12,152),
('user',0,1121,1121,'en',13,227),
('user',0,1121,1121,'en',14,141),
('user',0,1121,1121,'en',15,44),
('user',0,1121,1121,'en',16,143),
('user',0,1121,1121,'en',17,144),
('user',0,1121,1121,'en',18,145),
('user',0,1121,1121,'en',19,146),
('user',0,1121,1121,'en',20,147),
('user',0,1121,1121,'en',21,42),
('user',0,1121,1121,'en',22,148),
('user',0,1121,1121,'en',23,153),
('user',0,1121,1121,'en',24,150),
('user',0,1122,1122,'en',0,188),
('user',0,1122,1122,'en',1,131),
('user',0,1122,1122,'en',2,133),
('user',0,1122,1122,'en',3,136),
('user',0,1122,1122,'en',4,44),
('user',0,1122,1122,'en',5,144),
('user',0,1122,1122,'en',6,146),
('user',0,1122,1122,'en',7,150),
('user',0,1123,1123,'en',0,130),
('user',0,1123,1123,'en',1,188),
('user',0,1123,1123,'en',2,131),
('user',0,1123,1123,'en',3,43),
('user',0,1123,1123,'en',4,132),
('user',0,1123,1123,'en',5,133),
('user',0,1123,1123,'en',6,151),
('user',0,1123,1123,'en',7,135),
('user',0,1123,1123,'en',8,134),
('user',0,1123,1123,'en',9,156),
('user',0,1123,1123,'en',10,136),
('user',0,1123,1123,'en',11,154),
('user',0,1123,1123,'en',12,137),
('user',0,1123,1123,'en',13,138),
('user',0,1123,1123,'en',14,139),
('user',0,1123,1123,'en',15,152),
('user',0,1123,1123,'en',16,140),
('user',0,1123,1123,'en',17,199),
('user',0,1123,1123,'en',18,44),
('user',0,1123,1123,'en',19,143),
('user',0,1123,1123,'en',20,144),
('user',0,1123,1123,'en',21,145),
('user',0,1123,1123,'en',22,146),
('user',0,1123,1123,'en',23,147),
('user',0,1123,1123,'en',24,42),
('user',0,1123,1123,'en',25,148),
('user',0,1123,1123,'en',26,149),
('user',0,1123,1123,'en',27,205),
('user',0,1123,1123,'en',28,153),
('user',0,1123,1123,'en',29,150),
('user',0,1124,1124,'en',0,130),
('user',0,1124,1124,'en',1,131),
('user',0,1124,1124,'en',2,43),
('user',0,1124,1124,'en',3,133),
('user',0,1124,1124,'en',4,151),
('user',0,1124,1124,'en',5,135),
('user',0,1124,1124,'en',6,134),
('user',0,1124,1124,'en',7,156),
('user',0,1124,1124,'en',8,136),
('user',0,1124,1124,'en',9,154),
('user',0,1124,1124,'en',10,137),
('user',0,1124,1124,'en',11,138),
('user',0,1124,1124,'en',12,139),
('user',0,1124,1124,'en',13,140),
('user',0,1124,1124,'en',14,199),
('user',0,1124,1124,'en',15,44),
('user',0,1124,1124,'en',16,169),
('user',0,1124,1124,'en',17,144),
('user',0,1124,1124,'en',18,145),
('user',0,1124,1124,'en',19,146),
('user',0,1124,1124,'en',20,42),
('user',0,1124,1124,'en',21,148),
('user',0,1124,1124,'en',22,149),
('user',0,1125,1125,'en',0,130),
('user',0,1125,1125,'en',1,43),
('user',0,1125,1125,'en',2,132),
('user',0,1125,1125,'en',3,133),
('user',0,1125,1125,'en',4,136),
('user',0,1125,1125,'en',5,152),
('user',0,1125,1125,'en',6,140),
('user',0,1125,1125,'en',7,199),
('user',0,1125,1125,'en',8,142),
('user',0,1125,1125,'en',9,145),
('user',0,1125,1125,'en',10,146),
('user',0,1125,1125,'en',11,205),
('user',0,1126,1126,'en',0,131),
('user',0,1126,1126,'en',1,43),
('user',0,1126,1126,'en',2,132),
('user',0,1126,1126,'en',3,133),
('user',0,1126,1126,'en',4,151),
('user',0,1126,1126,'en',5,134),
('user',0,1126,1126,'en',6,136),
('user',0,1126,1126,'en',7,137),
('user',0,1126,1126,'en',8,138),
('user',0,1126,1126,'en',9,139),
('user',0,1126,1126,'en',10,152),
('user',0,1126,1126,'en',11,140),
('user',0,1126,1126,'en',12,44),
('user',0,1126,1126,'en',13,146),
('user',0,1126,1126,'en',14,205),
('user',0,1127,1127,'en',0,131),
('user',0,1127,1127,'en',1,43),
('user',0,1127,1127,'en',2,133),
('user',0,1127,1127,'en',3,135),
('user',0,1127,1127,'en',4,134),
('user',0,1127,1127,'en',5,154),
('user',0,1127,1127,'en',6,137),
('user',0,1127,1127,'en',7,139),
('user',0,1127,1127,'en',8,152),
('user',0,1127,1127,'en',9,140),
('user',0,1127,1127,'en',10,199),
('user',0,1127,1127,'en',11,44),
('user',0,1127,1127,'en',12,143),
('user',0,1127,1127,'en',13,144),
('user',0,1127,1127,'en',14,145),
('user',0,1127,1127,'en',15,146),
('user',0,1127,1127,'en',16,42),
('user',0,1127,1127,'en',17,148),
('user',0,1127,1127,'en',18,149),
('user',0,1128,1128,'en',0,130),
('user',0,1128,1128,'en',1,132),
('user',0,1128,1128,'en',2,151),
('user',0,1128,1128,'en',3,135),
('user',0,1128,1128,'en',4,134),
('user',0,1128,1128,'en',5,154),
('user',0,1128,1128,'en',6,138),
('user',0,1128,1128,'en',7,152),
('user',0,1128,1128,'en',8,140),
('user',0,1128,1128,'en',9,199),
('user',0,1128,1128,'en',10,44),
('user',0,1128,1128,'en',11,145),
('user',0,1128,1128,'en',12,146),
('user',0,1128,1128,'en',13,42),
('user',0,1128,1128,'en',14,148),
('user',0,1128,1128,'en',15,205),
('user',0,1128,1128,'en',16,153),
('user',0,1128,1128,'en',17,150),
('user',0,1129,1129,'en',0,138),
('user',0,1129,1129,'en',1,44),
('user',0,1129,1129,'en',2,143),
('user',0,1129,1129,'en',3,148),
('user',0,1130,1130,'en',0,130),
('user',0,1130,1130,'en',1,221),
('user',0,1130,1130,'en',2,131),
('user',0,1130,1130,'en',3,43),
('user',0,1130,1130,'en',4,132),
('user',0,1130,1130,'en',5,133),
('user',0,1130,1130,'en',6,135),
('user',0,1130,1130,'en',7,154),
('user',0,1130,1130,'en',8,137),
('user',0,1130,1130,'en',9,138),
('user',0,1130,1130,'en',10,139),
('user',0,1130,1130,'en',11,140),
('user',0,1130,1130,'en',12,44),
('user',0,1130,1130,'en',13,143),
('user',0,1130,1130,'en',14,144),
('user',0,1130,1130,'en',15,145),
('user',0,1130,1130,'en',16,42),
('user',0,1130,1130,'en',17,148),
('user',0,1130,1130,'en',18,205),
('user',0,1130,1130,'en',19,150),
('user',0,1131,1131,'en',0,188),
('user',0,1131,1131,'en',1,134),
('user',0,1131,1131,'en',2,136),
('user',0,1131,1131,'en',3,199),
('user',0,1131,1131,'en',4,44),
('user',0,1131,1131,'en',5,146),
('user',0,1131,1131,'en',6,148),
('user',0,1132,1132,'en',0,130),
('user',0,1132,1132,'en',1,131),
('user',0,1132,1132,'en',2,43),
('user',0,1132,1132,'en',3,132),
('user',0,1132,1132,'en',4,133),
('user',0,1132,1132,'en',5,151),
('user',0,1132,1132,'en',6,135),
('user',0,1132,1132,'en',7,134),
('user',0,1132,1132,'en',8,136),
('user',0,1132,1132,'en',9,154),
('user',0,1132,1132,'en',10,137),
('user',0,1132,1132,'en',11,138),
('user',0,1132,1132,'en',12,139),
('user',0,1132,1132,'en',13,152),
('user',0,1132,1132,'en',14,140),
('user',0,1132,1132,'en',15,199),
('user',0,1132,1132,'en',16,44),
('user',0,1132,1132,'en',17,142),
('user',0,1132,1132,'en',18,143),
('user',0,1132,1132,'en',19,169),
('user',0,1132,1132,'en',20,144),
('user',0,1132,1132,'en',21,145),
('user',0,1132,1132,'en',22,146),
('user',0,1132,1132,'en',23,147),
('user',0,1132,1132,'en',24,42),
('user',0,1132,1132,'en',25,148),
('user',0,1132,1132,'en',26,149),
('user',0,1132,1132,'en',27,205),
('user',0,1132,1132,'en',28,153),
('user',0,1132,1132,'en',29,150),
('user',0,1138,1138,'en',0,131),
('user',0,1138,1138,'en',1,43),
('user',0,1138,1138,'en',2,132),
('user',0,1138,1138,'en',3,133),
('user',0,1138,1138,'en',4,134),
('user',0,1138,1138,'en',5,137),
('user',0,1138,1138,'en',6,140),
('user',0,1138,1138,'en',7,44),
('user',0,1138,1138,'en',8,143),
('user',0,1138,1138,'en',9,150),
('user',0,1140,1140,'en',0,131),
('user',0,1140,1140,'en',1,132),
('user',0,1140,1140,'en',2,133),
('user',0,1140,1140,'en',3,135),
('user',0,1140,1140,'en',4,138),
('user',0,1140,1140,'en',5,140),
('user',0,1140,1140,'en',6,44),
('user',0,1140,1140,'en',7,42),
('user',0,1140,1140,'en',8,150),
('user',0,1142,1142,'en',0,43),
('user',0,1142,1142,'en',1,132),
('user',0,1142,1142,'en',2,133),
('user',0,1142,1142,'en',3,135),
('user',0,1142,1142,'en',4,136),
('user',0,1142,1142,'en',5,154),
('user',0,1142,1142,'en',6,152),
('user',0,1142,1142,'en',7,140),
('user',0,1142,1142,'en',8,44),
('user',0,1142,1142,'en',9,143),
('user',0,1142,1142,'en',10,144),
('user',0,1142,1142,'en',11,146),
('user',0,1143,1143,'en',0,130),
('user',0,1143,1143,'en',1,131),
('user',0,1143,1143,'en',2,132),
('user',0,1143,1143,'en',3,133),
('user',0,1143,1143,'en',4,151),
('user',0,1143,1143,'en',5,135),
('user',0,1143,1143,'en',6,134),
('user',0,1143,1143,'en',7,156),
('user',0,1143,1143,'en',8,136),
('user',0,1143,1143,'en',9,154),
('user',0,1143,1143,'en',10,137),
('user',0,1143,1143,'en',11,138),
('user',0,1143,1143,'en',12,152),
('user',0,1143,1143,'en',13,140),
('user',0,1143,1143,'en',14,44),
('user',0,1143,1143,'en',15,142),
('user',0,1143,1143,'en',16,169),
('user',0,1143,1143,'en',17,146),
('user',0,1143,1143,'en',18,42),
('user',0,1143,1143,'en',19,148),
('user',0,1143,1143,'en',20,205),
('user',0,1144,1144,'en',0,130),
('user',0,1144,1144,'en',1,188),
('user',0,1144,1144,'en',2,131),
('user',0,1144,1144,'en',3,43),
('user',0,1144,1144,'en',4,132),
('user',0,1144,1144,'en',5,133),
('user',0,1144,1144,'en',6,151),
('user',0,1144,1144,'en',7,135),
('user',0,1144,1144,'en',8,134),
('user',0,1144,1144,'en',9,136),
('user',0,1144,1144,'en',10,154),
('user',0,1144,1144,'en',11,137),
('user',0,1144,1144,'en',12,138),
('user',0,1144,1144,'en',13,139),
('user',0,1144,1144,'en',14,152),
('user',0,1144,1144,'en',15,140),
('user',0,1144,1144,'en',16,141),
('user',0,1144,1144,'en',17,44),
('user',0,1144,1144,'en',18,143),
('user',0,1144,1144,'en',19,169),
('user',0,1144,1144,'en',20,144),
('user',0,1144,1144,'en',21,145),
('user',0,1144,1144,'en',22,146),
('user',0,1144,1144,'en',23,147),
('user',0,1144,1144,'en',24,42),
('user',0,1144,1144,'en',25,148),
('user',0,1144,1144,'en',26,149),
('user',0,1144,1144,'en',27,205),
('user',0,1144,1144,'en',28,153),
('user',0,1144,1144,'en',29,150),
('user',0,1146,1146,'en',0,130),
('user',0,1146,1146,'en',1,188),
('user',0,1146,1146,'en',2,131),
('user',0,1146,1146,'en',3,43),
('user',0,1146,1146,'en',4,132),
('user',0,1146,1146,'en',5,133),
('user',0,1146,1146,'en',6,151),
('user',0,1146,1146,'en',7,135),
('user',0,1146,1146,'en',8,134),
('user',0,1146,1146,'en',9,156),
('user',0,1146,1146,'en',10,136),
('user',0,1146,1146,'en',11,154),
('user',0,1146,1146,'en',12,137),
('user',0,1146,1146,'en',13,138),
('user',0,1146,1146,'en',14,139),
('user',0,1146,1146,'en',15,152),
('user',0,1146,1146,'en',16,140),
('user',0,1146,1146,'en',17,199),
('user',0,1146,1146,'en',18,141),
('user',0,1146,1146,'en',19,44),
('user',0,1146,1146,'en',20,142),
('user',0,1146,1146,'en',21,143),
('user',0,1146,1146,'en',22,169),
('user',0,1146,1146,'en',23,144),
('user',0,1146,1146,'en',24,145),
('user',0,1146,1146,'en',25,146),
('user',0,1146,1146,'en',26,42),
('user',0,1146,1146,'en',27,148),
('user',0,1146,1146,'en',28,149),
('user',0,1146,1146,'en',29,205),
('user',0,1146,1146,'en',30,153),
('user',0,1146,1146,'en',31,150),
('user',0,1147,1147,'en',0,134),
('user',0,1147,1147,'en',1,156),
('user',0,1147,1147,'en',2,140),
('user',0,1147,1147,'en',3,199),
('user',0,1147,1147,'en',4,147),
('user',0,1149,1149,'en',0,188),
('user',0,1149,1149,'en',1,131),
('user',0,1149,1149,'en',2,43),
('user',0,1149,1149,'en',3,132),
('user',0,1149,1149,'en',4,133),
('user',0,1149,1149,'en',5,151),
('user',0,1149,1149,'en',6,135),
('user',0,1149,1149,'en',7,134),
('user',0,1149,1149,'en',8,156),
('user',0,1149,1149,'en',9,136),
('user',0,1149,1149,'en',10,154),
('user',0,1149,1149,'en',11,137),
('user',0,1149,1149,'en',12,138),
('user',0,1149,1149,'en',13,139),
('user',0,1149,1149,'en',14,152),
('user',0,1149,1149,'en',15,140),
('user',0,1149,1149,'en',16,199),
('user',0,1149,1149,'en',17,141),
('user',0,1149,1149,'en',18,44),
('user',0,1149,1149,'en',19,144),
('user',0,1149,1149,'en',20,145),
('user',0,1149,1149,'en',21,146),
('user',0,1149,1149,'en',22,147),
('user',0,1149,1149,'en',23,42),
('user',0,1149,1149,'en',24,148),
('user',0,1149,1149,'en',25,149),
('user',0,1149,1149,'en',26,205),
('user',0,1149,1149,'en',27,153),
('user',0,1149,1149,'en',28,150),
('user',0,1151,1151,'en',0,136),
('user',0,1151,1151,'en',1,44),
('user',0,1154,1154,'en',0,131),
('user',0,1154,1154,'en',1,43),
('user',0,1154,1154,'en',2,132),
('user',0,1154,1154,'en',3,156),
('user',0,1154,1154,'en',4,137),
('user',0,1154,1154,'en',5,138),
('user',0,1154,1154,'en',6,44),
('user',0,1154,1154,'en',7,169),
('user',0,1154,1154,'en',8,144),
('user',0,1154,1154,'en',9,146),
('user',0,1154,1154,'en',10,150),
('user',0,1155,1155,'en',0,131),
('user',0,1155,1155,'en',1,132),
('user',0,1155,1155,'en',2,133),
('user',0,1155,1155,'en',3,151),
('user',0,1155,1155,'en',4,134),
('user',0,1155,1155,'en',5,136),
('user',0,1155,1155,'en',6,137),
('user',0,1155,1155,'en',7,138),
('user',0,1155,1155,'en',8,139),
('user',0,1155,1155,'en',9,152),
('user',0,1155,1155,'en',10,199),
('user',0,1155,1155,'en',11,141),
('user',0,1155,1155,'en',12,44),
('user',0,1155,1155,'en',13,143),
('user',0,1155,1155,'en',14,145),
('user',0,1155,1155,'en',15,146),
('user',0,1155,1155,'en',16,147),
('user',0,1155,1155,'en',17,42),
('user',0,1155,1155,'en',18,148),
('user',0,1155,1155,'en',19,149),
('user',0,1155,1155,'en',20,205),
('user',0,1155,1155,'en',21,153),
('user',0,1155,1155,'en',22,150),
('user',0,1157,1157,'en',0,131),
('user',0,1157,1157,'en',1,43),
('user',0,1157,1157,'en',2,132),
('user',0,1157,1157,'en',3,133),
('user',0,1157,1157,'en',4,151),
('user',0,1157,1157,'en',5,135),
('user',0,1157,1157,'en',6,134),
('user',0,1157,1157,'en',7,156),
('user',0,1157,1157,'en',8,137),
('user',0,1157,1157,'en',9,138),
('user',0,1157,1157,'en',10,139),
('user',0,1157,1157,'en',11,152),
('user',0,1157,1157,'en',12,199),
('user',0,1157,1157,'en',13,44),
('user',0,1157,1157,'en',14,142),
('user',0,1157,1157,'en',15,143),
('user',0,1157,1157,'en',16,169),
('user',0,1157,1157,'en',17,144),
('user',0,1157,1157,'en',18,146),
('user',0,1157,1157,'en',19,147),
('user',0,1157,1157,'en',20,42),
('user',0,1157,1157,'en',21,148),
('user',0,1158,1158,'en',0,130),
('user',0,1158,1158,'en',1,188),
('user',0,1158,1158,'en',2,131),
('user',0,1158,1158,'en',3,43),
('user',0,1158,1158,'en',4,132),
('user',0,1158,1158,'en',5,133),
('user',0,1158,1158,'en',6,156),
('user',0,1158,1158,'en',7,154),
('user',0,1158,1158,'en',8,137),
('user',0,1158,1158,'en',9,138),
('user',0,1158,1158,'en',10,139),
('user',0,1158,1158,'en',11,199),
('user',0,1158,1158,'en',12,44),
('user',0,1158,1158,'en',13,143),
('user',0,1158,1158,'en',14,169),
('user',0,1158,1158,'en',15,144),
('user',0,1158,1158,'en',16,145),
('user',0,1158,1158,'en',17,146),
('user',0,1158,1158,'en',18,42),
('user',0,1158,1158,'en',19,148),
('user',0,1158,1158,'en',20,153),
('user',0,1159,1159,'en',0,188),
('user',0,1159,1159,'en',1,131),
('user',0,1159,1159,'en',2,43),
('user',0,1159,1159,'en',3,132),
('user',0,1159,1159,'en',4,133),
('user',0,1159,1159,'en',5,156),
('user',0,1159,1159,'en',6,136),
('user',0,1159,1159,'en',7,137),
('user',0,1159,1159,'en',8,138),
('user',0,1159,1159,'en',9,152),
('user',0,1159,1159,'en',10,44),
('user',0,1159,1159,'en',11,144),
('user',0,1159,1159,'en',12,146),
('user',0,1164,1164,'en',0,44),
('user',0,1166,1166,'en',0,130),
('user',0,1166,1166,'en',1,131),
('user',0,1166,1166,'en',2,43),
('user',0,1166,1166,'en',3,133),
('user',0,1166,1166,'en',4,135),
('user',0,1166,1166,'en',5,134),
('user',0,1166,1166,'en',6,154),
('user',0,1166,1166,'en',7,137),
('user',0,1166,1166,'en',8,138),
('user',0,1166,1166,'en',9,140),
('user',0,1166,1166,'en',10,44),
('user',0,1166,1166,'en',11,169),
('user',0,1166,1166,'en',12,205),
('user',0,1167,1167,'en',0,130),
('user',0,1167,1167,'en',1,131),
('user',0,1167,1167,'en',2,132),
('user',0,1167,1167,'en',3,135),
('user',0,1167,1167,'en',4,134),
('user',0,1167,1167,'en',5,136),
('user',0,1167,1167,'en',6,140),
('user',0,1167,1167,'en',7,199),
('user',0,1167,1167,'en',8,141),
('user',0,1167,1167,'en',9,44),
('user',0,1167,1167,'en',10,143),
('user',0,1167,1167,'en',11,144),
('user',0,1167,1167,'en',12,146),
('user',0,1167,1167,'en',13,42),
('user',0,1167,1167,'en',14,148),
('user',0,1167,1167,'en',15,153),
('user',0,1167,1167,'en',16,150),
('user',0,1168,1168,'en',0,130),
('user',0,1168,1168,'en',1,131),
('user',0,1168,1168,'en',2,43),
('user',0,1168,1168,'en',3,132),
('user',0,1168,1168,'en',4,133),
('user',0,1168,1168,'en',5,151),
('user',0,1168,1168,'en',6,135),
('user',0,1168,1168,'en',7,134),
('user',0,1168,1168,'en',8,136),
('user',0,1168,1168,'en',9,154),
('user',0,1168,1168,'en',10,137),
('user',0,1168,1168,'en',11,138),
('user',0,1168,1168,'en',12,139),
('user',0,1168,1168,'en',13,152),
('user',0,1168,1168,'en',14,140),
('user',0,1168,1168,'en',15,44),
('user',0,1168,1168,'en',16,143),
('user',0,1168,1168,'en',17,144),
('user',0,1168,1168,'en',18,145),
('user',0,1168,1168,'en',19,146),
('user',0,1168,1168,'en',20,42),
('user',0,1168,1168,'en',21,148),
('user',0,1168,1168,'en',22,149),
('user',0,1168,1168,'en',23,150),
('user',0,1169,1169,'en',0,132),
('user',0,1169,1169,'en',1,133),
('user',0,1169,1169,'en',2,154),
('user',0,1169,1169,'en',3,137),
('user',0,1169,1169,'en',4,138),
('user',0,1169,1169,'en',5,44),
('user',0,1169,1169,'en',6,145),
('user',0,1169,1169,'en',7,148),
('user',0,1169,1169,'en',8,205),
('user',0,1171,1171,'en',0,131),
('user',0,1171,1171,'en',1,43),
('user',0,1171,1171,'en',2,132),
('user',0,1171,1171,'en',3,133),
('user',0,1171,1171,'en',4,135),
('user',0,1171,1171,'en',5,136),
('user',0,1171,1171,'en',6,137),
('user',0,1171,1171,'en',7,138),
('user',0,1171,1171,'en',8,44),
('user',0,1171,1171,'en',9,146),
('user',0,1171,1171,'en',10,205),
('user',0,1171,1171,'en',11,153),
('user',0,1173,1173,'en',0,188),
('user',0,1173,1173,'en',1,131),
('user',0,1173,1173,'en',2,43),
('user',0,1173,1173,'en',3,132),
('user',0,1173,1173,'en',4,133),
('user',0,1173,1173,'en',5,151),
('user',0,1173,1173,'en',6,135),
('user',0,1173,1173,'en',7,134),
('user',0,1173,1173,'en',8,156),
('user',0,1173,1173,'en',9,136),
('user',0,1173,1173,'en',10,137),
('user',0,1173,1173,'en',11,138),
('user',0,1173,1173,'en',12,139),
('user',0,1173,1173,'en',13,152),
('user',0,1173,1173,'en',14,140),
('user',0,1173,1173,'en',15,199),
('user',0,1173,1173,'en',16,141),
('user',0,1173,1173,'en',17,44),
('user',0,1173,1173,'en',18,142),
('user',0,1173,1173,'en',19,143),
('user',0,1173,1173,'en',20,144),
('user',0,1173,1173,'en',21,145),
('user',0,1173,1173,'en',22,146),
('user',0,1173,1173,'en',23,147),
('user',0,1173,1173,'en',24,42),
('user',0,1173,1173,'en',25,148),
('user',0,1173,1173,'en',26,153),
('user',0,1173,1173,'en',27,150),
('user',0,1176,1176,'en',0,130),
('user',0,1176,1176,'en',1,131),
('user',0,1176,1176,'en',2,43),
('user',0,1176,1176,'en',3,132),
('user',0,1176,1176,'en',4,133),
('user',0,1176,1176,'en',5,151),
('user',0,1176,1176,'en',6,134),
('user',0,1176,1176,'en',7,156),
('user',0,1176,1176,'en',8,136),
('user',0,1176,1176,'en',9,154),
('user',0,1176,1176,'en',10,137),
('user',0,1176,1176,'en',11,138),
('user',0,1176,1176,'en',12,139),
('user',0,1176,1176,'en',13,152),
('user',0,1176,1176,'en',14,140),
('user',0,1176,1176,'en',15,199),
('user',0,1176,1176,'en',16,141),
('user',0,1176,1176,'en',17,44),
('user',0,1176,1176,'en',18,143),
('user',0,1176,1176,'en',19,169),
('user',0,1176,1176,'en',20,144),
('user',0,1176,1176,'en',21,145),
('user',0,1176,1176,'en',22,146),
('user',0,1176,1176,'en',23,147),
('user',0,1176,1176,'en',24,42),
('user',0,1176,1176,'en',25,148),
('user',0,1176,1176,'en',26,149),
('user',0,1176,1176,'en',27,205),
('user',0,1176,1176,'en',28,153),
('user',0,1176,1176,'en',29,150),
('user',0,1184,1184,'en',0,188),
('user',0,1184,1184,'en',1,131),
('user',0,1184,1184,'en',2,43),
('user',0,1184,1184,'en',3,132),
('user',0,1184,1184,'en',4,133),
('user',0,1184,1184,'en',5,151),
('user',0,1184,1184,'en',6,156),
('user',0,1184,1184,'en',7,136),
('user',0,1184,1184,'en',8,137),
('user',0,1184,1184,'en',9,138),
('user',0,1184,1184,'en',10,152),
('user',0,1184,1184,'en',11,44),
('user',0,1184,1184,'en',12,142),
('user',0,1184,1184,'en',13,145),
('user',0,1184,1184,'en',14,146),
('user',0,1186,1186,'en',0,130),
('user',0,1186,1186,'en',1,131),
('user',0,1186,1186,'en',2,132),
('user',0,1186,1186,'en',3,133),
('user',0,1186,1186,'en',4,135),
('user',0,1186,1186,'en',5,137),
('user',0,1186,1186,'en',6,140),
('user',0,1186,1186,'en',7,44),
('user',0,1186,1186,'en',8,146),
('user',0,1186,1186,'en',9,42),
('user',0,1186,1186,'en',10,150),
('user',0,1187,1187,'en',0,130),
('user',0,1187,1187,'en',1,188),
('user',0,1187,1187,'en',2,131),
('user',0,1187,1187,'en',3,43),
('user',0,1187,1187,'en',4,132),
('user',0,1187,1187,'en',5,133),
('user',0,1187,1187,'en',6,151),
('user',0,1187,1187,'en',7,134),
('user',0,1187,1187,'en',8,137),
('user',0,1187,1187,'en',9,138),
('user',0,1187,1187,'en',10,152),
('user',0,1187,1187,'en',11,140),
('user',0,1187,1187,'en',12,199),
('user',0,1187,1187,'en',13,141),
('user',0,1187,1187,'en',14,144),
('user',0,1187,1187,'en',15,145),
('user',0,1187,1187,'en',16,148),
('user',0,1187,1187,'en',17,153),
('user',0,1187,1187,'en',18,150),
('user',0,1190,1190,'en',0,130),
('user',0,1190,1190,'en',1,131),
('user',0,1190,1190,'en',2,134),
('user',0,1190,1190,'en',3,136),
('user',0,1190,1190,'en',4,154),
('user',0,1190,1190,'en',5,137),
('user',0,1190,1190,'en',6,138),
('user',0,1190,1190,'en',7,139),
('user',0,1190,1190,'en',8,152),
('user',0,1190,1190,'en',9,140),
('user',0,1190,1190,'en',10,199),
('user',0,1190,1190,'en',11,44),
('user',0,1190,1190,'en',12,143),
('user',0,1190,1190,'en',13,144),
('user',0,1190,1190,'en',14,145),
('user',0,1190,1190,'en',15,146),
('user',0,1190,1190,'en',16,148),
('user',0,1190,1190,'en',17,150),
('user',0,1191,1191,'en',0,130),
('user',0,1191,1191,'en',1,131),
('user',0,1191,1191,'en',2,132),
('user',0,1191,1191,'en',3,135),
('user',0,1191,1191,'en',4,134),
('user',0,1191,1191,'en',5,154),
('user',0,1191,1191,'en',6,137),
('user',0,1191,1191,'en',7,140),
('user',0,1191,1191,'en',8,141),
('user',0,1191,1191,'en',9,44),
('user',0,1191,1191,'en',10,144),
('user',0,1191,1191,'en',11,146),
('user',0,1191,1191,'en',12,147),
('user',0,1191,1191,'en',13,148),
('user',0,1191,1191,'en',14,153),
('user',0,1191,1191,'en',15,150),
('user',0,1193,1193,'en',0,131),
('user',0,1193,1193,'en',1,132),
('user',0,1193,1193,'en',2,133),
('user',0,1193,1193,'en',3,138),
('user',0,1193,1193,'en',4,139),
('user',0,1193,1193,'en',5,141),
('user',0,1193,1193,'en',6,44),
('user',0,1193,1193,'en',7,144),
('user',0,1193,1193,'en',8,42),
('user',0,1194,1194,'en',0,130),
('user',0,1194,1194,'en',1,132),
('user',0,1194,1194,'en',2,133),
('user',0,1194,1194,'en',3,151),
('user',0,1194,1194,'en',4,134),
('user',0,1194,1194,'en',5,136),
('user',0,1194,1194,'en',6,154),
('user',0,1194,1194,'en',7,137),
('user',0,1194,1194,'en',8,139),
('user',0,1194,1194,'en',9,152),
('user',0,1194,1194,'en',10,140),
('user',0,1194,1194,'en',11,199),
('user',0,1194,1194,'en',12,141),
('user',0,1194,1194,'en',13,44),
('user',0,1194,1194,'en',14,142),
('user',0,1194,1194,'en',15,143),
('user',0,1194,1194,'en',16,144),
('user',0,1194,1194,'en',17,145),
('user',0,1194,1194,'en',18,42),
('user',0,1194,1194,'en',19,148),
('user',0,1194,1194,'en',20,149),
('user',0,1194,1194,'en',21,205),
('user',0,1194,1194,'en',22,150),
('user',0,1195,1195,'en',0,133),
('user',0,1198,1198,'en',0,130),
('user',0,1198,1198,'en',1,131),
('user',0,1198,1198,'en',2,43),
('user',0,1198,1198,'en',3,132),
('user',0,1198,1198,'en',4,133),
('user',0,1198,1198,'en',5,151),
('user',0,1198,1198,'en',6,135),
('user',0,1198,1198,'en',7,134),
('user',0,1198,1198,'en',8,136),
('user',0,1198,1198,'en',9,137),
('user',0,1198,1198,'en',10,139),
('user',0,1198,1198,'en',11,152),
('user',0,1198,1198,'en',12,140),
('user',0,1198,1198,'en',13,44),
('user',0,1198,1198,'en',14,142),
('user',0,1198,1198,'en',15,144),
('user',0,1198,1198,'en',16,42),
('user',0,1198,1198,'en',17,153),
('user',0,1198,1198,'en',18,150),
('user',0,1200,1200,'en',0,130),
('user',0,1200,1200,'en',1,131),
('user',0,1200,1200,'en',2,135),
('user',0,1200,1200,'en',3,134),
('user',0,1200,1200,'en',4,154),
('user',0,1200,1200,'en',5,138),
('user',0,1200,1200,'en',6,139),
('user',0,1200,1200,'en',7,140),
('user',0,1200,1200,'en',8,199),
('user',0,1200,1200,'en',9,141),
('user',0,1200,1200,'en',10,44),
('user',0,1200,1200,'en',11,145),
('user',0,1200,1200,'en',12,147),
('user',0,1200,1200,'en',13,42),
('user',0,1200,1200,'en',14,148),
('user',0,1200,1200,'en',15,149),
('user',0,1201,1201,'en',0,130),
('user',0,1201,1201,'en',1,188),
('user',0,1201,1201,'en',2,131),
('user',0,1201,1201,'en',3,132),
('user',0,1201,1201,'en',4,133),
('user',0,1201,1201,'en',5,151),
('user',0,1201,1201,'en',6,135),
('user',0,1201,1201,'en',7,134),
('user',0,1201,1201,'en',8,156),
('user',0,1201,1201,'en',9,154),
('user',0,1201,1201,'en',10,137),
('user',0,1201,1201,'en',11,138),
('user',0,1201,1201,'en',12,139),
('user',0,1201,1201,'en',13,152),
('user',0,1201,1201,'en',14,140),
('user',0,1201,1201,'en',15,199),
('user',0,1201,1201,'en',16,141),
('user',0,1201,1201,'en',17,44),
('user',0,1201,1201,'en',18,143),
('user',0,1201,1201,'en',19,169),
('user',0,1201,1201,'en',20,144),
('user',0,1201,1201,'en',21,145),
('user',0,1201,1201,'en',22,146),
('user',0,1201,1201,'en',23,42),
('user',0,1201,1201,'en',24,148),
('user',0,1201,1201,'en',25,149),
('user',0,1201,1201,'en',26,205),
('user',0,1201,1201,'en',27,153),
('user',0,1201,1201,'en',28,150),
('user',0,1202,1202,'en',0,130),
('user',0,1202,1202,'en',1,188),
('user',0,1202,1202,'en',2,131),
('user',0,1202,1202,'en',3,43),
('user',0,1202,1202,'en',4,132),
('user',0,1202,1202,'en',5,133),
('user',0,1202,1202,'en',6,135),
('user',0,1202,1202,'en',7,136),
('user',0,1202,1202,'en',8,137),
('user',0,1202,1202,'en',9,138),
('user',0,1202,1202,'en',10,44),
('user',0,1202,1202,'en',11,142),
('user',0,1202,1202,'en',12,143),
('user',0,1202,1202,'en',13,144),
('user',0,1202,1202,'en',14,146),
('user',0,1202,1202,'en',15,147),
('user',0,1202,1202,'en',16,205),
('user',0,1202,1202,'en',17,153),
('user',0,1202,1202,'en',18,150),
('user',0,1203,1203,'en',0,130),
('user',0,1203,1203,'en',1,188),
('user',0,1203,1203,'en',2,131),
('user',0,1203,1203,'en',3,43),
('user',0,1203,1203,'en',4,132),
('user',0,1203,1203,'en',5,133),
('user',0,1203,1203,'en',6,135),
('user',0,1203,1203,'en',7,134),
('user',0,1203,1203,'en',8,156),
('user',0,1203,1203,'en',9,154),
('user',0,1203,1203,'en',10,137),
('user',0,1203,1203,'en',11,138),
('user',0,1203,1203,'en',12,139),
('user',0,1203,1203,'en',13,140),
('user',0,1203,1203,'en',14,199),
('user',0,1203,1203,'en',15,141),
('user',0,1203,1203,'en',16,44),
('user',0,1203,1203,'en',17,142),
('user',0,1203,1203,'en',18,143),
('user',0,1203,1203,'en',19,169),
('user',0,1203,1203,'en',20,144),
('user',0,1203,1203,'en',21,145),
('user',0,1203,1203,'en',22,146),
('user',0,1203,1203,'en',23,147),
('user',0,1203,1203,'en',24,42),
('user',0,1203,1203,'en',25,148),
('user',0,1203,1203,'en',26,149),
('user',0,1203,1203,'en',27,205),
('user',0,1203,1203,'en',28,153),
('user',0,1203,1203,'en',29,150),
('user',0,1210,1210,'en',0,130),
('user',0,1210,1210,'en',1,188),
('user',0,1210,1210,'en',2,132),
('user',0,1210,1210,'en',3,135),
('user',0,1210,1210,'en',4,134),
('user',0,1210,1210,'en',5,136),
('user',0,1210,1210,'en',6,154),
('user',0,1210,1210,'en',7,140),
('user',0,1210,1210,'en',8,199),
('user',0,1210,1210,'en',9,44),
('user',0,1210,1210,'en',10,143),
('user',0,1210,1210,'en',11,144),
('user',0,1210,1210,'en',12,145),
('user',0,1210,1210,'en',13,146),
('user',0,1210,1210,'en',14,147),
('user',0,1210,1210,'en',15,42),
('user',0,1210,1210,'en',16,148),
('user',0,1210,1210,'en',17,149),
('user',0,1210,1210,'en',18,150),
('user',0,1211,1211,'en',0,131),
('user',0,1211,1211,'en',1,151),
('user',0,1211,1211,'en',2,136),
('user',0,1211,1211,'en',3,154),
('user',0,1211,1211,'en',4,152),
('user',0,1211,1211,'en',5,199),
('user',0,1211,1211,'en',6,44),
('user',0,1211,1211,'en',7,145),
('user',0,1211,1211,'en',8,148),
('user',0,1211,1211,'en',9,150),
('user',0,1212,1212,'en',0,130),
('user',0,1212,1212,'en',1,188),
('user',0,1212,1212,'en',2,131),
('user',0,1212,1212,'en',3,43),
('user',0,1212,1212,'en',4,132),
('user',0,1212,1212,'en',5,133),
('user',0,1212,1212,'en',6,151),
('user',0,1212,1212,'en',7,135),
('user',0,1212,1212,'en',8,134),
('user',0,1212,1212,'en',9,156),
('user',0,1212,1212,'en',10,136),
('user',0,1212,1212,'en',11,154),
('user',0,1212,1212,'en',12,137),
('user',0,1212,1212,'en',13,138),
('user',0,1212,1212,'en',14,139),
('user',0,1212,1212,'en',15,152),
('user',0,1212,1212,'en',16,140),
('user',0,1212,1212,'en',17,199),
('user',0,1212,1212,'en',18,141),
('user',0,1212,1212,'en',19,44),
('user',0,1212,1212,'en',20,143),
('user',0,1212,1212,'en',21,169),
('user',0,1212,1212,'en',22,144),
('user',0,1212,1212,'en',23,145),
('user',0,1212,1212,'en',24,146),
('user',0,1212,1212,'en',25,147),
('user',0,1212,1212,'en',26,42),
('user',0,1212,1212,'en',27,148),
('user',0,1212,1212,'en',28,149),
('user',0,1212,1212,'en',29,205),
('user',0,1212,1212,'en',30,153),
('user',0,1212,1212,'en',31,150),
('user',0,1213,1213,'en',0,132),
('user',0,1213,1213,'en',1,133),
('user',0,1213,1213,'en',2,135),
('user',0,1213,1213,'en',3,138),
('user',0,1213,1213,'en',4,152),
('user',0,1214,1214,'en',0,131),
('user',0,1214,1214,'en',1,132),
('user',0,1214,1214,'en',2,135),
('user',0,1214,1214,'en',3,136),
('user',0,1214,1214,'en',4,44),
('user',0,1214,1214,'en',5,143),
('user',0,1214,1214,'en',6,144),
('user',0,1214,1214,'en',7,146),
('user',0,1214,1214,'en',8,150),
('user',0,1215,1215,'en',0,130),
('user',0,1215,1215,'en',1,131),
('user',0,1215,1215,'en',2,43),
('user',0,1215,1215,'en',3,133),
('user',0,1215,1215,'en',4,151),
('user',0,1215,1215,'en',5,135),
('user',0,1215,1215,'en',6,134),
('user',0,1215,1215,'en',7,136),
('user',0,1215,1215,'en',8,137),
('user',0,1215,1215,'en',9,138),
('user',0,1215,1215,'en',10,139),
('user',0,1215,1215,'en',11,152),
('user',0,1215,1215,'en',12,140),
('user',0,1215,1215,'en',13,199),
('user',0,1215,1215,'en',14,141),
('user',0,1215,1215,'en',15,44),
('user',0,1215,1215,'en',16,143),
('user',0,1215,1215,'en',17,169),
('user',0,1215,1215,'en',18,144),
('user',0,1215,1215,'en',19,145),
('user',0,1215,1215,'en',20,146),
('user',0,1215,1215,'en',21,42),
('user',0,1215,1215,'en',22,148),
('user',0,1215,1215,'en',23,149),
('user',0,1215,1215,'en',24,205),
('user',0,1215,1215,'en',25,150),
('user',0,1216,1216,'en',0,131),
('user',0,1216,1216,'en',1,43),
('user',0,1216,1216,'en',2,132),
('user',0,1216,1216,'en',3,133),
('user',0,1216,1216,'en',4,135),
('user',0,1216,1216,'en',5,134),
('user',0,1216,1216,'en',6,136),
('user',0,1216,1216,'en',7,137),
('user',0,1216,1216,'en',8,152),
('user',0,1216,1216,'en',9,140),
('user',0,1216,1216,'en',10,44),
('user',0,1216,1216,'en',11,144),
('user',0,1216,1216,'en',12,146),
('user',0,1216,1216,'en',13,148),
('user',0,1216,1216,'en',14,149),
('user',0,1217,1217,'en',0,130),
('user',0,1217,1217,'en',1,131),
('user',0,1217,1217,'en',2,43),
('user',0,1217,1217,'en',3,132),
('user',0,1217,1217,'en',4,133),
('user',0,1217,1217,'en',5,151),
('user',0,1217,1217,'en',6,134),
('user',0,1217,1217,'en',7,136),
('user',0,1217,1217,'en',8,154),
('user',0,1217,1217,'en',9,137),
('user',0,1217,1217,'en',10,138),
('user',0,1217,1217,'en',11,152),
('user',0,1217,1217,'en',12,140),
('user',0,1217,1217,'en',13,199),
('user',0,1217,1217,'en',14,146),
('user',0,1217,1217,'en',15,42),
('user',0,1217,1217,'en',16,148),
('user',0,1217,1217,'en',17,149),
('user',0,1218,1218,'en',0,130),
('user',0,1218,1218,'en',1,43),
('user',0,1218,1218,'en',2,133),
('user',0,1218,1218,'en',3,156),
('user',0,1218,1218,'en',4,154),
('user',0,1218,1218,'en',5,138),
('user',0,1218,1218,'en',6,139),
('user',0,1218,1218,'en',7,152),
('user',0,1218,1218,'en',8,140),
('user',0,1218,1218,'en',9,142),
('user',0,1218,1218,'en',10,205),
('user',0,1219,1219,'en',0,130),
('user',0,1219,1219,'en',1,221),
('user',0,1219,1219,'en',2,131),
('user',0,1219,1219,'en',3,43),
('user',0,1219,1219,'en',4,132),
('user',0,1219,1219,'en',5,133),
('user',0,1219,1219,'en',6,151),
('user',0,1219,1219,'en',7,135),
('user',0,1219,1219,'en',8,134),
('user',0,1219,1219,'en',9,154),
('user',0,1219,1219,'en',10,138),
('user',0,1219,1219,'en',11,139),
('user',0,1219,1219,'en',12,152),
('user',0,1219,1219,'en',13,140),
('user',0,1219,1219,'en',14,44),
('user',0,1219,1219,'en',15,143),
('user',0,1219,1219,'en',16,169),
('user',0,1219,1219,'en',17,144),
('user',0,1219,1219,'en',18,145),
('user',0,1219,1219,'en',19,147),
('user',0,1219,1219,'en',20,149),
('user',0,1219,1219,'en',21,150),
('user',0,1220,1220,'en',0,130),
('user',0,1220,1220,'en',1,188),
('user',0,1220,1220,'en',2,131),
('user',0,1220,1220,'en',3,43),
('user',0,1220,1220,'en',4,132),
('user',0,1220,1220,'en',5,133),
('user',0,1220,1220,'en',6,151),
('user',0,1220,1220,'en',7,135),
('user',0,1220,1220,'en',8,134),
('user',0,1220,1220,'en',9,156),
('user',0,1220,1220,'en',10,136),
('user',0,1220,1220,'en',11,154),
('user',0,1220,1220,'en',12,137),
('user',0,1220,1220,'en',13,138),
('user',0,1220,1220,'en',14,139),
('user',0,1220,1220,'en',15,152),
('user',0,1220,1220,'en',16,140),
('user',0,1220,1220,'en',17,199),
('user',0,1220,1220,'en',18,44),
('user',0,1220,1220,'en',19,143),
('user',0,1220,1220,'en',20,169),
('user',0,1220,1220,'en',21,144),
('user',0,1220,1220,'en',22,145),
('user',0,1220,1220,'en',23,146),
('user',0,1220,1220,'en',24,147),
('user',0,1220,1220,'en',25,42),
('user',0,1220,1220,'en',26,148),
('user',0,1220,1220,'en',27,149),
('user',0,1220,1220,'en',28,205),
('user',0,1220,1220,'en',29,150),
('user',0,1223,1223,'en',0,131),
('user',0,1223,1223,'en',1,43),
('user',0,1223,1223,'en',2,133),
('user',0,1223,1223,'en',3,134),
('user',0,1223,1223,'en',4,137),
('user',0,1223,1223,'en',5,140),
('user',0,1223,1223,'en',6,144),
('user',0,1223,1223,'en',7,145),
('user',0,1223,1223,'en',8,42),
('user',0,1224,1224,'en',0,131),
('user',0,1224,1224,'en',1,43),
('user',0,1224,1224,'en',2,134),
('user',0,1224,1224,'en',3,137),
('user',0,1224,1224,'en',4,139),
('user',0,1224,1224,'en',5,199),
('user',0,1224,1224,'en',6,44),
('user',0,1224,1224,'en',7,143),
('user',0,1224,1224,'en',8,144),
('user',0,1224,1224,'en',9,147),
('user',0,1224,1224,'en',10,150),
('user',0,1227,1227,'en',0,188),
('user',0,1227,1227,'en',1,221),
('user',0,1227,1227,'en',2,131),
('user',0,1227,1227,'en',3,43),
('user',0,1227,1227,'en',4,132),
('user',0,1227,1227,'en',5,133),
('user',0,1227,1227,'en',6,151),
('user',0,1227,1227,'en',7,135),
('user',0,1227,1227,'en',8,134),
('user',0,1227,1227,'en',9,156),
('user',0,1227,1227,'en',10,136),
('user',0,1227,1227,'en',11,154),
('user',0,1227,1227,'en',12,137),
('user',0,1227,1227,'en',13,138),
('user',0,1227,1227,'en',14,139),
('user',0,1227,1227,'en',15,152),
('user',0,1227,1227,'en',16,140),
('user',0,1227,1227,'en',17,227),
('user',0,1227,1227,'en',18,199),
('user',0,1227,1227,'en',19,44),
('user',0,1227,1227,'en',20,143),
('user',0,1227,1227,'en',21,144),
('user',0,1227,1227,'en',22,145),
('user',0,1227,1227,'en',23,146),
('user',0,1227,1227,'en',24,147),
('user',0,1227,1227,'en',25,148),
('user',0,1227,1227,'en',26,149),
('user',0,1227,1227,'en',27,205),
('user',0,1227,1227,'en',28,153),
('user',0,1227,1227,'en',29,150),
('user',0,1228,1228,'en',0,131),
('user',0,1228,1228,'en',1,43),
('user',0,1228,1228,'en',2,151),
('user',0,1228,1228,'en',3,135),
('user',0,1228,1228,'en',4,136),
('user',0,1228,1228,'en',5,154),
('user',0,1228,1228,'en',6,152),
('user',0,1228,1228,'en',7,199),
('user',0,1228,1228,'en',8,44),
('user',0,1228,1228,'en',9,169),
('user',0,1228,1228,'en',10,146),
('user',0,1228,1228,'en',11,148),
('user',0,1228,1228,'en',12,150),
('user',0,1229,1229,'en',0,131),
('user',0,1229,1229,'en',1,43),
('user',0,1229,1229,'en',2,132),
('user',0,1229,1229,'en',3,133),
('user',0,1229,1229,'en',4,151),
('user',0,1229,1229,'en',5,135),
('user',0,1229,1229,'en',6,134),
('user',0,1229,1229,'en',7,136),
('user',0,1229,1229,'en',8,137),
('user',0,1229,1229,'en',9,138),
('user',0,1229,1229,'en',10,139),
('user',0,1229,1229,'en',11,152),
('user',0,1229,1229,'en',12,140),
('user',0,1229,1229,'en',13,199),
('user',0,1229,1229,'en',14,44),
('user',0,1229,1229,'en',15,142),
('user',0,1229,1229,'en',16,143),
('user',0,1229,1229,'en',17,169),
('user',0,1229,1229,'en',18,144),
('user',0,1229,1229,'en',19,146),
('user',0,1229,1229,'en',20,147),
('user',0,1229,1229,'en',21,205),
('user',0,1229,1229,'en',22,153),
('user',0,1229,1229,'en',23,150),
('user',0,1233,1233,'en',0,130),
('user',0,1233,1233,'en',1,43),
('user',0,1233,1233,'en',2,133),
('user',0,1233,1233,'en',3,135),
('user',0,1233,1233,'en',4,136),
('user',0,1233,1233,'en',5,154),
('user',0,1233,1233,'en',6,139),
('user',0,1233,1233,'en',7,152),
('user',0,1233,1233,'en',8,199),
('user',0,1233,1233,'en',9,44),
('user',0,1233,1233,'en',10,142),
('user',0,1233,1233,'en',11,169),
('user',0,1233,1233,'en',12,145),
('user',0,1234,1234,'en',0,131),
('user',0,1234,1234,'en',1,132),
('user',0,1234,1234,'en',2,133),
('user',0,1234,1234,'en',3,135),
('user',0,1238,1238,'en',0,133),
('user',0,1243,1243,'en',0,136),
('user',0,1243,1243,'en',1,44),
('user',0,1243,1243,'en',2,146),
('user',0,1244,1244,'en',0,130),
('user',0,1244,1244,'en',1,188),
('user',0,1244,1244,'en',2,131),
('user',0,1244,1244,'en',3,43),
('user',0,1244,1244,'en',4,132),
('user',0,1244,1244,'en',5,133),
('user',0,1244,1244,'en',6,135),
('user',0,1244,1244,'en',7,134),
('user',0,1244,1244,'en',8,156),
('user',0,1244,1244,'en',9,154),
('user',0,1244,1244,'en',10,137),
('user',0,1244,1244,'en',11,138),
('user',0,1244,1244,'en',12,44),
('user',0,1244,1244,'en',13,142),
('user',0,1244,1244,'en',14,169),
('user',0,1244,1244,'en',15,144),
('user',0,1244,1244,'en',16,146),
('user',0,1244,1244,'en',17,147),
('user',0,1244,1244,'en',18,205),
('user',0,1244,1244,'en',19,153),
('user',0,1244,1244,'en',20,150),
('user',0,1247,1247,'en',0,132),
('user',0,1247,1247,'en',1,134),
('user',0,1247,1247,'en',2,154),
('user',0,1247,1247,'en',3,137),
('user',0,1247,1247,'en',4,138),
('user',0,1247,1247,'en',5,152),
('user',0,1247,1247,'en',6,140),
('user',0,1248,1248,'en',0,131),
('user',0,1248,1248,'en',1,132),
('user',0,1248,1248,'en',2,133),
('user',0,1248,1248,'en',3,134),
('user',0,1248,1248,'en',4,137),
('user',0,1248,1248,'en',5,138),
('user',0,1248,1248,'en',6,140),
('user',0,1248,1248,'en',7,199),
('user',0,1248,1248,'en',8,44),
('user',0,1248,1248,'en',9,144),
('user',0,1248,1248,'en',10,145),
('user',0,1248,1248,'en',11,146),
('user',0,1249,1249,'en',0,130),
('user',0,1249,1249,'en',1,221),
('user',0,1249,1249,'en',2,131),
('user',0,1249,1249,'en',3,43),
('user',0,1249,1249,'en',4,133),
('user',0,1249,1249,'en',5,135),
('user',0,1249,1249,'en',6,134),
('user',0,1249,1249,'en',7,136),
('user',0,1249,1249,'en',8,154),
('user',0,1249,1249,'en',9,137),
('user',0,1249,1249,'en',10,138),
('user',0,1249,1249,'en',11,139),
('user',0,1249,1249,'en',12,227),
('user',0,1249,1249,'en',13,199),
('user',0,1249,1249,'en',14,44),
('user',0,1249,1249,'en',15,144),
('user',0,1249,1249,'en',16,145),
('user',0,1249,1249,'en',17,146),
('user',0,1249,1249,'en',18,42),
('user',0,1249,1249,'en',19,148),
('user',0,1249,1249,'en',20,149),
('user',0,1249,1249,'en',21,153),
('user',0,1249,1249,'en',22,150),
('user',0,1250,1250,'en',0,130),
('user',0,1250,1250,'en',1,131),
('user',0,1250,1250,'en',2,43),
('user',0,1250,1250,'en',3,132),
('user',0,1250,1250,'en',4,133),
('user',0,1250,1250,'en',5,151),
('user',0,1250,1250,'en',6,135),
('user',0,1250,1250,'en',7,134),
('user',0,1250,1250,'en',8,136),
('user',0,1250,1250,'en',9,154),
('user',0,1250,1250,'en',10,137),
('user',0,1250,1250,'en',11,138),
('user',0,1250,1250,'en',12,139),
('user',0,1250,1250,'en',13,152),
('user',0,1250,1250,'en',14,140),
('user',0,1250,1250,'en',15,199),
('user',0,1250,1250,'en',16,141),
('user',0,1250,1250,'en',17,44),
('user',0,1250,1250,'en',18,142),
('user',0,1250,1250,'en',19,143),
('user',0,1250,1250,'en',20,169),
('user',0,1250,1250,'en',21,144),
('user',0,1250,1250,'en',22,145),
('user',0,1250,1250,'en',23,146),
('user',0,1250,1250,'en',24,147),
('user',0,1250,1250,'en',25,42),
('user',0,1250,1250,'en',26,148),
('user',0,1250,1250,'en',27,149),
('user',0,1250,1250,'en',28,205),
('user',0,1250,1250,'en',29,153),
('user',0,1250,1250,'en',30,150),
('user',0,1260,1260,'en',0,132),
('user',0,1260,1260,'en',1,135),
('user',0,1260,1260,'en',2,136),
('user',0,1260,1260,'en',3,138),
('user',0,1260,1260,'en',4,44),
('user',0,1260,1260,'en',5,146),
('user',0,1261,1261,'en',0,188),
('user',0,1261,1261,'en',1,131),
('user',0,1261,1261,'en',2,43),
('user',0,1261,1261,'en',3,133),
('user',0,1261,1261,'en',4,152),
('user',0,1261,1261,'en',5,44),
('user',0,1261,1261,'en',6,144),
('user',0,1261,1261,'en',7,146),
('user',0,1263,1263,'en',0,130),
('user',0,1263,1263,'en',1,131),
('user',0,1263,1263,'en',2,43),
('user',0,1263,1263,'en',3,132),
('user',0,1263,1263,'en',4,133),
('user',0,1263,1263,'en',5,135),
('user',0,1263,1263,'en',6,134),
('user',0,1263,1263,'en',7,136),
('user',0,1263,1263,'en',8,154),
('user',0,1263,1263,'en',9,137),
('user',0,1263,1263,'en',10,138),
('user',0,1263,1263,'en',11,152),
('user',0,1263,1263,'en',12,140),
('user',0,1263,1263,'en',13,44),
('user',0,1263,1263,'en',14,143),
('user',0,1263,1263,'en',15,145),
('user',0,1263,1263,'en',16,146),
('user',0,1263,1263,'en',17,42),
('user',0,1263,1263,'en',18,148),
('user',0,1263,1263,'en',19,149),
('user',0,1263,1263,'en',20,205),
('user',0,1263,1263,'en',21,150),
('user',0,1264,1264,'en',0,133),
('user',0,1267,1267,'en',0,130),
('user',0,1267,1267,'en',1,131),
('user',0,1267,1267,'en',2,43),
('user',0,1267,1267,'en',3,132),
('user',0,1267,1267,'en',4,133),
('user',0,1267,1267,'en',5,135),
('user',0,1267,1267,'en',6,134),
('user',0,1267,1267,'en',7,156),
('user',0,1267,1267,'en',8,136),
('user',0,1267,1267,'en',9,154),
('user',0,1267,1267,'en',10,137),
('user',0,1267,1267,'en',11,138),
('user',0,1267,1267,'en',12,152),
('user',0,1267,1267,'en',13,140),
('user',0,1267,1267,'en',14,44),
('user',0,1267,1267,'en',15,142),
('user',0,1267,1267,'en',16,143),
('user',0,1267,1267,'en',17,169),
('user',0,1267,1267,'en',18,144),
('user',0,1267,1267,'en',19,205),
('user',0,1267,1267,'en',20,150),
('user',0,1270,1270,'en',0,130),
('user',0,1270,1270,'en',1,188),
('user',0,1270,1270,'en',2,131),
('user',0,1270,1270,'en',3,43),
('user',0,1270,1270,'en',4,132),
('user',0,1270,1270,'en',5,133),
('user',0,1270,1270,'en',6,151),
('user',0,1270,1270,'en',7,135),
('user',0,1270,1270,'en',8,134),
('user',0,1270,1270,'en',9,156),
('user',0,1270,1270,'en',10,136),
('user',0,1270,1270,'en',11,154),
('user',0,1270,1270,'en',12,137),
('user',0,1270,1270,'en',13,138),
('user',0,1270,1270,'en',14,139),
('user',0,1270,1270,'en',15,152),
('user',0,1270,1270,'en',16,140),
('user',0,1270,1270,'en',17,199),
('user',0,1270,1270,'en',18,141),
('user',0,1270,1270,'en',19,44),
('user',0,1270,1270,'en',20,142),
('user',0,1270,1270,'en',21,143),
('user',0,1270,1270,'en',22,169),
('user',0,1270,1270,'en',23,144),
('user',0,1270,1270,'en',24,145),
('user',0,1270,1270,'en',25,146),
('user',0,1270,1270,'en',26,147),
('user',0,1270,1270,'en',27,42),
('user',0,1270,1270,'en',28,148),
('user',0,1270,1270,'en',29,149),
('user',0,1270,1270,'en',30,205),
('user',0,1270,1270,'en',31,153),
('user',0,1270,1270,'en',32,150),
('user',0,1271,1271,'en',0,130),
('user',0,1271,1271,'en',1,131),
('user',0,1271,1271,'en',2,43),
('user',0,1271,1271,'en',3,132),
('user',0,1271,1271,'en',4,133),
('user',0,1271,1271,'en',5,135),
('user',0,1271,1271,'en',6,134),
('user',0,1271,1271,'en',7,136),
('user',0,1271,1271,'en',8,154),
('user',0,1271,1271,'en',9,137),
('user',0,1271,1271,'en',10,138),
('user',0,1271,1271,'en',11,140),
('user',0,1271,1271,'en',12,199),
('user',0,1271,1271,'en',13,44),
('user',0,1271,1271,'en',14,142),
('user',0,1271,1271,'en',15,143),
('user',0,1271,1271,'en',16,169),
('user',0,1271,1271,'en',17,144),
('user',0,1271,1271,'en',18,145),
('user',0,1271,1271,'en',19,146),
('user',0,1271,1271,'en',20,42),
('user',0,1271,1271,'en',21,148),
('user',0,1271,1271,'en',22,153),
('user',0,1271,1271,'en',23,150),
('user',0,1274,1274,'en',0,188),
('user',0,1274,1274,'en',1,221),
('user',0,1274,1274,'en',2,131),
('user',0,1274,1274,'en',3,43),
('user',0,1274,1274,'en',4,132),
('user',0,1274,1274,'en',5,133),
('user',0,1274,1274,'en',6,135),
('user',0,1274,1274,'en',7,134),
('user',0,1274,1274,'en',8,139),
('user',0,1274,1274,'en',9,152),
('user',0,1274,1274,'en',10,140),
('user',0,1274,1274,'en',11,227),
('user',0,1274,1274,'en',12,44),
('user',0,1274,1274,'en',13,142),
('user',0,1274,1274,'en',14,143),
('user',0,1274,1274,'en',15,144),
('user',0,1274,1274,'en',16,146),
('user',0,1274,1274,'en',17,42),
('user',0,1274,1274,'en',18,150),
('user',0,1276,1276,'en',0,130),
('user',0,1276,1276,'en',1,131),
('user',0,1276,1276,'en',2,43),
('user',0,1276,1276,'en',3,132),
('user',0,1276,1276,'en',4,133),
('user',0,1276,1276,'en',5,151),
('user',0,1276,1276,'en',6,134),
('user',0,1276,1276,'en',7,136),
('user',0,1276,1276,'en',8,154),
('user',0,1276,1276,'en',9,137),
('user',0,1276,1276,'en',10,138),
('user',0,1276,1276,'en',11,152),
('user',0,1276,1276,'en',12,140),
('user',0,1276,1276,'en',13,199),
('user',0,1276,1276,'en',14,141),
('user',0,1276,1276,'en',15,44),
('user',0,1276,1276,'en',16,143),
('user',0,1276,1276,'en',17,169),
('user',0,1276,1276,'en',18,144),
('user',0,1276,1276,'en',19,145),
('user',0,1276,1276,'en',20,146),
('user',0,1276,1276,'en',21,42),
('user',0,1276,1276,'en',22,148),
('user',0,1276,1276,'en',23,149),
('user',0,1276,1276,'en',24,153),
('user',0,1276,1276,'en',25,150),
('user',0,1278,1278,'en',0,131),
('user',0,1278,1278,'en',1,133),
('user',0,1278,1278,'en',2,134),
('user',0,1278,1278,'en',3,138),
('user',0,1278,1278,'en',4,140),
('user',0,1278,1278,'en',5,199),
('user',0,1278,1278,'en',6,44),
('user',0,1279,1279,'en',0,131),
('user',0,1279,1279,'en',1,133),
('user',0,1279,1279,'en',2,134),
('user',0,1279,1279,'en',3,138),
('user',0,1279,1279,'en',4,140),
('user',0,1279,1279,'en',5,199),
('user',0,1279,1279,'en',6,44),
('user',0,1280,1280,'en',0,43),
('user',0,1280,1280,'en',1,133),
('user',0,1280,1280,'en',2,151),
('user',0,1280,1280,'en',3,136),
('user',0,1280,1280,'en',4,140),
('user',0,1281,1281,'en',0,130),
('user',0,1281,1281,'en',1,131),
('user',0,1281,1281,'en',2,43),
('user',0,1281,1281,'en',3,132),
('user',0,1281,1281,'en',4,133),
('user',0,1281,1281,'en',5,137),
('user',0,1281,1281,'en',6,138),
('user',0,1281,1281,'en',7,139),
('user',0,1281,1281,'en',8,140),
('user',0,1281,1281,'en',9,44),
('user',0,1281,1281,'en',10,143),
('user',0,1281,1281,'en',11,145),
('user',0,1281,1281,'en',12,146),
('user',0,1281,1281,'en',13,42),
('user',0,1281,1281,'en',14,205),
('user',0,1281,1281,'en',15,150),
('user',0,1282,1282,'en',0,130),
('user',0,1282,1282,'en',1,131),
('user',0,1282,1282,'en',2,43),
('user',0,1282,1282,'en',3,132),
('user',0,1282,1282,'en',4,133),
('user',0,1282,1282,'en',5,135),
('user',0,1282,1282,'en',6,134),
('user',0,1282,1282,'en',7,154),
('user',0,1282,1282,'en',8,137),
('user',0,1282,1282,'en',9,138),
('user',0,1282,1282,'en',10,140),
('user',0,1282,1282,'en',11,44),
('user',0,1282,1282,'en',12,142),
('user',0,1282,1282,'en',13,169),
('user',0,1282,1282,'en',14,145),
('user',0,1282,1282,'en',15,146),
('user',0,1282,1282,'en',16,148),
('user',0,1291,1291,'en',0,130),
('user',0,1291,1291,'en',1,188),
('user',0,1291,1291,'en',2,132),
('user',0,1291,1291,'en',3,138),
('user',0,1291,1291,'en',4,139),
('user',0,1291,1291,'en',5,44),
('user',0,1291,1291,'en',6,148),
('user',0,1291,1291,'en',7,150),
('user',0,1294,1294,'en',0,131),
('user',0,1294,1294,'en',1,43),
('user',0,1294,1294,'en',2,133),
('user',0,1294,1294,'en',3,134),
('user',0,1294,1294,'en',4,156),
('user',0,1294,1294,'en',5,154),
('user',0,1294,1294,'en',6,137),
('user',0,1294,1294,'en',7,140),
('user',0,1295,1295,'en',0,132),
('user',0,1295,1295,'en',1,133),
('user',0,1295,1295,'en',2,135),
('user',0,1295,1295,'en',3,134),
('user',0,1295,1295,'en',4,136),
('user',0,1295,1295,'en',5,137),
('user',0,1295,1295,'en',6,152),
('user',0,1295,1295,'en',7,140),
('user',0,1295,1295,'en',8,44),
('user',0,1295,1295,'en',9,145),
('user',0,1295,1295,'en',10,147),
('user',0,1296,1296,'en',0,130),
('user',0,1296,1296,'en',1,188),
('user',0,1296,1296,'en',2,131),
('user',0,1296,1296,'en',3,43),
('user',0,1296,1296,'en',4,132),
('user',0,1296,1296,'en',5,133),
('user',0,1296,1296,'en',6,135),
('user',0,1296,1296,'en',7,134),
('user',0,1296,1296,'en',8,156),
('user',0,1296,1296,'en',9,136),
('user',0,1296,1296,'en',10,139),
('user',0,1296,1296,'en',11,140),
('user',0,1296,1296,'en',12,199),
('user',0,1296,1296,'en',13,44),
('user',0,1296,1296,'en',14,144),
('user',0,1296,1296,'en',15,145),
('user',0,1296,1296,'en',16,146),
('user',0,1296,1296,'en',17,147),
('user',0,1296,1296,'en',18,42),
('user',0,1296,1296,'en',19,148),
('user',0,1296,1296,'en',20,149),
('user',0,1296,1296,'en',21,205),
('user',0,1297,1297,'en',0,188),
('user',0,1297,1297,'en',1,131),
('user',0,1297,1297,'en',2,43),
('user',0,1297,1297,'en',3,132),
('user',0,1297,1297,'en',4,133),
('user',0,1297,1297,'en',5,135),
('user',0,1297,1297,'en',6,134),
('user',0,1297,1297,'en',7,136),
('user',0,1297,1297,'en',8,137),
('user',0,1297,1297,'en',9,138),
('user',0,1297,1297,'en',10,140),
('user',0,1297,1297,'en',11,44),
('user',0,1297,1297,'en',12,144),
('user',0,1297,1297,'en',13,145),
('user',0,1297,1297,'en',14,146),
('user',0,1297,1297,'en',15,205),
('user',0,1297,1297,'en',16,153),
('user',0,1297,1297,'en',17,150),
('user',0,1299,1299,'en',0,130),
('user',0,1299,1299,'en',1,131),
('user',0,1299,1299,'en',2,134),
('user',0,1299,1299,'en',3,154),
('user',0,1299,1299,'en',4,137),
('user',0,1299,1299,'en',5,140),
('user',0,1300,1300,'en',0,131),
('user',0,1300,1300,'en',1,43),
('user',0,1300,1300,'en',2,132),
('user',0,1300,1300,'en',3,133),
('user',0,1300,1300,'en',4,135),
('user',0,1300,1300,'en',5,134),
('user',0,1300,1300,'en',6,136),
('user',0,1300,1300,'en',7,138),
('user',0,1300,1300,'en',8,140),
('user',0,1300,1300,'en',9,44),
('user',0,1300,1300,'en',10,143),
('user',0,1300,1300,'en',11,144),
('user',0,1300,1300,'en',12,145),
('user',0,1300,1300,'en',13,146),
('user',0,1300,1300,'en',14,148),
('user',0,1300,1300,'en',15,149),
('user',0,1301,1301,'en',0,131),
('user',0,1301,1301,'en',1,43),
('user',0,1301,1301,'en',2,132),
('user',0,1301,1301,'en',3,133),
('user',0,1301,1301,'en',4,134),
('user',0,1301,1301,'en',5,137),
('user',0,1301,1301,'en',6,140),
('user',0,1301,1301,'en',7,44),
('user',0,1301,1301,'en',8,144),
('user',0,1301,1301,'en',9,146),
('user',0,1302,1302,'en',0,130),
('user',0,1302,1302,'en',1,131),
('user',0,1302,1302,'en',2,43),
('user',0,1302,1302,'en',3,133),
('user',0,1302,1302,'en',4,134),
('user',0,1302,1302,'en',5,156),
('user',0,1302,1302,'en',6,136),
('user',0,1302,1302,'en',7,137),
('user',0,1302,1302,'en',8,138),
('user',0,1302,1302,'en',9,44),
('user',0,1302,1302,'en',10,144),
('user',0,1302,1302,'en',11,146),
('user',0,1302,1302,'en',12,42),
('user',0,1308,1308,'en',0,130),
('user',0,1308,1308,'en',1,132),
('user',0,1308,1308,'en',2,134),
('user',0,1308,1308,'en',3,154),
('user',0,1308,1308,'en',4,137),
('user',0,1308,1308,'en',5,138),
('user',0,1308,1308,'en',6,139),
('user',0,1308,1308,'en',7,152),
('user',0,1308,1308,'en',8,140),
('user',0,1308,1308,'en',9,199),
('user',0,1308,1308,'en',10,44),
('user',0,1308,1308,'en',11,169),
('user',0,1308,1308,'en',12,144),
('user',0,1308,1308,'en',13,145),
('user',0,1308,1308,'en',14,146),
('user',0,1308,1308,'en',15,147),
('user',0,1308,1308,'en',16,42),
('user',0,1308,1308,'en',17,148),
('user',0,1308,1308,'en',18,149),
('user',0,1308,1308,'en',19,153),
('user',0,1312,1312,'en',0,132),
('user',0,1312,1312,'en',1,133),
('user',0,1312,1312,'en',2,44),
('user',0,1313,1313,'en',0,130),
('user',0,1313,1313,'en',1,131),
('user',0,1313,1313,'en',2,43),
('user',0,1313,1313,'en',3,132),
('user',0,1313,1313,'en',4,133),
('user',0,1313,1313,'en',5,135),
('user',0,1313,1313,'en',6,134),
('user',0,1313,1313,'en',7,154),
('user',0,1313,1313,'en',8,137),
('user',0,1313,1313,'en',9,138),
('user',0,1313,1313,'en',10,139),
('user',0,1313,1313,'en',11,140),
('user',0,1313,1313,'en',12,44),
('user',0,1313,1313,'en',13,142),
('user',0,1313,1313,'en',14,143),
('user',0,1313,1313,'en',15,144),
('user',0,1313,1313,'en',16,145),
('user',0,1313,1313,'en',17,205),
('user',0,1315,1315,'en',0,130),
('user',0,1315,1315,'en',1,43),
('user',0,1315,1315,'en',2,132),
('user',0,1315,1315,'en',3,133),
('user',0,1315,1315,'en',4,134),
('user',0,1315,1315,'en',5,154),
('user',0,1315,1315,'en',6,140),
('user',0,1315,1315,'en',7,205),
('user',0,1315,1315,'en',8,153),
('user',0,1316,1316,'en',0,130),
('user',0,1316,1316,'en',1,188),
('user',0,1316,1316,'en',2,131),
('user',0,1316,1316,'en',3,132),
('user',0,1316,1316,'en',4,151),
('user',0,1316,1316,'en',5,135),
('user',0,1316,1316,'en',6,136),
('user',0,1316,1316,'en',7,140),
('user',0,1316,1316,'en',8,199),
('user',0,1316,1316,'en',9,44),
('user',0,1316,1316,'en',10,143),
('user',0,1316,1316,'en',11,144),
('user',0,1316,1316,'en',12,146),
('user',0,1316,1316,'en',13,42),
('user',0,1316,1316,'en',14,150),
('user',0,1317,1317,'en',0,130),
('user',0,1317,1317,'en',1,131),
('user',0,1317,1317,'en',2,43),
('user',0,1317,1317,'en',3,132),
('user',0,1317,1317,'en',4,133),
('user',0,1317,1317,'en',5,134),
('user',0,1317,1317,'en',6,154),
('user',0,1317,1317,'en',7,137),
('user',0,1317,1317,'en',8,140),
('user',0,1317,1317,'en',9,199),
('user',0,1317,1317,'en',10,44),
('user',0,1317,1317,'en',11,143),
('user',0,1317,1317,'en',12,169),
('user',0,1317,1317,'en',13,144),
('user',0,1317,1317,'en',14,145),
('user',0,1317,1317,'en',15,146),
('user',0,1317,1317,'en',16,42),
('user',0,1317,1317,'en',17,148),
('user',0,1317,1317,'en',18,149),
('user',0,1317,1317,'en',19,205),
('user',0,1317,1317,'en',20,153),
('user',0,1317,1317,'en',21,150),
('user',0,1318,1318,'en',0,131),
('user',0,1318,1318,'en',1,43),
('user',0,1318,1318,'en',2,132),
('user',0,1318,1318,'en',3,133),
('user',0,1318,1318,'en',4,151),
('user',0,1318,1318,'en',5,134),
('user',0,1318,1318,'en',6,136),
('user',0,1318,1318,'en',7,137),
('user',0,1318,1318,'en',8,138),
('user',0,1318,1318,'en',9,152),
('user',0,1318,1318,'en',10,140),
('user',0,1318,1318,'en',11,44),
('user',0,1318,1318,'en',12,142),
('user',0,1318,1318,'en',13,145),
('user',0,1318,1318,'en',14,146),
('user',0,1318,1318,'en',15,42),
('user',0,1318,1318,'en',16,150),
('user',0,1319,1319,'en',0,43),
('user',0,1319,1319,'en',1,132),
('user',0,1319,1319,'en',2,133),
('user',0,1319,1319,'en',3,137),
('user',0,1319,1319,'en',4,152),
('user',0,1319,1319,'en',5,44),
('user',0,1319,1319,'en',6,145),
('user',0,1319,1319,'en',7,148),
('user',0,1320,1320,'en',0,130),
('user',0,1320,1320,'en',1,131),
('user',0,1320,1320,'en',2,43),
('user',0,1320,1320,'en',3,133),
('user',0,1320,1320,'en',4,151),
('user',0,1320,1320,'en',5,136),
('user',0,1320,1320,'en',6,154),
('user',0,1320,1320,'en',7,137),
('user',0,1320,1320,'en',8,138),
('user',0,1320,1320,'en',9,152),
('user',0,1320,1320,'en',10,141),
('user',0,1320,1320,'en',11,44),
('user',0,1320,1320,'en',12,142),
('user',0,1320,1320,'en',13,144),
('user',0,1320,1320,'en',14,145),
('user',0,1320,1320,'en',15,146),
('user',0,1320,1320,'en',16,205),
('user',0,1321,1321,'en',0,130),
('user',0,1321,1321,'en',1,131),
('user',0,1321,1321,'en',2,43),
('user',0,1321,1321,'en',3,132),
('user',0,1321,1321,'en',4,134),
('user',0,1321,1321,'en',5,137),
('user',0,1321,1321,'en',6,138),
('user',0,1321,1321,'en',7,140),
('user',0,1321,1321,'en',8,199),
('user',0,1321,1321,'en',9,44),
('user',0,1321,1321,'en',10,144),
('user',0,1321,1321,'en',11,147),
('user',0,1321,1321,'en',12,205),
('user',0,1321,1321,'en',13,153),
('user',0,1321,1321,'en',14,150),
('user',0,1322,1322,'en',0,188),
('user',0,1322,1322,'en',1,131),
('user',0,1322,1322,'en',2,43),
('user',0,1322,1322,'en',3,132),
('user',0,1322,1322,'en',4,133),
('user',0,1322,1322,'en',5,135),
('user',0,1322,1322,'en',6,134),
('user',0,1322,1322,'en',7,137),
('user',0,1322,1322,'en',8,139),
('user',0,1322,1322,'en',9,140),
('user',0,1322,1322,'en',10,44),
('user',0,1322,1322,'en',11,143),
('user',0,1322,1322,'en',12,145),
('user',0,1322,1322,'en',13,146),
('user',0,1322,1322,'en',14,42),
('user',0,1322,1322,'en',15,153),
('user',0,1322,1322,'en',16,150),
('user',0,1324,1324,'en',0,188),
('user',0,1324,1324,'en',1,131),
('user',0,1324,1324,'en',2,43),
('user',0,1324,1324,'en',3,132),
('user',0,1324,1324,'en',4,133),
('user',0,1324,1324,'en',5,156),
('user',0,1324,1324,'en',6,136),
('user',0,1324,1324,'en',7,154),
('user',0,1324,1324,'en',8,137),
('user',0,1324,1324,'en',9,138),
('user',0,1324,1324,'en',10,139),
('user',0,1324,1324,'en',11,199),
('user',0,1324,1324,'en',12,44),
('user',0,1324,1324,'en',13,142),
('user',0,1324,1324,'en',14,143),
('user',0,1324,1324,'en',15,169),
('user',0,1324,1324,'en',16,144),
('user',0,1324,1324,'en',17,145),
('user',0,1324,1324,'en',18,146),
('user',0,1324,1324,'en',19,42),
('user',0,1324,1324,'en',20,148),
('user',0,1324,1324,'en',21,149),
('user',0,1324,1324,'en',22,205),
('user',0,1324,1324,'en',23,150),
('user',0,1325,1325,'en',0,188),
('user',0,1325,1325,'en',1,131),
('user',0,1325,1325,'en',2,43),
('user',0,1325,1325,'en',3,132),
('user',0,1325,1325,'en',4,133),
('user',0,1325,1325,'en',5,135),
('user',0,1325,1325,'en',6,134),
('user',0,1325,1325,'en',7,136),
('user',0,1325,1325,'en',8,154),
('user',0,1325,1325,'en',9,137),
('user',0,1325,1325,'en',10,138),
('user',0,1325,1325,'en',11,152),
('user',0,1325,1325,'en',12,140),
('user',0,1325,1325,'en',13,199),
('user',0,1325,1325,'en',14,44),
('user',0,1325,1325,'en',15,142),
('user',0,1325,1325,'en',16,143),
('user',0,1325,1325,'en',17,144),
('user',0,1325,1325,'en',18,145),
('user',0,1325,1325,'en',19,146),
('user',0,1325,1325,'en',20,147),
('user',0,1325,1325,'en',21,42),
('user',0,1325,1325,'en',22,148),
('user',0,1325,1325,'en',23,149),
('user',0,1325,1325,'en',24,205),
('user',0,1325,1325,'en',25,153),
('user',0,1325,1325,'en',26,150),
('user',0,1326,1326,'en',0,131),
('user',0,1326,1326,'en',1,43),
('user',0,1326,1326,'en',2,133),
('user',0,1326,1326,'en',3,135),
('user',0,1326,1326,'en',4,134),
('user',0,1326,1326,'en',5,136),
('user',0,1326,1326,'en',6,137),
('user',0,1326,1326,'en',7,140),
('user',0,1326,1326,'en',8,42),
('user',0,1328,1328,'en',0,131),
('user',0,1328,1328,'en',1,133),
('user',0,1328,1328,'en',2,136),
('user',0,1328,1328,'en',3,154),
('user',0,1328,1328,'en',4,44),
('user',0,1329,1329,'en',0,131),
('user',0,1329,1329,'en',1,43),
('user',0,1329,1329,'en',2,135),
('user',0,1329,1329,'en',3,134),
('user',0,1329,1329,'en',4,137),
('user',0,1329,1329,'en',5,139),
('user',0,1329,1329,'en',6,152),
('user',0,1329,1329,'en',7,140),
('user',0,1329,1329,'en',8,44),
('user',0,1329,1329,'en',9,144),
('user',0,1329,1329,'en',10,145),
('user',0,1329,1329,'en',11,146),
('user',0,1329,1329,'en',12,147),
('user',0,1329,1329,'en',13,42),
('user',0,1329,1329,'en',14,148),
('user',0,1330,1330,'en',0,131),
('user',0,1330,1330,'en',1,43),
('user',0,1330,1330,'en',2,132),
('user',0,1330,1330,'en',3,133),
('user',0,1330,1330,'en',4,135),
('user',0,1330,1330,'en',5,134),
('user',0,1330,1330,'en',6,136),
('user',0,1330,1330,'en',7,138),
('user',0,1330,1330,'en',8,140),
('user',0,1330,1330,'en',9,44),
('user',0,1330,1330,'en',10,143),
('user',0,1330,1330,'en',11,144),
('user',0,1330,1330,'en',12,145),
('user',0,1330,1330,'en',13,146),
('user',0,1331,1331,'en',0,131),
('user',0,1331,1331,'en',1,132),
('user',0,1331,1331,'en',2,133),
('user',0,1331,1331,'en',3,134),
('user',0,1331,1331,'en',4,139),
('user',0,1331,1331,'en',5,140),
('user',0,1331,1331,'en',6,141),
('user',0,1331,1331,'en',7,44),
('user',0,1331,1331,'en',8,144),
('user',0,1331,1331,'en',9,145),
('user',0,1331,1331,'en',10,147),
('user',0,1331,1331,'en',11,42),
('user',0,1331,1331,'en',12,148),
('user',0,1331,1331,'en',13,149),
('user',0,1331,1331,'en',14,153),
('user',0,1332,1332,'en',0,131),
('user',0,1332,1332,'en',1,43),
('user',0,1332,1332,'en',2,132),
('user',0,1332,1332,'en',3,133),
('user',0,1332,1332,'en',4,135),
('user',0,1332,1332,'en',5,154),
('user',0,1332,1332,'en',6,137),
('user',0,1332,1332,'en',7,138),
('user',0,1332,1332,'en',8,44),
('user',0,1332,1332,'en',9,143),
('user',0,1332,1332,'en',10,144),
('user',0,1332,1332,'en',11,145),
('user',0,1332,1332,'en',12,147),
('user',0,1332,1332,'en',13,42),
('user',0,1332,1332,'en',14,148),
('user',0,1332,1332,'en',15,149),
('user',0,1332,1332,'en',16,205),
('user',0,1332,1332,'en',17,153),
('user',0,1332,1332,'en',18,150),
('user',0,1337,1337,'en',0,132),
('user',0,1337,1337,'en',1,133),
('user',0,1337,1337,'en',2,151),
('user',0,1338,1338,'en',0,130),
('user',0,1338,1338,'en',1,131),
('user',0,1338,1338,'en',2,132),
('user',0,1338,1338,'en',3,133),
('user',0,1338,1338,'en',4,135),
('user',0,1338,1338,'en',5,134),
('user',0,1338,1338,'en',6,154),
('user',0,1338,1338,'en',7,137),
('user',0,1338,1338,'en',8,152),
('user',0,1338,1338,'en',9,140),
('user',0,1338,1338,'en',10,199),
('user',0,1338,1338,'en',11,148),
('user',0,1338,1338,'en',12,205),
('user',0,1339,1339,'en',0,130),
('user',0,1339,1339,'en',1,132),
('user',0,1339,1339,'en',2,133),
('user',0,1339,1339,'en',3,135),
('user',0,1339,1339,'en',4,138),
('user',0,1339,1339,'en',5,139),
('user',0,1339,1339,'en',6,142),
('user',0,1339,1339,'en',7,169),
('user',0,1339,1339,'en',8,145),
('user',0,1339,1339,'en',9,146),
('user',0,1340,1340,'en',0,131),
('user',0,1340,1340,'en',1,132),
('user',0,1340,1340,'en',2,151),
('user',0,1340,1340,'en',3,135),
('user',0,1340,1340,'en',4,134),
('user',0,1340,1340,'en',5,154),
('user',0,1340,1340,'en',6,137),
('user',0,1340,1340,'en',7,138),
('user',0,1340,1340,'en',8,139),
('user',0,1340,1340,'en',9,152),
('user',0,1340,1340,'en',10,140),
('user',0,1340,1340,'en',11,199),
('user',0,1340,1340,'en',12,44),
('user',0,1340,1340,'en',13,143),
('user',0,1340,1340,'en',14,169),
('user',0,1340,1340,'en',15,144),
('user',0,1340,1340,'en',16,146),
('user',0,1340,1340,'en',17,42),
('user',0,1340,1340,'en',18,148),
('user',0,1340,1340,'en',19,149),
('user',0,1340,1340,'en',20,150),
('user',0,1341,1341,'en',0,130),
('user',0,1341,1341,'en',1,188),
('user',0,1341,1341,'en',2,131),
('user',0,1341,1341,'en',3,43),
('user',0,1341,1341,'en',4,132),
('user',0,1341,1341,'en',5,133),
('user',0,1341,1341,'en',6,151),
('user',0,1341,1341,'en',7,135),
('user',0,1341,1341,'en',8,134),
('user',0,1341,1341,'en',9,156),
('user',0,1341,1341,'en',10,136),
('user',0,1341,1341,'en',11,154),
('user',0,1341,1341,'en',12,137),
('user',0,1341,1341,'en',13,138),
('user',0,1341,1341,'en',14,139),
('user',0,1341,1341,'en',15,152),
('user',0,1341,1341,'en',16,140),
('user',0,1341,1341,'en',17,199),
('user',0,1341,1341,'en',18,141),
('user',0,1341,1341,'en',19,44),
('user',0,1341,1341,'en',20,142),
('user',0,1341,1341,'en',21,143),
('user',0,1341,1341,'en',22,169),
('user',0,1341,1341,'en',23,144),
('user',0,1341,1341,'en',24,145),
('user',0,1341,1341,'en',25,146),
('user',0,1341,1341,'en',26,147),
('user',0,1341,1341,'en',27,42),
('user',0,1341,1341,'en',28,148),
('user',0,1341,1341,'en',29,149),
('user',0,1341,1341,'en',30,205),
('user',0,1341,1341,'en',31,153),
('user',0,1341,1341,'en',32,150),
('user',0,1342,1342,'en',0,132),
('user',0,1342,1342,'en',1,133),
('user',0,1342,1342,'en',2,169),
('user',0,1342,1342,'en',3,145),
('user',0,1342,1342,'en',4,42),
('user',0,1342,1342,'en',5,148),
('user',0,1342,1342,'en',6,205),
('user',0,1344,1344,'en',0,130),
('user',0,1344,1344,'en',1,131),
('user',0,1344,1344,'en',2,43),
('user',0,1344,1344,'en',3,132),
('user',0,1344,1344,'en',4,133),
('user',0,1344,1344,'en',5,135),
('user',0,1344,1344,'en',6,134),
('user',0,1344,1344,'en',7,136),
('user',0,1344,1344,'en',8,139),
('user',0,1344,1344,'en',9,152),
('user',0,1344,1344,'en',10,140),
('user',0,1344,1344,'en',11,199),
('user',0,1344,1344,'en',12,44),
('user',0,1344,1344,'en',13,142),
('user',0,1344,1344,'en',14,143),
('user',0,1344,1344,'en',15,144),
('user',0,1344,1344,'en',16,146),
('user',0,1344,1344,'en',17,147),
('user',0,1344,1344,'en',18,42),
('user',0,1344,1344,'en',19,148),
('user',0,1344,1344,'en',20,149),
('user',0,1344,1344,'en',21,153),
('user',0,1344,1344,'en',22,150),
('user',0,1345,1345,'en',0,130),
('user',0,1345,1345,'en',1,131),
('user',0,1345,1345,'en',2,43),
('user',0,1345,1345,'en',3,132),
('user',0,1345,1345,'en',4,151),
('user',0,1345,1345,'en',5,134),
('user',0,1345,1345,'en',6,156),
('user',0,1345,1345,'en',7,154),
('user',0,1345,1345,'en',8,137),
('user',0,1345,1345,'en',9,138),
('user',0,1345,1345,'en',10,139),
('user',0,1345,1345,'en',11,152),
('user',0,1345,1345,'en',12,140),
('user',0,1345,1345,'en',13,199),
('user',0,1345,1345,'en',14,141),
('user',0,1345,1345,'en',15,44),
('user',0,1345,1345,'en',16,143),
('user',0,1345,1345,'en',17,169),
('user',0,1345,1345,'en',18,144),
('user',0,1345,1345,'en',19,145),
('user',0,1345,1345,'en',20,42),
('user',0,1345,1345,'en',21,148),
('user',0,1345,1345,'en',22,149),
('user',0,1345,1345,'en',23,205),
('user',0,1346,1346,'en',0,130),
('user',0,1346,1346,'en',1,188),
('user',0,1346,1346,'en',2,131),
('user',0,1346,1346,'en',3,43),
('user',0,1346,1346,'en',4,132),
('user',0,1346,1346,'en',5,151),
('user',0,1346,1346,'en',6,135),
('user',0,1346,1346,'en',7,134),
('user',0,1346,1346,'en',8,136),
('user',0,1346,1346,'en',9,154),
('user',0,1346,1346,'en',10,137),
('user',0,1346,1346,'en',11,138),
('user',0,1346,1346,'en',12,139),
('user',0,1346,1346,'en',13,152),
('user',0,1346,1346,'en',14,140),
('user',0,1346,1346,'en',15,199),
('user',0,1346,1346,'en',16,44),
('user',0,1346,1346,'en',17,143),
('user',0,1346,1346,'en',18,169),
('user',0,1346,1346,'en',19,144),
('user',0,1346,1346,'en',20,205),
('user',0,1346,1346,'en',21,153),
('user',0,1346,1346,'en',22,150),
('user',0,1347,1347,'en',0,130),
('user',0,1347,1347,'en',1,131),
('user',0,1347,1347,'en',2,132),
('user',0,1347,1347,'en',3,151),
('user',0,1347,1347,'en',4,154),
('user',0,1347,1347,'en',5,138),
('user',0,1347,1347,'en',6,152),
('user',0,1347,1347,'en',7,143),
('user',0,1347,1347,'en',8,144),
('user',0,1347,1347,'en',9,145),
('user',0,1347,1347,'en',10,148),
('user',0,1347,1347,'en',11,205),
('user',0,1347,1347,'en',12,153),
('user',0,1347,1347,'en',13,150),
('user',0,1349,1349,'en',0,131),
('user',0,1349,1349,'en',1,134),
('user',0,1349,1349,'en',2,154),
('user',0,1349,1349,'en',3,137),
('user',0,1349,1349,'en',4,139),
('user',0,1349,1349,'en',5,152),
('user',0,1349,1349,'en',6,140),
('user',0,1349,1349,'en',7,199),
('user',0,1349,1349,'en',8,44),
('user',0,1349,1349,'en',9,143),
('user',0,1349,1349,'en',10,144),
('user',0,1349,1349,'en',11,145),
('user',0,1349,1349,'en',12,148),
('user',0,1349,1349,'en',13,149),
('user',0,1351,1351,'en',0,130),
('user',0,1351,1351,'en',1,188),
('user',0,1351,1351,'en',2,131),
('user',0,1351,1351,'en',3,43),
('user',0,1351,1351,'en',4,132),
('user',0,1351,1351,'en',5,133),
('user',0,1351,1351,'en',6,151),
('user',0,1351,1351,'en',7,135),
('user',0,1351,1351,'en',8,134),
('user',0,1351,1351,'en',9,136),
('user',0,1351,1351,'en',10,154),
('user',0,1351,1351,'en',11,137),
('user',0,1351,1351,'en',12,138),
('user',0,1351,1351,'en',13,139),
('user',0,1351,1351,'en',14,152),
('user',0,1351,1351,'en',15,140),
('user',0,1351,1351,'en',16,199),
('user',0,1351,1351,'en',17,141),
('user',0,1351,1351,'en',18,44),
('user',0,1351,1351,'en',19,142),
('user',0,1351,1351,'en',20,143),
('user',0,1351,1351,'en',21,169),
('user',0,1351,1351,'en',22,144),
('user',0,1351,1351,'en',23,145),
('user',0,1351,1351,'en',24,146),
('user',0,1351,1351,'en',25,42),
('user',0,1351,1351,'en',26,148),
('user',0,1351,1351,'en',27,149),
('user',0,1351,1351,'en',28,205),
('user',0,1351,1351,'en',29,153),
('user',0,1351,1351,'en',30,150),
('user',0,1352,1352,'en',0,188),
('user',0,1352,1352,'en',1,131),
('user',0,1352,1352,'en',2,132),
('user',0,1352,1352,'en',3,151),
('user',0,1352,1352,'en',4,135),
('user',0,1352,1352,'en',5,199),
('user',0,1352,1352,'en',6,141),
('user',0,1352,1352,'en',7,44),
('user',0,1352,1352,'en',8,143),
('user',0,1352,1352,'en',9,144),
('user',0,1352,1352,'en',10,145),
('user',0,1352,1352,'en',11,146),
('user',0,1352,1352,'en',12,42),
('user',0,1352,1352,'en',13,148),
('user',0,1352,1352,'en',14,149),
('user',0,1352,1352,'en',15,150),
('user',0,1353,1353,'en',0,131),
('user',0,1353,1353,'en',1,43),
('user',0,1353,1353,'en',2,132),
('user',0,1353,1353,'en',3,133),
('user',0,1353,1353,'en',4,134),
('user',0,1353,1353,'en',5,136),
('user',0,1353,1353,'en',6,137),
('user',0,1353,1353,'en',7,153),
('user',0,1354,1354,'en',0,131),
('user',0,1354,1354,'en',1,43),
('user',0,1354,1354,'en',2,140),
('user',0,1355,1355,'en',0,131),
('user',0,1355,1355,'en',1,43),
('user',0,1355,1355,'en',2,137),
('user',0,1355,1355,'en',3,138),
('user',0,1355,1355,'en',4,44),
('user',0,1355,1355,'en',5,144),
('user',0,1355,1355,'en',6,146),
('user',0,1355,1355,'en',7,42),
('user',0,1355,1355,'en',8,148),
('user',0,1355,1355,'en',9,150),
('user',0,1356,1356,'en',0,130),
('user',0,1356,1356,'en',1,131),
('user',0,1356,1356,'en',2,43),
('user',0,1356,1356,'en',3,132),
('user',0,1356,1356,'en',4,133),
('user',0,1356,1356,'en',5,151),
('user',0,1356,1356,'en',6,135),
('user',0,1356,1356,'en',7,134),
('user',0,1356,1356,'en',8,136),
('user',0,1356,1356,'en',9,154),
('user',0,1356,1356,'en',10,137),
('user',0,1356,1356,'en',11,138),
('user',0,1356,1356,'en',12,139),
('user',0,1356,1356,'en',13,152),
('user',0,1356,1356,'en',14,140),
('user',0,1356,1356,'en',15,199),
('user',0,1356,1356,'en',16,141),
('user',0,1356,1356,'en',17,44),
('user',0,1356,1356,'en',18,142),
('user',0,1356,1356,'en',19,143),
('user',0,1356,1356,'en',20,169),
('user',0,1356,1356,'en',21,144),
('user',0,1356,1356,'en',22,145),
('user',0,1356,1356,'en',23,146),
('user',0,1356,1356,'en',24,42),
('user',0,1356,1356,'en',25,148),
('user',0,1356,1356,'en',26,149),
('user',0,1356,1356,'en',27,205),
('user',0,1356,1356,'en',28,153),
('user',0,1356,1356,'en',29,150),
('user',0,1357,1357,'en',0,130),
('user',0,1357,1357,'en',1,131),
('user',0,1357,1357,'en',2,43),
('user',0,1357,1357,'en',3,132),
('user',0,1357,1357,'en',4,133),
('user',0,1357,1357,'en',5,151),
('user',0,1357,1357,'en',6,135),
('user',0,1357,1357,'en',7,134),
('user',0,1357,1357,'en',8,136),
('user',0,1357,1357,'en',9,154),
('user',0,1357,1357,'en',10,137),
('user',0,1357,1357,'en',11,138),
('user',0,1357,1357,'en',12,139),
('user',0,1357,1357,'en',13,152),
('user',0,1357,1357,'en',14,140),
('user',0,1357,1357,'en',15,199),
('user',0,1357,1357,'en',16,141),
('user',0,1357,1357,'en',17,44),
('user',0,1357,1357,'en',18,142),
('user',0,1357,1357,'en',19,143),
('user',0,1357,1357,'en',20,169),
('user',0,1357,1357,'en',21,144),
('user',0,1357,1357,'en',22,145),
('user',0,1357,1357,'en',23,146),
('user',0,1357,1357,'en',24,42),
('user',0,1357,1357,'en',25,148),
('user',0,1357,1357,'en',26,149),
('user',0,1357,1357,'en',27,205),
('user',0,1357,1357,'en',28,153),
('user',0,1357,1357,'en',29,150),
('user',0,1358,1358,'en',0,130),
('user',0,1359,1359,'en',0,130),
('user',0,1359,1359,'en',1,131),
('user',0,1359,1359,'en',2,142),
('user',0,1359,1359,'en',3,147),
('user',0,1361,1361,'en',0,130),
('user',0,1361,1361,'en',1,131),
('user',0,1361,1361,'en',2,43),
('user',0,1361,1361,'en',3,133),
('user',0,1361,1361,'en',4,134),
('user',0,1361,1361,'en',5,138),
('user',0,1361,1361,'en',6,152),
('user',0,1361,1361,'en',7,44),
('user',0,1361,1361,'en',8,169),
('user',0,1362,1362,'en',0,130),
('user',0,1362,1362,'en',1,188),
('user',0,1362,1362,'en',2,221),
('user',0,1362,1362,'en',3,131),
('user',0,1362,1362,'en',4,43),
('user',0,1362,1362,'en',5,132),
('user',0,1362,1362,'en',6,133),
('user',0,1362,1362,'en',7,151),
('user',0,1362,1362,'en',8,135),
('user',0,1362,1362,'en',9,134),
('user',0,1362,1362,'en',10,136),
('user',0,1362,1362,'en',11,154),
('user',0,1362,1362,'en',12,137),
('user',0,1362,1362,'en',13,138),
('user',0,1362,1362,'en',14,139),
('user',0,1362,1362,'en',15,152),
('user',0,1362,1362,'en',16,140),
('user',0,1362,1362,'en',17,227),
('user',0,1362,1362,'en',18,199),
('user',0,1362,1362,'en',19,141),
('user',0,1362,1362,'en',20,44),
('user',0,1362,1362,'en',21,143),
('user',0,1362,1362,'en',22,169),
('user',0,1362,1362,'en',23,144),
('user',0,1362,1362,'en',24,145),
('user',0,1362,1362,'en',25,146),
('user',0,1362,1362,'en',26,147),
('user',0,1362,1362,'en',27,42),
('user',0,1362,1362,'en',28,148),
('user',0,1362,1362,'en',29,149),
('user',0,1362,1362,'en',30,205),
('user',0,1362,1362,'en',31,153),
('user',0,1362,1362,'en',32,150),
('user',0,1363,1363,'en',0,130),
('user',0,1363,1363,'en',1,188),
('user',0,1363,1363,'en',2,131),
('user',0,1363,1363,'en',3,43),
('user',0,1363,1363,'en',4,132),
('user',0,1363,1363,'en',5,133),
('user',0,1363,1363,'en',6,135),
('user',0,1363,1363,'en',7,134),
('user',0,1363,1363,'en',8,154),
('user',0,1363,1363,'en',9,137),
('user',0,1363,1363,'en',10,138),
('user',0,1363,1363,'en',11,152),
('user',0,1363,1363,'en',12,140),
('user',0,1363,1363,'en',13,141),
('user',0,1363,1363,'en',14,44),
('user',0,1363,1363,'en',15,142),
('user',0,1363,1363,'en',16,143),
('user',0,1363,1363,'en',17,169),
('user',0,1363,1363,'en',18,144),
('user',0,1363,1363,'en',19,146),
('user',0,1363,1363,'en',20,42),
('user',0,1363,1363,'en',21,148),
('user',0,1363,1363,'en',22,205),
('user',0,1363,1363,'en',23,153),
('user',0,1363,1363,'en',24,150),
('user',0,1364,1364,'en',0,134),
('user',0,1364,1364,'en',1,140),
('user',0,1364,1364,'en',2,44),
('user',0,1364,1364,'en',3,147),
('user',0,1364,1364,'en',4,150),
('user',0,1367,1367,'en',0,130),
('user',0,1367,1367,'en',1,188),
('user',0,1367,1367,'en',2,131),
('user',0,1367,1367,'en',3,43),
('user',0,1367,1367,'en',4,132),
('user',0,1367,1367,'en',5,133),
('user',0,1367,1367,'en',6,135),
('user',0,1367,1367,'en',7,134),
('user',0,1367,1367,'en',8,136),
('user',0,1367,1367,'en',9,154),
('user',0,1367,1367,'en',10,137),
('user',0,1367,1367,'en',11,138),
('user',0,1367,1367,'en',12,139),
('user',0,1367,1367,'en',13,152),
('user',0,1367,1367,'en',14,140),
('user',0,1367,1367,'en',15,199),
('user',0,1367,1367,'en',16,141),
('user',0,1367,1367,'en',17,44),
('user',0,1367,1367,'en',18,143),
('user',0,1367,1367,'en',19,169),
('user',0,1367,1367,'en',20,144),
('user',0,1367,1367,'en',21,145),
('user',0,1367,1367,'en',22,146),
('user',0,1367,1367,'en',23,147),
('user',0,1367,1367,'en',24,42),
('user',0,1367,1367,'en',25,148),
('user',0,1367,1367,'en',26,149),
('user',0,1367,1367,'en',27,205),
('user',0,1367,1367,'en',28,153),
('user',0,1367,1367,'en',29,150),
('user',0,1369,1369,'en',0,131),
('user',0,1369,1369,'en',1,43),
('user',0,1369,1369,'en',2,132),
('user',0,1369,1369,'en',3,133),
('user',0,1369,1369,'en',4,151),
('user',0,1369,1369,'en',5,135),
('user',0,1369,1369,'en',6,134),
('user',0,1369,1369,'en',7,136),
('user',0,1369,1369,'en',8,137),
('user',0,1369,1369,'en',9,138),
('user',0,1369,1369,'en',10,139),
('user',0,1369,1369,'en',11,152),
('user',0,1369,1369,'en',12,140),
('user',0,1369,1369,'en',13,199),
('user',0,1369,1369,'en',14,44),
('user',0,1369,1369,'en',15,143),
('user',0,1369,1369,'en',16,144),
('user',0,1369,1369,'en',17,145),
('user',0,1369,1369,'en',18,146),
('user',0,1369,1369,'en',19,147),
('user',0,1369,1369,'en',20,42),
('user',0,1369,1369,'en',21,148),
('user',0,1369,1369,'en',22,153),
('user',0,1370,1370,'en',0,131),
('user',0,1370,1370,'en',1,132),
('user',0,1370,1370,'en',2,133),
('user',0,1370,1370,'en',3,135),
('user',0,1370,1370,'en',4,134),
('user',0,1370,1370,'en',5,154),
('user',0,1370,1370,'en',6,152),
('user',0,1370,1370,'en',7,140),
('user',0,1370,1370,'en',8,44),
('user',0,1370,1370,'en',9,143),
('user',0,1370,1370,'en',10,144),
('user',0,1370,1370,'en',11,145),
('user',0,1370,1370,'en',12,205),
('user',0,1371,1371,'en',0,43),
('user',0,1371,1371,'en',1,133),
('user',0,1371,1371,'en',2,134),
('user',0,1371,1371,'en',3,154),
('user',0,1371,1371,'en',4,137),
('user',0,1371,1371,'en',5,138),
('user',0,1371,1371,'en',6,140),
('user',0,1371,1371,'en',7,44),
('user',0,1373,1373,'en',0,131),
('user',0,1373,1373,'en',1,133),
('user',0,1373,1373,'en',2,136),
('user',0,1373,1373,'en',3,152),
('user',0,1373,1373,'en',4,140),
('user',0,1373,1373,'en',5,144),
('user',0,1375,1375,'en',0,188),
('user',0,1375,1375,'en',1,131),
('user',0,1375,1375,'en',2,43),
('user',0,1375,1375,'en',3,132),
('user',0,1375,1375,'en',4,133),
('user',0,1375,1375,'en',5,151),
('user',0,1375,1375,'en',6,135),
('user',0,1375,1375,'en',7,134),
('user',0,1375,1375,'en',8,156),
('user',0,1375,1375,'en',9,136),
('user',0,1375,1375,'en',10,137),
('user',0,1375,1375,'en',11,138),
('user',0,1375,1375,'en',12,139),
('user',0,1375,1375,'en',13,152),
('user',0,1375,1375,'en',14,140),
('user',0,1375,1375,'en',15,199),
('user',0,1375,1375,'en',16,141),
('user',0,1375,1375,'en',17,44),
('user',0,1375,1375,'en',18,142),
('user',0,1375,1375,'en',19,143),
('user',0,1375,1375,'en',20,169),
('user',0,1375,1375,'en',21,144),
('user',0,1375,1375,'en',22,145),
('user',0,1375,1375,'en',23,146),
('user',0,1375,1375,'en',24,147),
('user',0,1375,1375,'en',25,148),
('user',0,1375,1375,'en',26,149),
('user',0,1375,1375,'en',27,205),
('user',0,1375,1375,'en',28,153),
('user',0,1377,1377,'en',0,130),
('user',0,1377,1377,'en',1,188),
('user',0,1377,1377,'en',2,131),
('user',0,1377,1377,'en',3,43),
('user',0,1377,1377,'en',4,132),
('user',0,1377,1377,'en',5,133),
('user',0,1377,1377,'en',6,151),
('user',0,1377,1377,'en',7,135),
('user',0,1377,1377,'en',8,134),
('user',0,1377,1377,'en',9,156),
('user',0,1377,1377,'en',10,136),
('user',0,1377,1377,'en',11,154),
('user',0,1377,1377,'en',12,137),
('user',0,1377,1377,'en',13,138),
('user',0,1377,1377,'en',14,139),
('user',0,1377,1377,'en',15,152),
('user',0,1377,1377,'en',16,140),
('user',0,1377,1377,'en',17,199),
('user',0,1377,1377,'en',18,141),
('user',0,1377,1377,'en',19,44),
('user',0,1377,1377,'en',20,142),
('user',0,1377,1377,'en',21,143),
('user',0,1377,1377,'en',22,169),
('user',0,1377,1377,'en',23,144),
('user',0,1377,1377,'en',24,145),
('user',0,1377,1377,'en',25,146),
('user',0,1377,1377,'en',26,147),
('user',0,1377,1377,'en',27,42),
('user',0,1377,1377,'en',28,148),
('user',0,1377,1377,'en',29,149),
('user',0,1377,1377,'en',30,153),
('user',0,1377,1377,'en',31,150),
('user',0,1378,1378,'en',0,130),
('user',0,1378,1378,'en',1,131),
('user',0,1378,1378,'en',2,43),
('user',0,1378,1378,'en',3,132),
('user',0,1378,1378,'en',4,133),
('user',0,1378,1378,'en',5,135),
('user',0,1378,1378,'en',6,134),
('user',0,1378,1378,'en',7,154),
('user',0,1378,1378,'en',8,137),
('user',0,1378,1378,'en',9,138),
('user',0,1378,1378,'en',10,139),
('user',0,1378,1378,'en',11,140),
('user',0,1378,1378,'en',12,141),
('user',0,1378,1378,'en',13,44),
('user',0,1378,1378,'en',14,169),
('user',0,1378,1378,'en',15,144),
('user',0,1378,1378,'en',16,145),
('user',0,1378,1378,'en',17,146),
('user',0,1378,1378,'en',18,42),
('user',0,1378,1378,'en',19,148),
('user',0,1378,1378,'en',20,205),
('user',0,1378,1378,'en',21,150),
('user',0,1379,1379,'en',0,130),
('user',0,1379,1379,'en',1,132),
('user',0,1379,1379,'en',2,133),
('user',0,1379,1379,'en',3,135),
('user',0,1379,1379,'en',4,134),
('user',0,1379,1379,'en',5,154),
('user',0,1379,1379,'en',6,137),
('user',0,1379,1379,'en',7,152),
('user',0,1379,1379,'en',8,140),
('user',0,1379,1379,'en',9,199),
('user',0,1379,1379,'en',10,44),
('user',0,1379,1379,'en',11,169),
('user',0,1379,1379,'en',12,147),
('user',0,1379,1379,'en',13,205),
('user',0,1379,1379,'en',14,153),
('user',0,1379,1379,'en',15,150),
('user',0,1384,1384,'en',0,130),
('user',0,1384,1384,'en',1,188),
('user',0,1384,1384,'en',2,131),
('user',0,1384,1384,'en',3,43),
('user',0,1384,1384,'en',4,135),
('user',0,1384,1384,'en',5,134),
('user',0,1384,1384,'en',6,156),
('user',0,1384,1384,'en',7,154),
('user',0,1384,1384,'en',8,137),
('user',0,1384,1384,'en',9,138),
('user',0,1384,1384,'en',10,139),
('user',0,1384,1384,'en',11,140),
('user',0,1384,1384,'en',12,199),
('user',0,1384,1384,'en',13,141),
('user',0,1384,1384,'en',14,44),
('user',0,1384,1384,'en',15,142),
('user',0,1384,1384,'en',16,143),
('user',0,1384,1384,'en',17,169),
('user',0,1384,1384,'en',18,144),
('user',0,1384,1384,'en',19,145),
('user',0,1384,1384,'en',20,146),
('user',0,1384,1384,'en',21,147),
('user',0,1384,1384,'en',22,148),
('user',0,1384,1384,'en',23,149),
('user',0,1384,1384,'en',24,205),
('user',0,1384,1384,'en',25,153),
('user',0,1384,1384,'en',26,150),
('user',0,1386,1386,'en',0,130),
('user',0,1386,1386,'en',1,131),
('user',0,1386,1386,'en',2,43),
('user',0,1386,1386,'en',3,132),
('user',0,1386,1386,'en',4,133),
('user',0,1386,1386,'en',5,135),
('user',0,1386,1386,'en',6,134),
('user',0,1386,1386,'en',7,154),
('user',0,1386,1386,'en',8,137),
('user',0,1386,1386,'en',9,139),
('user',0,1386,1386,'en',10,140),
('user',0,1386,1386,'en',11,199),
('user',0,1386,1386,'en',12,44),
('user',0,1386,1386,'en',13,143),
('user',0,1386,1386,'en',14,169),
('user',0,1386,1386,'en',15,144),
('user',0,1386,1386,'en',16,146),
('user',0,1386,1386,'en',17,148),
('user',0,1386,1386,'en',18,149),
('user',0,1386,1386,'en',19,205),
('user',0,1386,1386,'en',20,150),
('user',0,1388,1388,'en',0,130),
('user',0,1388,1388,'en',1,131),
('user',0,1388,1388,'en',2,43),
('user',0,1388,1388,'en',3,132),
('user',0,1388,1388,'en',4,133),
('user',0,1388,1388,'en',5,135),
('user',0,1388,1388,'en',6,134),
('user',0,1388,1388,'en',7,154),
('user',0,1388,1388,'en',8,152),
('user',0,1388,1388,'en',9,140),
('user',0,1388,1388,'en',10,44),
('user',0,1388,1388,'en',11,143),
('user',0,1388,1388,'en',12,144),
('user',0,1388,1388,'en',13,148),
('user',0,1390,1390,'en',0,131),
('user',0,1390,1390,'en',1,43),
('user',0,1390,1390,'en',2,133),
('user',0,1390,1390,'en',3,137),
('user',0,1390,1390,'en',4,44),
('user',0,1390,1390,'en',5,144),
('user',0,1390,1390,'en',6,42),
('user',0,1391,1391,'en',0,130),
('user',0,1391,1391,'en',1,131),
('user',0,1391,1391,'en',2,43),
('user',0,1391,1391,'en',3,132),
('user',0,1391,1391,'en',4,133),
('user',0,1391,1391,'en',5,135),
('user',0,1391,1391,'en',6,134),
('user',0,1391,1391,'en',7,136),
('user',0,1391,1391,'en',8,154),
('user',0,1391,1391,'en',9,137),
('user',0,1391,1391,'en',10,138),
('user',0,1391,1391,'en',11,139),
('user',0,1391,1391,'en',12,140),
('user',0,1391,1391,'en',13,199),
('user',0,1391,1391,'en',14,141),
('user',0,1391,1391,'en',15,44),
('user',0,1391,1391,'en',16,143),
('user',0,1391,1391,'en',17,169),
('user',0,1391,1391,'en',18,144),
('user',0,1391,1391,'en',19,145),
('user',0,1391,1391,'en',20,146),
('user',0,1391,1391,'en',21,147),
('user',0,1391,1391,'en',22,42),
('user',0,1391,1391,'en',23,148),
('user',0,1391,1391,'en',24,149),
('user',0,1391,1391,'en',25,205),
('user',0,1391,1391,'en',26,153),
('user',0,1391,1391,'en',27,150),
('user',0,1393,1393,'en',0,221),
('user',0,1393,1393,'en',1,131),
('user',0,1393,1393,'en',2,132),
('user',0,1393,1393,'en',3,133),
('user',0,1393,1393,'en',4,151),
('user',0,1393,1393,'en',5,135),
('user',0,1393,1393,'en',6,134),
('user',0,1393,1393,'en',7,136),
('user',0,1393,1393,'en',8,154),
('user',0,1393,1393,'en',9,138),
('user',0,1393,1393,'en',10,139),
('user',0,1393,1393,'en',11,152),
('user',0,1393,1393,'en',12,140),
('user',0,1393,1393,'en',13,199),
('user',0,1393,1393,'en',14,44),
('user',0,1393,1393,'en',15,143),
('user',0,1393,1393,'en',16,169),
('user',0,1393,1393,'en',17,144),
('user',0,1393,1393,'en',18,145),
('user',0,1393,1393,'en',19,146),
('user',0,1393,1393,'en',20,148),
('user',0,1393,1393,'en',21,149),
('user',0,1393,1393,'en',22,205),
('user',0,1393,1393,'en',23,153),
('user',0,1393,1393,'en',24,150),
('user',0,1394,1394,'en',0,133),
('user',0,1394,1394,'en',1,134),
('user',0,1396,1396,'en',0,43),
('user',0,1396,1396,'en',1,133),
('user',0,1396,1396,'en',2,134),
('user',0,1396,1396,'en',3,136),
('user',0,1396,1396,'en',4,138),
('user',0,1396,1396,'en',5,152),
('user',0,1396,1396,'en',6,140),
('user',0,1396,1396,'en',7,148),
('user',0,1399,1399,'en',0,130),
('user',0,1399,1399,'en',1,132),
('user',0,1399,1399,'en',2,133),
('user',0,1399,1399,'en',3,151),
('user',0,1399,1399,'en',4,136),
('user',0,1399,1399,'en',5,154),
('user',0,1399,1399,'en',6,138),
('user',0,1399,1399,'en',7,139),
('user',0,1399,1399,'en',8,152),
('user',0,1399,1399,'en',9,44),
('user',0,1399,1399,'en',10,145),
('user',0,1399,1399,'en',11,146),
('user',0,1399,1399,'en',12,42),
('user',0,1402,1402,'en',0,130),
('user',0,1402,1402,'en',1,131),
('user',0,1402,1402,'en',2,43),
('user',0,1402,1402,'en',3,132),
('user',0,1402,1402,'en',4,151),
('user',0,1402,1402,'en',5,135),
('user',0,1402,1402,'en',6,134),
('user',0,1402,1402,'en',7,154),
('user',0,1402,1402,'en',8,138),
('user',0,1402,1402,'en',9,140),
('user',0,1402,1402,'en',10,199),
('user',0,1402,1402,'en',11,44),
('user',0,1402,1402,'en',12,142),
('user',0,1402,1402,'en',13,143),
('user',0,1402,1402,'en',14,169),
('user',0,1402,1402,'en',15,148),
('user',0,1402,1402,'en',16,150),
('user',0,1403,1403,'en',0,130),
('user',0,1403,1403,'en',1,131),
('user',0,1403,1403,'en',2,43),
('user',0,1403,1403,'en',3,132),
('user',0,1403,1403,'en',4,133),
('user',0,1403,1403,'en',5,135),
('user',0,1403,1403,'en',6,134),
('user',0,1403,1403,'en',7,154),
('user',0,1403,1403,'en',8,137),
('user',0,1403,1403,'en',9,138),
('user',0,1403,1403,'en',10,140),
('user',0,1403,1403,'en',11,44),
('user',0,1403,1403,'en',12,143),
('user',0,1403,1403,'en',13,144),
('user',0,1403,1403,'en',14,146),
('user',0,1403,1403,'en',15,153),
('user',0,1403,1403,'en',16,150),
('user',0,1405,1405,'en',0,130),
('user',0,1405,1405,'en',1,131),
('user',0,1405,1405,'en',2,43),
('user',0,1405,1405,'en',3,132),
('user',0,1405,1405,'en',4,133),
('user',0,1405,1405,'en',5,151),
('user',0,1405,1405,'en',6,134),
('user',0,1405,1405,'en',7,154),
('user',0,1405,1405,'en',8,138),
('user',0,1405,1405,'en',9,199),
('user',0,1405,1405,'en',10,169),
('user',0,1405,1405,'en',11,42),
('user',0,1405,1405,'en',12,148),
('user',0,1405,1405,'en',13,149),
('user',0,1405,1405,'en',14,153),
('user',0,1406,1406,'en',0,130),
('user',0,1406,1406,'en',1,131),
('user',0,1406,1406,'en',2,43),
('user',0,1406,1406,'en',3,132),
('user',0,1406,1406,'en',4,133),
('user',0,1406,1406,'en',5,151),
('user',0,1406,1406,'en',6,135),
('user',0,1406,1406,'en',7,134),
('user',0,1406,1406,'en',8,136),
('user',0,1406,1406,'en',9,154),
('user',0,1406,1406,'en',10,137),
('user',0,1406,1406,'en',11,138),
('user',0,1406,1406,'en',12,139),
('user',0,1406,1406,'en',13,152),
('user',0,1406,1406,'en',14,140),
('user',0,1406,1406,'en',15,199),
('user',0,1406,1406,'en',16,44),
('user',0,1406,1406,'en',17,143),
('user',0,1406,1406,'en',18,144),
('user',0,1406,1406,'en',19,145),
('user',0,1406,1406,'en',20,146),
('user',0,1406,1406,'en',21,42),
('user',0,1406,1406,'en',22,148),
('user',0,1406,1406,'en',23,149),
('user',0,1406,1406,'en',24,153),
('user',0,1406,1406,'en',25,150),
('user',0,1408,1408,'en',0,130),
('user',0,1408,1408,'en',1,131),
('user',0,1408,1408,'en',2,43),
('user',0,1408,1408,'en',3,133),
('user',0,1408,1408,'en',4,151),
('user',0,1408,1408,'en',5,135),
('user',0,1408,1408,'en',6,156),
('user',0,1408,1408,'en',7,136),
('user',0,1408,1408,'en',8,154),
('user',0,1408,1408,'en',9,137),
('user',0,1408,1408,'en',10,152),
('user',0,1408,1408,'en',11,140),
('user',0,1408,1408,'en',12,44),
('user',0,1408,1408,'en',13,142),
('user',0,1408,1408,'en',14,143),
('user',0,1408,1408,'en',15,145),
('user',0,1408,1408,'en',16,146),
('user',0,1408,1408,'en',17,205),
('user',0,1409,1409,'en',0,130),
('user',0,1409,1409,'en',1,131),
('user',0,1409,1409,'en',2,43),
('user',0,1409,1409,'en',3,132),
('user',0,1409,1409,'en',4,133),
('user',0,1409,1409,'en',5,151),
('user',0,1409,1409,'en',6,135),
('user',0,1409,1409,'en',7,134),
('user',0,1409,1409,'en',8,156),
('user',0,1409,1409,'en',9,136),
('user',0,1409,1409,'en',10,154),
('user',0,1409,1409,'en',11,137),
('user',0,1409,1409,'en',12,138),
('user',0,1409,1409,'en',13,152),
('user',0,1409,1409,'en',14,140),
('user',0,1409,1409,'en',15,199),
('user',0,1409,1409,'en',16,44),
('user',0,1409,1409,'en',17,143),
('user',0,1409,1409,'en',18,144),
('user',0,1409,1409,'en',19,145),
('user',0,1409,1409,'en',20,146),
('user',0,1409,1409,'en',21,147),
('user',0,1409,1409,'en',22,205),
('user',0,1409,1409,'en',23,153),
('user',0,1409,1409,'en',24,150),
('user',0,1410,1410,'en',0,43),
('user',0,1410,1410,'en',1,133),
('user',0,1410,1410,'en',2,134),
('user',0,1410,1410,'en',3,156),
('user',0,1410,1410,'en',4,138),
('user',0,1410,1410,'en',5,142),
('user',0,1410,1410,'en',6,150),
('user',0,1411,1411,'en',0,131),
('user',0,1411,1411,'en',1,132),
('user',0,1411,1411,'en',2,133),
('user',0,1411,1411,'en',3,151),
('user',0,1411,1411,'en',4,135),
('user',0,1411,1411,'en',5,134),
('user',0,1411,1411,'en',6,136),
('user',0,1411,1411,'en',7,154),
('user',0,1411,1411,'en',8,138),
('user',0,1411,1411,'en',9,139),
('user',0,1411,1411,'en',10,140),
('user',0,1411,1411,'en',11,44),
('user',0,1411,1411,'en',12,145),
('user',0,1411,1411,'en',13,146),
('user',0,1411,1411,'en',14,42),
('user',0,1411,1411,'en',15,148),
('user',0,1411,1411,'en',16,149),
('user',0,1411,1411,'en',17,150),
('user',0,1413,1413,'en',0,130),
('user',0,1413,1413,'en',1,131),
('user',0,1413,1413,'en',2,43),
('user',0,1413,1413,'en',3,132),
('user',0,1413,1413,'en',4,134),
('user',0,1413,1413,'en',5,136),
('user',0,1413,1413,'en',6,154),
('user',0,1413,1413,'en',7,137),
('user',0,1413,1413,'en',8,138),
('user',0,1413,1413,'en',9,140),
('user',0,1413,1413,'en',10,199),
('user',0,1413,1413,'en',11,44),
('user',0,1413,1413,'en',12,143),
('user',0,1413,1413,'en',13,169),
('user',0,1413,1413,'en',14,144),
('user',0,1413,1413,'en',15,42),
('user',0,1413,1413,'en',16,148),
('user',0,1413,1413,'en',17,149),
('user',0,1413,1413,'en',18,205),
('user',0,1413,1413,'en',19,153),
('user',0,1414,1414,'en',0,130),
('user',0,1414,1414,'en',1,131),
('user',0,1414,1414,'en',2,43),
('user',0,1414,1414,'en',3,132),
('user',0,1414,1414,'en',4,133),
('user',0,1414,1414,'en',5,151),
('user',0,1414,1414,'en',6,135),
('user',0,1414,1414,'en',7,134),
('user',0,1414,1414,'en',8,156),
('user',0,1414,1414,'en',9,136),
('user',0,1414,1414,'en',10,154),
('user',0,1414,1414,'en',11,137),
('user',0,1414,1414,'en',12,138),
('user',0,1414,1414,'en',13,152),
('user',0,1414,1414,'en',14,140),
('user',0,1414,1414,'en',15,143),
('user',0,1414,1414,'en',16,169),
('user',0,1414,1414,'en',17,144),
('user',0,1414,1414,'en',18,205),
('user',0,1415,1415,'en',0,43),
('user',0,1415,1415,'en',1,132),
('user',0,1415,1415,'en',2,133),
('user',0,1415,1415,'en',3,42),
('user',0,1416,1416,'en',0,130),
('user',0,1416,1416,'en',1,131),
('user',0,1416,1416,'en',2,43),
('user',0,1416,1416,'en',3,133),
('user',0,1416,1416,'en',4,134),
('user',0,1416,1416,'en',5,136),
('user',0,1416,1416,'en',6,137),
('user',0,1416,1416,'en',7,138),
('user',0,1416,1416,'en',8,139),
('user',0,1416,1416,'en',9,199),
('user',0,1416,1416,'en',10,44),
('user',0,1416,1416,'en',11,142),
('user',0,1416,1416,'en',12,144),
('user',0,1416,1416,'en',13,145),
('user',0,1416,1416,'en',14,146),
('user',0,1416,1416,'en',15,42),
('user',0,1416,1416,'en',16,148),
('user',0,1416,1416,'en',17,149),
('user',0,1416,1416,'en',18,150),
('user',0,1418,1418,'en',0,151),
